INSERT INTO
  `lab_requests` (
    `id`,
    `patient_id`,
    `doctor_id`,
    `test_name`,
    `status`,
    `date_time`
  )
VALUES
  (
    5,
    '7/2505/GOH',
    'Abiodun Salako',
    'widal test',
    'canceled',
    '2025-10-03 10:08:03'
  );
INSERT INTO
  `lab_requests` (
    `id`,
    `patient_id`,
    `doctor_id`,
    `test_name`,
    `status`,
    `date_time`
  )
VALUES
  (
    6,
    '6/2504/GOH',
    'Abiodun Salako',
    'widal test, PCV',
    'canceled',
    '2025-10-03 13:42:19'
  );
INSERT INTO
  `lab_requests` (
    `id`,
    `patient_id`,
    `doctor_id`,
    `test_name`,
    `status`,
    `date_time`
  )
VALUES
  (
    7,
    '9/2507/GOH',
    'Abiodun Salako',
    'widal test, mp',
    'canceled',
    '2025-10-03 16:37:32'
  );
INSERT INTO
  `lab_requests` (
    `id`,
    `patient_id`,
    `doctor_id`,
    `test_name`,
    `status`,
    `date_time`
  )
VALUES
  (
    8,
    '4/2504/GOH',
    'Abiodun Salako',
    'PCV, widal test',
    'canceled',
    '2025-10-04 07:08:51'
  );
INSERT INTO
  `lab_requests` (
    `id`,
    `patient_id`,
    `doctor_id`,
    `test_name`,
    `status`,
    `date_time`
  )
VALUES
  (
    9,
    '22/2508/GOH',
    'Abiodun Salako',
    'PCV',
    'canceled',
    '2025-11-16 10:05:30'
  );
INSERT INTO
  `lab_requests` (
    `id`,
    `patient_id`,
    `doctor_id`,
    `test_name`,
    `status`,
    `date_time`
  )
VALUES
  (
    10,
    '19/2507/GOH',
    'Abiodun Salako',
    'PCV',
    'canceled',
    '2025-11-16 10:27:58'
  );
INSERT INTO
  `lab_requests` (
    `id`,
    `patient_id`,
    `doctor_id`,
    `test_name`,
    `status`,
    `date_time`
  )
VALUES
  (
    11,
    '6/2504/GOH',
    'Abiodun Salako',
    'PCV',
    'canceled',
    '2025-11-25 09:22:54'
  );
INSERT INTO
  `lab_requests` (
    `id`,
    `patient_id`,
    `doctor_id`,
    `test_name`,
    `status`,
    `date_time`
  )
VALUES
  (
    12,
    '23/2510/GOH',
    'Abiodun Salako',
    'widal test',
    'canceled',
    '2025-12-24 16:19:55'
  );
INSERT INTO
  `lab_requests` (
    `id`,
    `patient_id`,
    `doctor_id`,
    `test_name`,
    `status`,
    `date_time`
  )
VALUES
  (
    13,
    '23/2510/GOH',
    'Abiodun Salako',
    'widal test',
    'canceled',
    '2025-12-25 07:36:14'
  );
INSERT INTO
  `lab_requests` (
    `id`,
    `patient_id`,
    `doctor_id`,
    `test_name`,
    `status`,
    `date_time`
  )
VALUES
  (
    14,
    '23/2510/GOH',
    'Abiodun Salako',
    'widal test',
    'canceled',
    '2025-12-25 08:08:52'
  );
INSERT INTO
  `lab_requests` (
    `id`,
    `patient_id`,
    `doctor_id`,
    `test_name`,
    `status`,
    `date_time`
  )
VALUES
  (
    15,
    '23/2510/GOH',
    'Abiodun Salako',
    'widal test',
    'pending',
    '2025-12-25 08:41:49'
  );
INSERT INTO
  `lab_requests` (
    `id`,
    `patient_id`,
    `doctor_id`,
    `test_name`,
    `status`,
    `date_time`
  )
VALUES
  (
    16,
    '23/2510/GOH',
    'Abiodun Salako',
    'PCV',
    'pending',
    '2025-12-25 15:12:39'
  );
INSERT INTO
  `lab_requests` (
    `id`,
    `patient_id`,
    `doctor_id`,
    `test_name`,
    `status`,
    `date_time`
  )
VALUES
  (
    17,
    '22/2508/GOH',
    'Abiodun Salako',
    'PCV',
    'pending',
    '2025-12-26 11:27:31'
  );
INSERT INTO
  `lab_requests` (
    `id`,
    `patient_id`,
    `doctor_id`,
    `test_name`,
    `status`,
    `date_time`
  )
VALUES
  (
    18,
    '7/2505/GOH',
    'Abiodun Salako',
    'mRDT',
    'pending',
    '2026-01-04 17:56:02'
  );

# ------------------------------------------------------------
# DATA DUMP FOR TABLE: lab_result_fields
# ------------------------------------------------------------


# ------------------------------------------------------------
# DATA DUMP FOR TABLE: lab_results
# ------------------------------------------------------------

INSERT INTO
  `lab_results` (
    `id`,
    `request_id`,
    `pt_id`,
    `signed_by`,
    `specimen`,
    `comment`,
    `date_time`
  )
VALUES
  (
    8,
    4,
    '10/2507/GOH',
    'Mopelola Ajasa',
    'blood',
    '',
    '2025-07-11 21:30:03'
  );
INSERT INTO
  `lab_results` (
    `id`,
    `request_id`,
    `pt_id`,
    `signed_by`,
    `specimen`,
    `comment`,
    `date_time`
  )
VALUES
  (
    9,
    3,
    '20/2508/GOH',
    'Abiodun Salako',
    'Blood',
    '',
    '2025-08-03 18:46:45'
  );
INSERT INTO
  `lab_results` (
    `id`,
    `request_id`,
    `pt_id`,
    `signed_by`,
    `specimen`,
    `comment`,
    `date_time`
  )
VALUES
  (
    10,
    3,
    '6/2504/GOH',
    'Abiodun Salako',
    'Blood',
    '',
    '2025-08-13 16:51:57'
  );
INSERT INTO
  `lab_results` (
    `id`,
    `request_id`,
    `pt_id`,
    `signed_by`,
    `specimen`,
    `comment`,
    `date_time`
  )
VALUES
  (
    11,
    10,
    '20/2508/GOH',
    'Abiodun Salako',
    '',
    '',
    '2025-08-14 09:21:43'
  );
INSERT INTO
  `lab_results` (
    `id`,
    `request_id`,
    `pt_id`,
    `signed_by`,
    `specimen`,
    `comment`,
    `date_time`
  )
VALUES
  (
    12,
    4,
    '10/2507/GOH',
    'Abiodun Salako',
    'BLOOD',
    '',
    '2025-08-25 09:37:06'
  );
INSERT INTO
  `lab_results` (
    `id`,
    `request_id`,
    `pt_id`,
    `signed_by`,
    `specimen`,
    `comment`,
    `date_time`
  )
VALUES
  (
    13,
    19,
    '19/2507/GOH',
    'Abiodun Salako',
    'Blood',
    '',
    '2025-08-31 19:57:24'
  );
INSERT INTO
  `lab_results` (
    `id`,
    `request_id`,
    `pt_id`,
    `signed_by`,
    `specimen`,
    `comment`,
    `date_time`
  )
VALUES
  (
    14,
    2,
    '21/2508/GOH',
    'Abiodun Salako',
    'blood',
    '',
    '2025-10-02 11:23:51'
  );

# ------------------------------------------------------------
# DATA DUMP FOR TABLE: lab_results_fileds
# ------------------------------------------------------------

INSERT INTO
  `lab_results_fileds` (
    `id`,
    `result_id`,
    `test_category`,
    `test_name`,
    `value`
  )
VALUES
  (
    1,
    8,
    'WIDAL AGGLUTINATION REACTION--A titre of 110 (1/110) and above is considered significant',
    'Paratyphi A - O H',
    '120'
  );
INSERT INTO
  `lab_results_fileds` (
    `id`,
    `result_id`,
    `test_category`,
    `test_name`,
    `value`
  )
VALUES
  (
    2,
    8,
    'WIDAL AGGLUTINATION REACTION--A titre of 110 (1/110) and above is considered significant',
    'Paratyphi B - O H',
    '110'
  );
INSERT INTO
  `lab_results_fileds` (
    `id`,
    `result_id`,
    `test_category`,
    `test_name`,
    `value`
  )
VALUES
  (
    3,
    8,
    'WIDAL AGGLUTINATION REACTION--A titre of 110 (1/110) and above is considered significant',
    'Paratyphi C - O H',
    '110'
  );
INSERT INTO
  `lab_results_fileds` (
    `id`,
    `result_id`,
    `test_category`,
    `test_name`,
    `value`
  )
VALUES
  (
    4,
    8,
    'WIDAL AGGLUTINATION REACTION--A titre of 110 (1/110) and above is considered significant',
    'Paratyphi D - O H',
    '130'
  );
INSERT INTO
  `lab_results_fileds` (
    `id`,
    `result_id`,
    `test_category`,
    `test_name`,
    `value`
  )
VALUES
  (5, 9, 'BLOOD GROUP', 'BLOOD GROUP', 'O');
INSERT INTO
  `lab_results_fileds` (
    `id`,
    `result_id`,
    `test_category`,
    `test_name`,
    `value`
  )
VALUES
  (6, 9, 'BLOOD GROUP', 'RH \"D\"', 'POSITIVE');
INSERT INTO
  `lab_results_fileds` (
    `id`,
    `result_id`,
    `test_category`,
    `test_name`,
    `value`
  )
VALUES
  (
    7,
    9,
    'PARASITOLOGY',
    'Blood Malaria Parasite (RDT)',
    'POSITIVE'
  );
INSERT INTO
  `lab_results_fileds` (
    `id`,
    `result_id`,
    `test_category`,
    `test_name`,
    `value`
  )
VALUES
  (
    8,
    10,
    'HAEMOTOLOGY | SEROLOGY',
    'Hb (Female: 35-47%,  Male: 40-54%)',
    '34%'
  );
INSERT INTO
  `lab_results_fileds` (
    `id`,
    `result_id`,
    `test_category`,
    `test_name`,
    `value`
  )
VALUES
  (
    9,
    10,
    'HAEMOTOLOGY | SEROLOGY',
    'WBC-TOTAL (4,000 - 11,000) cumm',
    '15500'
  );
INSERT INTO
  `lab_results_fileds` (
    `id`,
    `result_id`,
    `test_category`,
    `test_name`,
    `value`
  )
VALUES
  (
    10,
    10,
    'HAEMOTOLOGY | SEROLOGY',
    'Neutrophils (40-70)%',
    '72'
  );
INSERT INTO
  `lab_results_fileds` (
    `id`,
    `result_id`,
    `test_category`,
    `test_name`,
    `value`
  )
VALUES
  (
    11,
    10,
    'HAEMOTOLOGY | SEROLOGY',
    'Lymphocyctes (23-50)%',
    '55'
  );
INSERT INTO
  `lab_results_fileds` (
    `id`,
    `result_id`,
    `test_category`,
    `test_name`,
    `value`
  )
VALUES
  (
    12,
    10,
    'HAEMOTOLOGY | SEROLOGY',
    'Eosinophi (0.6)%',
    '0.4'
  );
INSERT INTO
  `lab_results_fileds` (
    `id`,
    `result_id`,
    `test_category`,
    `test_name`,
    `value`
  )
VALUES
  (
    13,
    10,
    'HAEMOTOLOGY | SEROLOGY',
    'Monocytes (0-14)%',
    '8'
  );
INSERT INTO
  `lab_results_fileds` (
    `id`,
    `result_id`,
    `test_category`,
    `test_name`,
    `value`
  )
VALUES
  (
    14,
    10,
    'HAEMOTOLOGY | SEROLOGY',
    'Basophils (0-1)%',
    '0'
  );
INSERT INTO
  `lab_results_fileds` (
    `id`,
    `result_id`,
    `test_category`,
    `test_name`,
    `value`
  )
VALUES
  (
    15,
    10,
    'PARASITOLOGY',
    'Blood Malaria Parasite (RDT)',
    'POSITIVE'
  );
INSERT INTO
  `lab_results_fileds` (
    `id`,
    `result_id`,
    `test_category`,
    `test_name`,
    `value`
  )
VALUES
  (16, 11, 'BLOOD GLUCOSE', 'Fasting Glucose', '98');
INSERT INTO
  `lab_results_fileds` (
    `id`,
    `result_id`,
    `test_category`,
    `test_name`,
    `value`
  )
VALUES
  (
    17,
    11,
    'HAEMOTOLOGY | SEROLOGY',
    'Hb (Female: 35-47%,  Male: 40-54%)',
    '38'
  );
INSERT INTO
  `lab_results_fileds` (
    `id`,
    `result_id`,
    `test_category`,
    `test_name`,
    `value`
  )
VALUES
  (
    18,
    11,
    'HAEMOTOLOGY | SEROLOGY',
    'WBC-TOTAL (4,000 - 11,000) cumm',
    '10,900'
  );
INSERT INTO
  `lab_results_fileds` (
    `id`,
    `result_id`,
    `test_category`,
    `test_name`,
    `value`
  )
VALUES
  (
    19,
    11,
    'HAEMOTOLOGY | SEROLOGY',
    'Neutrophils (40-70)%',
    '35'
  );
INSERT INTO
  `lab_results_fileds` (
    `id`,
    `result_id`,
    `test_category`,
    `test_name`,
    `value`
  )
VALUES
  (
    20,
    11,
    'HAEMOTOLOGY | SEROLOGY',
    'Lymphocyctes (23-50)%',
    '22'
  );
INSERT INTO
  `lab_results_fileds` (
    `id`,
    `result_id`,
    `test_category`,
    `test_name`,
    `value`
  )
VALUES
  (
    21,
    11,
    'HAEMOTOLOGY | SEROLOGY',
    'Eosinophi (0.6)%',
    '0'
  );
INSERT INTO
  `lab_results_fileds` (
    `id`,
    `result_id`,
    `test_category`,
    `test_name`,
    `value`
  )
VALUES
  (
    22,
    11,
    'HAEMOTOLOGY | SEROLOGY',
    'Monocytes (0-14)%',
    '1'
  );
INSERT INTO
  `lab_results_fileds` (
    `id`,
    `result_id`,
    `test_category`,
    `test_name`,
    `value`
  )
VALUES
  (
    23,
    11,
    'HAEMOTOLOGY | SEROLOGY',
    'Basophils (0-1)%',
    '0'
  );
INSERT INTO
  `lab_results_fileds` (
    `id`,
    `result_id`,
    `test_category`,
    `test_name`,
    `value`
  )
VALUES
  (
    24,
    11,
    'PARASITOLOGY',
    'Blood Malaria Parasite (RDT)',
    'POSITIVE'
  );
INSERT INTO
  `lab_results_fileds` (
    `id`,
    `result_id`,
    `test_category`,
    `test_name`,
    `value`
  )
VALUES
  (25, 12, 'BLOOD GLUCOSE', 'Fasting Glucose', '90');
INSERT INTO
  `lab_results_fileds` (
    `id`,
    `result_id`,
    `test_category`,
    `test_name`,
    `value`
  )
VALUES
  (
    26,
    12,
    'PARASITOLOGY',
    'Blood Malaria Parasite (RDT)',
    'POSITIVE'
  );
INSERT INTO
  `lab_results_fileds` (
    `id`,
    `result_id`,
    `test_category`,
    `test_name`,
    `value`
  )
VALUES
  (
    27,
    13,
    'HAEMOTOLOGY | SEROLOGY',
    'P.C.V (Female: 35-47%,  Male: 40-54%)',
    '31%'
  );
INSERT INTO
  `lab_results_fileds` (
    `id`,
    `result_id`,
    `test_category`,
    `test_name`,
    `value`
  )
VALUES
  (28, 14, 'BLOOD GROUP & GENOTYPE', 'Genotype', 'AS');

# ------------------------------------------------------------
# DATA DUMP FOR TABLE: lab_tests
# ------------------------------------------------------------


# ------------------------------------------------------------
# DATA DUMP FOR TABLE: licenses
# ------------------------------------------------------------


# ------------------------------------------------------------
# DATA DUMP FOR TABLE: monthly_table_counters
# ------------------------------------------------------------

INSERT INTO
  `monthly_table_counters` (
    `table_name`,
    `jan`,
    `feb`,
    `mar`,
    `apr`,
    `may`,
    `jun`,
    `jul`,
    `aug`,
    `sep`,
    `oct`,
    `nov`,
    `decem`,
    `updated_at`
  )
VALUES
  (
    'consultations',
    2,
    0,
    0,
    0,
    0,
    0,
    0,
    0,
    0,
    0,
    8,
    7,
    '2026-01-05 18:32:02'
  );

# ------------------------------------------------------------
# DATA DUMP FOR TABLE: next_of_kin
# ------------------------------------------------------------

INSERT INTO
  `next_of_kin` (
    `id`,
    `patient_id`,
    `title`,
    `firstName`,
    `lastName`,
    `phone_num`,
    `houseNum_or_name`,
    `street`,
    `city_and_state`,
    `country`,
    `email`,
    `relationship`
  )
VALUES
  (
    1,
    '24/2512/GOH',
    'Mr.',
    'Atanda',
    'Ayeni',
    '09876543210',
    '',
    '',
    '',
    '',
    NULL,
    ''
  );
INSERT INTO
  `next_of_kin` (
    `id`,
    `patient_id`,
    `title`,
    `firstName`,
    `lastName`,
    `phone_num`,
    `houseNum_or_name`,
    `street`,
    `city_and_state`,
    `country`,
    `email`,
    `relationship`
  )
VALUES
  (
    2,
    '25/2512/GOH',
    'Mr.',
    'Akanji',
    'Olowolagba',
    '09876543211',
    '',
    '',
    '',
    '',
    NULL,
    'Father'
  );
INSERT INTO
  `next_of_kin` (
    `id`,
    `patient_id`,
    `title`,
    `firstName`,
    `lastName`,
    `phone_num`,
    `houseNum_or_name`,
    `street`,
    `city_and_state`,
    `country`,
    `email`,
    `relationship`
  )
VALUES
  (
    3,
    '26/2601/GOH',
    'Engr',
    '',
    'Awodele',
    '09012345678',
    '',
    '',
    '',
    '',
    NULL,
    ''
  );

# ------------------------------------------------------------
# DATA DUMP FOR TABLE: nursing_sheet
# ------------------------------------------------------------

INSERT INTO
  `nursing_sheet` (
    `id`,
    `patient_id`,
    `medication_name`,
    `dosage`,
    `frequency_hours`,
    `due_time`,
    `administered`,
    `administered_at`,
    `administered_by`,
    `notes`,
    `created_at`,
    `updated_at`,
    `session_id`
  )
VALUES
  (
    1,
    '12/2507/GOH',
    'Omeprazole Inj.',
    '40mg single-dose',
    6,
    '2025-11-24 18:59:49',
    'yes',
    '2025-11-24 15:40:14',
    'Abiodun Salako',
    NULL,
    '2025-11-24 13:00:37',
    '2025-11-24 15:40:14',
    'v2uoz.1759561442965'
  );
INSERT INTO
  `nursing_sheet` (
    `id`,
    `patient_id`,
    `medication_name`,
    `dosage`,
    `frequency_hours`,
    `due_time`,
    `administered`,
    `administered_at`,
    `administered_by`,
    `notes`,
    `created_at`,
    `updated_at`,
    `session_id`
  )
VALUES
  (
    2,
    '18/2507/GOH',
    'pcm tab',
    '2tabs tds x 3/7',
    8,
    '2025-11-24 21:12:16',
    'no',
    NULL,
    NULL,
    NULL,
    '2025-11-24 13:13:09',
    '2025-11-24 13:13:09',
    'r3j5n.1763986194296'
  );
INSERT INTO
  `nursing_sheet` (
    `id`,
    `patient_id`,
    `medication_name`,
    `dosage`,
    `frequency_hours`,
    `due_time`,
    `administered`,
    `administered_at`,
    `administered_by`,
    `notes`,
    `created_at`,
    `updated_at`,
    `session_id`
  )
VALUES
  (
    3,
    '18/2507/GOH',
    'Aldomet',
    '1tabs tds x 1/52',
    8,
    '2025-11-24 21:12:44',
    'no',
    NULL,
    NULL,
    NULL,
    '2025-11-24 13:13:09',
    '2025-11-24 13:13:09',
    'r3j5n.1763986194296'
  );
INSERT INTO
  `nursing_sheet` (
    `id`,
    `patient_id`,
    `medication_name`,
    `dosage`,
    `frequency_hours`,
    `due_time`,
    `administered`,
    `administered_at`,
    `administered_by`,
    `notes`,
    `created_at`,
    `updated_at`,
    `session_id`
  )
VALUES
  (
    4,
    '18/2507/GOH',
    '5% Dextrose water',
    '500ml 6-hly x 24 hrs',
    6,
    '2025-11-24 13:11:18',
    'no',
    NULL,
    NULL,
    NULL,
    '2025-11-24 13:13:09',
    '2025-11-24 13:13:09',
    'r3j5n.1763986194296'
  );
INSERT INTO
  `nursing_sheet` (
    `id`,
    `patient_id`,
    `medication_name`,
    `dosage`,
    `frequency_hours`,
    `due_time`,
    `administered`,
    `administered_at`,
    `administered_by`,
    `notes`,
    `created_at`,
    `updated_at`,
    `session_id`
  )
VALUES
  (
    5,
    '7/2505/GOH',
    '5% Dextrose water',
    '500ml stat then',
    6,
    '2025-11-24 13:24:02',
    'yes',
    '2025-11-24 13:25:53',
    'Abiodun Salako',
    NULL,
    '2025-11-24 13:25:53',
    '2025-11-24 13:25:53',
    'w2xlf.1763987005295'
  );
INSERT INTO
  `nursing_sheet` (
    `id`,
    `patient_id`,
    `medication_name`,
    `dosage`,
    `frequency_hours`,
    `due_time`,
    `administered`,
    `administered_at`,
    `administered_by`,
    `notes`,
    `created_at`,
    `updated_at`,
    `session_id`
  )
VALUES
  (
    6,
    '7/2505/GOH',
    '5% Dextrose water',
    '250ml 6-hly x 24 hrs',
    6,
    '2025-11-24 19:24:00',
    'yes',
    '2025-11-24 14:53:40',
    'Abiodun Salako',
    NULL,
    '2025-11-24 13:25:53',
    '2025-11-24 14:53:40',
    'w2xlf.1763987005295'
  );
INSERT INTO
  `nursing_sheet` (
    `id`,
    `patient_id`,
    `medication_name`,
    `dosage`,
    `frequency_hours`,
    `due_time`,
    `administered`,
    `administered_at`,
    `administered_by`,
    `notes`,
    `created_at`,
    `updated_at`,
    `session_id`
  )
VALUES
  (
    7,
    '7/2505/GOH',
    '5% Dextrose water',
    '250ml 6-hly x 24 hrs',
    6,
    '2025-11-25 01:24:00',
    'no',
    NULL,
    NULL,
    NULL,
    '2025-11-24 14:40:15',
    '2025-11-24 14:40:15',
    'w2xlf.1763987005295'
  );
INSERT INTO
  `nursing_sheet` (
    `id`,
    `patient_id`,
    `medication_name`,
    `dosage`,
    `frequency_hours`,
    `due_time`,
    `administered`,
    `administered_at`,
    `administered_by`,
    `notes`,
    `created_at`,
    `updated_at`,
    `session_id`
  )
VALUES
  (
    8,
    '7/2505/GOH',
    '5% Dextrose water',
    '250ml 6-hly x 24 hrs',
    6,
    '2025-11-25 07:24:00',
    'no',
    NULL,
    NULL,
    NULL,
    '2025-11-24 14:40:55',
    '2025-11-24 14:40:55',
    'w2xlf.1763987005295'
  );
INSERT INTO
  `nursing_sheet` (
    `id`,
    `patient_id`,
    `medication_name`,
    `dosage`,
    `frequency_hours`,
    `due_time`,
    `administered`,
    `administered_at`,
    `administered_by`,
    `notes`,
    `created_at`,
    `updated_at`,
    `session_id`
  )
VALUES
  (
    9,
    '7/2505/GOH',
    'pcm tab',
    '2tabs tds x 3/7',
    8,
    '2025-11-24 15:27:00',
    'yes',
    '2025-11-24 15:28:50',
    'Abiodun Salako',
    NULL,
    '2025-11-24 15:28:50',
    '2025-11-24 15:28:50',
    'w2xlf.1763987005295'
  );
INSERT INTO
  `nursing_sheet` (
    `id`,
    `patient_id`,
    `medication_name`,
    `dosage`,
    `frequency_hours`,
    `due_time`,
    `administered`,
    `administered_at`,
    `administered_by`,
    `notes`,
    `created_at`,
    `updated_at`,
    `session_id`
  )
VALUES
  (
    10,
    '7/2505/GOH',
    'pcm tab',
    '2tabs tds x 3/7',
    8,
    '2025-11-24 23:27:00',
    'no',
    NULL,
    NULL,
    NULL,
    '2025-11-24 15:29:10',
    '2025-11-24 15:29:10',
    'w2xlf.1763987005295'
  );
INSERT INTO
  `nursing_sheet` (
    `id`,
    `patient_id`,
    `medication_name`,
    `dosage`,
    `frequency_hours`,
    `due_time`,
    `administered`,
    `administered_at`,
    `administered_by`,
    `notes`,
    `created_at`,
    `updated_at`,
    `session_id`
  )
VALUES
  (
    11,
    '9/2507/GOH',
    '5% Dextrose water',
    '500ml 6-hly x 24 hrs',
    6,
    '2025-11-24 15:42:21',
    'yes',
    '2025-11-24 15:42:43',
    'Abiodun Salako',
    NULL,
    '2025-11-24 15:42:43',
    '2025-11-24 15:42:43',
    '1dlbz.1759505999985'
  );
INSERT INTO
  `nursing_sheet` (
    `id`,
    `patient_id`,
    `medication_name`,
    `dosage`,
    `frequency_hours`,
    `due_time`,
    `administered`,
    `administered_at`,
    `administered_by`,
    `notes`,
    `created_at`,
    `updated_at`,
    `session_id`
  )
VALUES
  (
    12,
    '6/2504/GOH',
    '5% Dextrose water',
    '2pt stat then',
    6,
    '2025-11-25 10:00:00',
    'yes',
    '2025-11-25 10:36:56',
    'Abiodun Salako',
    'may reviewed by doctor later',
    '2025-11-25 10:36:56',
    '2025-11-25 10:36:56',
    '2nxj7.1764059955039'
  );
INSERT INTO
  `nursing_sheet` (
    `id`,
    `patient_id`,
    `medication_name`,
    `dosage`,
    `frequency_hours`,
    `due_time`,
    `administered`,
    `administered_at`,
    `administered_by`,
    `notes`,
    `created_at`,
    `updated_at`,
    `session_id`
  )
VALUES
  (
    13,
    '6/2504/GOH',
    '5% Dextrose water',
    '1pt 6-hly x 24 hrs',
    6,
    '2025-11-25 18:00:00',
    'no',
    NULL,
    NULL,
    NULL,
    '2025-11-25 10:36:56',
    '2025-11-25 10:36:56',
    '2nxj7.1764059955039'
  );
INSERT INTO
  `nursing_sheet` (
    `id`,
    `patient_id`,
    `medication_name`,
    `dosage`,
    `frequency_hours`,
    `due_time`,
    `administered`,
    `administered_at`,
    `administered_by`,
    `notes`,
    `created_at`,
    `updated_at`,
    `session_id`
  )
VALUES
  (
    14,
    '6/2504/GOH',
    'pcm tab',
    '2tabs tds x 5/7',
    8,
    '2025-11-25 10:00:00',
    'yes',
    '2025-11-25 10:36:56',
    'Abiodun Salako',
    NULL,
    '2025-11-25 10:36:56',
    '2025-11-25 10:36:56',
    '2nxj7.1764059955039'
  );
INSERT INTO
  `nursing_sheet` (
    `id`,
    `patient_id`,
    `medication_name`,
    `dosage`,
    `frequency_hours`,
    `due_time`,
    `administered`,
    `administered_at`,
    `administered_by`,
    `notes`,
    `created_at`,
    `updated_at`,
    `session_id`
  )
VALUES
  (
    15,
    '6/2504/GOH',
    'pcm tab',
    '2tabs tds x 5/7',
    8,
    '2025-11-25 18:00:00',
    'no',
    NULL,
    NULL,
    NULL,
    '2025-11-25 10:38:24',
    '2025-11-25 10:38:24',
    '2nxj7.1764059955039'
  );
INSERT INTO
  `nursing_sheet` (
    `id`,
    `patient_id`,
    `medication_name`,
    `dosage`,
    `frequency_hours`,
    `due_time`,
    `administered`,
    `administered_at`,
    `administered_by`,
    `notes`,
    `created_at`,
    `updated_at`,
    `session_id`
  )
VALUES
  (
    16,
    '6/2504/GOH',
    'pcm tab',
    '2tabs tds x 5/7',
    8,
    '2025-11-26 02:00:00',
    'no',
    NULL,
    NULL,
    NULL,
    '2025-11-25 10:39:33',
    '2025-11-25 10:39:33',
    '2nxj7.1764059955039'
  );
INSERT INTO
  `nursing_sheet` (
    `id`,
    `patient_id`,
    `medication_name`,
    `dosage`,
    `frequency_hours`,
    `due_time`,
    `administered`,
    `administered_at`,
    `administered_by`,
    `notes`,
    `created_at`,
    `updated_at`,
    `session_id`
  )
VALUES
  (
    17,
    '6/2504/GOH',
    'pcm tab',
    '2tabs tds x 5/7',
    8,
    '2025-11-26 10:00:00',
    'no',
    NULL,
    NULL,
    NULL,
    '2025-11-25 11:00:39',
    '2025-11-25 11:00:39',
    '2nxj7.1764059955039'
  );
INSERT INTO
  `nursing_sheet` (
    `id`,
    `patient_id`,
    `medication_name`,
    `dosage`,
    `frequency_hours`,
    `due_time`,
    `administered`,
    `administered_at`,
    `administered_by`,
    `notes`,
    `created_at`,
    `updated_at`,
    `session_id`
  )
VALUES
  (
    18,
    '6/2504/GOH',
    '5% Dextrose water',
    '1pt 6-hly x 24 hrs',
    6,
    '2025-11-26 00:00:00',
    'no',
    NULL,
    NULL,
    NULL,
    '2025-11-25 11:01:41',
    '2025-11-25 11:01:41',
    '2nxj7.1764059955039'
  );
INSERT INTO
  `nursing_sheet` (
    `id`,
    `patient_id`,
    `medication_name`,
    `dosage`,
    `frequency_hours`,
    `due_time`,
    `administered`,
    `administered_at`,
    `administered_by`,
    `notes`,
    `created_at`,
    `updated_at`,
    `session_id`
  )
VALUES
  (
    19,
    '6/2504/GOH',
    '5% Dextrose water',
    '1pt 6-hly x 24 hrs',
    6,
    '2025-11-26 06:00:00',
    'no',
    NULL,
    NULL,
    NULL,
    '2025-11-25 11:01:50',
    '2025-11-25 11:01:50',
    '2nxj7.1764059955039'
  );
INSERT INTO
  `nursing_sheet` (
    `id`,
    `patient_id`,
    `medication_name`,
    `dosage`,
    `frequency_hours`,
    `due_time`,
    `administered`,
    `administered_at`,
    `administered_by`,
    `notes`,
    `created_at`,
    `updated_at`,
    `session_id`
  )
VALUES
  (
    20,
    '6/2504/GOH',
    'Elaquine',
    '3tabs dly x 3/7',
    24,
    '2025-11-26 11:12:07',
    'yes',
    '2025-11-25 11:12:21',
    'Abiodun Salako',
    NULL,
    '2025-11-25 11:12:21',
    '2025-11-25 11:12:21',
    '2nxj7.1764059955039'
  );
INSERT INTO
  `nursing_sheet` (
    `id`,
    `patient_id`,
    `medication_name`,
    `dosage`,
    `frequency_hours`,
    `due_time`,
    `administered`,
    `administered_at`,
    `administered_by`,
    `notes`,
    `created_at`,
    `updated_at`,
    `session_id`
  )
VALUES
  (
    21,
    '6/2504/GOH',
    'Elaquine',
    '3tabs dly x 3/7',
    24,
    '2025-11-27 11:12:07',
    'no',
    NULL,
    NULL,
    NULL,
    '2025-11-25 11:12:36',
    '2025-11-25 11:12:36',
    '2nxj7.1764059955039'
  );
INSERT INTO
  `nursing_sheet` (
    `id`,
    `patient_id`,
    `medication_name`,
    `dosage`,
    `frequency_hours`,
    `due_time`,
    `administered`,
    `administered_at`,
    `administered_by`,
    `notes`,
    `created_at`,
    `updated_at`,
    `session_id`
  )
VALUES
  (
    22,
    '23/2510/GOH',
    'Elaquine',
    '3tabs dly x 3/7',
    6,
    '2025-12-25 18:01:32',
    'yes',
    '2025-12-25 18:02:43',
    'Ojo Olaniyan',
    NULL,
    '2025-12-25 18:02:09',
    '2025-12-25 18:02:43',
    'tzesl.1766672134843'
  );

# ------------------------------------------------------------
# DATA DUMP FOR TABLE: patient_communicable_conditions
# ------------------------------------------------------------

INSERT INTO
  `patient_communicable_conditions` (
    `id`,
    `patient_id`,
    `label`,
    `status`,
    `status_note`,
    `created_at`,
    `updated_at`
  )
VALUES
  (
    12,
    '22/2508/GOH',
    'RVS',
    'negative',
    NULL,
    '2025-12-09 17:35:15',
    NULL
  );
INSERT INTO
  `patient_communicable_conditions` (
    `id`,
    `patient_id`,
    `label`,
    `status`,
    `status_note`,
    `created_at`,
    `updated_at`
  )
VALUES
  (
    19,
    '13/2507/GOH',
    'RVS',
    'positive',
    NULL,
    '2025-12-25 23:14:02',
    NULL
  );
INSERT INTO
  `patient_communicable_conditions` (
    `id`,
    `patient_id`,
    `label`,
    `status`,
    `status_note`,
    `created_at`,
    `updated_at`
  )
VALUES
  (
    20,
    '13/2507/GOH',
    'Diabetic',
    'others',
    'Type 1',
    '2025-12-25 23:14:02',
    NULL
  );
INSERT INTO
  `patient_communicable_conditions` (
    `id`,
    `patient_id`,
    `label`,
    `status`,
    `status_note`,
    `created_at`,
    `updated_at`
  )
VALUES
  (
    21,
    '13/2507/GOH',
    'TB',
    'others',
    'NON- REACTIVE',
    '2025-12-25 23:14:02',
    NULL
  );
INSERT INTO
  `patient_communicable_conditions` (
    `id`,
    `patient_id`,
    `label`,
    `status`,
    `status_note`,
    `created_at`,
    `updated_at`
  )
VALUES
  (
    22,
    '13/2507/GOH',
    'Hepatitis',
    'negative',
    NULL,
    '2025-12-25 23:14:02',
    NULL
  );
INSERT INTO
  `patient_communicable_conditions` (
    `id`,
    `patient_id`,
    `label`,
    `status`,
    `status_note`,
    `created_at`,
    `updated_at`
  )
VALUES
  (
    23,
    '24/2512/GOH',
    'Hepatitis',
    'positive',
    NULL,
    '2025-12-26 22:14:47',
    NULL
  );

# ------------------------------------------------------------
# DATA DUMP FOR TABLE: patient_lifestyle_allergies
# ------------------------------------------------------------

INSERT INTO
  `patient_lifestyle_allergies` (
    `id`,
    `patient_id`,
    `smoking`,
    `alcohol`,
    `clubbing`,
    `allergies_text`,
    `created_at`,
    `updated_at`,
    `communicable_terminal_ailment`,
    `communicable_status`,
    `communicable_status_note`
  )
VALUES
  (
    1,
    '21/2508/GOH',
    0,
    0,
    0,
    'chloroquine',
    '2025-11-09 08:03:34',
    '2025-12-09 13:09:59',
    'RVS, Hepatitis',
    'others',
    'Non-Reactive'
  );
INSERT INTO
  `patient_lifestyle_allergies` (
    `id`,
    `patient_id`,
    `smoking`,
    `alcohol`,
    `clubbing`,
    `allergies_text`,
    `created_at`,
    `updated_at`,
    `communicable_terminal_ailment`,
    `communicable_status`,
    `communicable_status_note`
  )
VALUES
  (
    2,
    '19/2507/GOH',
    0,
    0,
    0,
    'cq, cotrim',
    '2025-11-09 08:43:42',
    '2025-11-14 13:22:14',
    NULL,
    'negative',
    NULL
  );
INSERT INTO
  `patient_lifestyle_allergies` (
    `id`,
    `patient_id`,
    `smoking`,
    `alcohol`,
    `clubbing`,
    `allergies_text`,
    `created_at`,
    `updated_at`,
    `communicable_terminal_ailment`,
    `communicable_status`,
    `communicable_status_note`
  )
VALUES
  (
    3,
    '23/2510/GOH',
    0,
    0,
    0,
    'cotrim',
    '2025-11-26 15:54:01',
    NULL,
    NULL,
    'negative',
    NULL
  );
INSERT INTO
  `patient_lifestyle_allergies` (
    `id`,
    `patient_id`,
    `smoking`,
    `alcohol`,
    `clubbing`,
    `allergies_text`,
    `created_at`,
    `updated_at`,
    `communicable_terminal_ailment`,
    `communicable_status`,
    `communicable_status_note`
  )
VALUES
  (
    4,
    '22/2508/GOH',
    0,
    0,
    0,
    NULL,
    '2025-12-09 10:22:16',
    '2025-12-09 17:35:15',
    'RVS, Tuberculosis',
    'others',
    'REACTIVE'
  );
INSERT INTO
  `patient_lifestyle_allergies` (
    `id`,
    `patient_id`,
    `smoking`,
    `alcohol`,
    `clubbing`,
    `allergies_text`,
    `created_at`,
    `updated_at`,
    `communicable_terminal_ailment`,
    `communicable_status`,
    `communicable_status_note`
  )
VALUES
  (
    5,
    '13/2507/GOH',
    1,
    0,
    0,
    'cotrim',
    '2025-12-25 20:46:25',
    '2025-12-25 23:14:02',
    NULL,
    'negative',
    NULL
  );
INSERT INTO
  `patient_lifestyle_allergies` (
    `id`,
    `patient_id`,
    `smoking`,
    `alcohol`,
    `clubbing`,
    `allergies_text`,
    `created_at`,
    `updated_at`,
    `communicable_terminal_ailment`,
    `communicable_status`,
    `communicable_status_note`
  )
VALUES
  (
    6,
    '24/2512/GOH',
    1,
    0,
    0,
    'cold',
    '2025-12-26 22:14:47',
    NULL,
    NULL,
    'negative',
    NULL
  );

# ------------------------------------------------------------
# DATA DUMP FOR TABLE: patient_wallet_tx
# ------------------------------------------------------------


# ------------------------------------------------------------
# DATA DUMP FOR TABLE: patient_wallet_txn
# ------------------------------------------------------------

INSERT INTO
  `patient_wallet_txn` (
    `id`,
    `patient_id`,
    `transaction_type`,
    `amount`,
    `balance_before`,
    `balance_after`,
    `purpose`,
    `tx_ref`,
    `payment_channel`,
    `updated_by`,
    `date_time`
  )
VALUES
  (
    1,
    '8/2507/GOH',
    'credit',
    3000.00,
    0.00,
    3000.00,
    'accumulated_bill_partPayment',
    'N/A',
    'cash',
    'Dele Fadairo',
    '2025-07-08 16:11:07'
  );
INSERT INTO
  `patient_wallet_txn` (
    `id`,
    `patient_id`,
    `transaction_type`,
    `amount`,
    `balance_before`,
    `balance_after`,
    `purpose`,
    `tx_ref`,
    `payment_channel`,
    `updated_by`,
    `date_time`
  )
VALUES
  (
    2,
    '8/2507/GOH',
    'credit',
    2000.00,
    3000.00,
    5000.00,
    'fund_wallet',
    'N/A',
    'cash',
    'Dele Fadairo',
    '2025-07-09 10:43:59'
  );
INSERT INTO
  `patient_wallet_txn` (
    `id`,
    `patient_id`,
    `transaction_type`,
    `amount`,
    `balance_before`,
    `balance_after`,
    `purpose`,
    `tx_ref`,
    `payment_channel`,
    `updated_by`,
    `date_time`
  )
VALUES
  (
    3,
    '11/2507/GOH',
    'credit',
    500.00,
    0.00,
    500.00,
    'fund_wallet',
    'N/A',
    'bank_transfer',
    'Dele Fadairo',
    '2025-07-09 10:48:04'
  );
INSERT INTO
  `patient_wallet_txn` (
    `id`,
    `patient_id`,
    `transaction_type`,
    `amount`,
    `balance_before`,
    `balance_after`,
    `purpose`,
    `tx_ref`,
    `payment_channel`,
    `updated_by`,
    `date_time`
  )
VALUES
  (
    4,
    '8/2507/GOH',
    'debit',
    2000.00,
    5000.00,
    3000.00,
    'itemized billing',
    'p3k9p.1752077617158',
    'wallet',
    'Nurse Abebi Konsu',
    '2025-07-09 17:23:08'
  );
INSERT INTO
  `patient_wallet_txn` (
    `id`,
    `patient_id`,
    `transaction_type`,
    `amount`,
    `balance_before`,
    `balance_after`,
    `purpose`,
    `tx_ref`,
    `payment_channel`,
    `updated_by`,
    `date_time`
  )
VALUES
  (
    5,
    '10/2507/GOH',
    'credit',
    5000.00,
    0.00,
    5000.00,
    'fund_wallet',
    'N/A',
    'cash',
    'Dele Fadairo',
    '2025-07-09 18:11:23'
  );
INSERT INTO
  `patient_wallet_txn` (
    `id`,
    `patient_id`,
    `transaction_type`,
    `amount`,
    `balance_before`,
    `balance_after`,
    `purpose`,
    `tx_ref`,
    `payment_channel`,
    `updated_by`,
    `date_time`
  )
VALUES
  (
    6,
    '6/2504/GOH',
    'credit',
    2000.00,
    -3000.00,
    -1000.00,
    'accumulated_bill_partPayment',
    'deposit-1752161784927',
    'bank_transfer',
    'Dele Fadairo',
    '2025-07-10 16:36:24'
  );
INSERT INTO
  `patient_wallet_txn` (
    `id`,
    `patient_id`,
    `transaction_type`,
    `amount`,
    `balance_before`,
    `balance_after`,
    `purpose`,
    `tx_ref`,
    `payment_channel`,
    `updated_by`,
    `date_time`
  )
VALUES
  (
    7,
    '3/2504/GOH',
    'credit',
    15000.00,
    -9500.00,
    5500.00,
    'all_accumulated_bill',
    'deposit-1752163103549',
    'bank_transfer',
    'Dele Fadairo',
    '2025-07-10 16:58:23'
  );
INSERT INTO
  `patient_wallet_txn` (
    `id`,
    `patient_id`,
    `transaction_type`,
    `amount`,
    `balance_before`,
    `balance_after`,
    `purpose`,
    `tx_ref`,
    `payment_channel`,
    `updated_by`,
    `date_time`
  )
VALUES
  (
    8,
    '3/2504/GOH',
    'debit',
    19500.00,
    5500.00,
    -14000.00,
    'itemized billing',
    '9ful1.1752163617229',
    'wallet',
    'Nurse Abebi Konsu',
    '2025-07-10 17:09:28'
  );
INSERT INTO
  `patient_wallet_txn` (
    `id`,
    `patient_id`,
    `transaction_type`,
    `amount`,
    `balance_before`,
    `balance_after`,
    `purpose`,
    `tx_ref`,
    `payment_channel`,
    `updated_by`,
    `date_time`
  )
VALUES
  (
    9,
    '2/2504/GOH',
    'debit',
    21500.00,
    -5700.00,
    -27200.00,
    'itemized billing',
    'ejy9y.1752163646430',
    'wallet',
    'Nurse Abebi Konsu',
    '2025-07-10 17:10:09'
  );
INSERT INTO
  `patient_wallet_txn` (
    `id`,
    `patient_id`,
    `transaction_type`,
    `amount`,
    `balance_before`,
    `balance_after`,
    `purpose`,
    `tx_ref`,
    `payment_channel`,
    `updated_by`,
    `date_time`
  )
VALUES
  (
    10,
    '3/2504/GOH',
    'debit',
    12000.00,
    -14000.00,
    -26000.00,
    'itemized billing',
    'ae17m.1752163681067',
    'wallet',
    'Nurse Abebi Konsu',
    '2025-07-10 17:10:40'
  );
INSERT INTO
  `patient_wallet_txn` (
    `id`,
    `patient_id`,
    `transaction_type`,
    `amount`,
    `balance_before`,
    `balance_after`,
    `purpose`,
    `tx_ref`,
    `payment_channel`,
    `updated_by`,
    `date_time`
  )
VALUES
  (
    11,
    '7/2505/GOH',
    'debit',
    2522.00,
    3016.00,
    494.00,
    'itemized billing',
    'k75y4.1752174453405',
    'wallet',
    'Nurse Abebi Konsu',
    '2025-07-10 20:09:21'
  );
INSERT INTO
  `patient_wallet_txn` (
    `id`,
    `patient_id`,
    `transaction_type`,
    `amount`,
    `balance_before`,
    `balance_after`,
    `purpose`,
    `tx_ref`,
    `payment_channel`,
    `updated_by`,
    `date_time`
  )
VALUES
  (
    12,
    '2/2504/GOH',
    'debit',
    6500.00,
    -27200.00,
    -33700.00,
    'itemized billing',
    'gf5ha.1752180260299',
    'wallet',
    'Nurse Abebi Konsu',
    '2025-07-10 22:28:14'
  );
INSERT INTO
  `patient_wallet_txn` (
    `id`,
    `patient_id`,
    `transaction_type`,
    `amount`,
    `balance_before`,
    `balance_after`,
    `purpose`,
    `tx_ref`,
    `payment_channel`,
    `updated_by`,
    `date_time`
  )
VALUES
  (
    13,
    '2/2504/GOH',
    'debit',
    6500.00,
    -36700.00,
    -43200.00,
    'itemized billing',
    'ac9y6.1752180270158',
    'wallet',
    'Nurse Abebi Konsu',
    '2025-07-10 23:56:36'
  );
INSERT INTO
  `patient_wallet_txn` (
    `id`,
    `patient_id`,
    `transaction_type`,
    `amount`,
    `balance_before`,
    `balance_after`,
    `purpose`,
    `tx_ref`,
    `payment_channel`,
    `updated_by`,
    `date_time`
  )
VALUES
  (
    14,
    '3/2504/GOH',
    'credit',
    12000.00,
    -26000.00,
    -14000.00,
    'accumulated_bill_partPayment',
    'deposit-1752236573460',
    'bank_transfer',
    'Abebi Konsu',
    '2025-07-11 13:22:53'
  );
INSERT INTO
  `patient_wallet_txn` (
    `id`,
    `patient_id`,
    `transaction_type`,
    `amount`,
    `balance_before`,
    `balance_after`,
    `purpose`,
    `tx_ref`,
    `payment_channel`,
    `updated_by`,
    `date_time`
  )
VALUES
  (
    15,
    '11/2507/GOH',
    'debit',
    2000.00,
    500.00,
    -1500.00,
    'itemized billing',
    'scqzl.1753044318748',
    'wallet',
    'Doctor Dele Fadairo',
    '2025-07-20 21:57:07'
  );
INSERT INTO
  `patient_wallet_txn` (
    `id`,
    `patient_id`,
    `transaction_type`,
    `amount`,
    `balance_before`,
    `balance_after`,
    `purpose`,
    `tx_ref`,
    `payment_channel`,
    `updated_by`,
    `date_time`
  )
VALUES
  (
    16,
    '11/2507/GOH',
    'credit',
    1000.00,
    -1500.00,
    -500.00,
    'accumulated_bill_partPayment',
    'deposit-1753188034571',
    'bank_transfer',
    'Dele Fadairo',
    '2025-07-22 13:40:34'
  );
INSERT INTO
  `patient_wallet_txn` (
    `id`,
    `patient_id`,
    `transaction_type`,
    `amount`,
    `balance_before`,
    `balance_after`,
    `purpose`,
    `tx_ref`,
    `payment_channel`,
    `updated_by`,
    `date_time`
  )
VALUES
  (
    17,
    '2/2504/GOH',
    'credit',
    20000.00,
    -47700.00,
    -27700.00,
    'accumulated_bill_partPayment',
    'deposit-1753372140674',
    'bank_transfer',
    'Dele Fadairo',
    '2025-07-24 16:49:00'
  );
INSERT INTO
  `patient_wallet_txn` (
    `id`,
    `patient_id`,
    `transaction_type`,
    `amount`,
    `balance_before`,
    `balance_after`,
    `purpose`,
    `tx_ref`,
    `payment_channel`,
    `updated_by`,
    `date_time`
  )
VALUES
  (
    18,
    '2/2504/GOH',
    'credit',
    10000.00,
    -27700.00,
    -17700.00,
    'accumulated_bill_partPayment',
    'deposit-1753436639659',
    'p.o.s_machine',
    'Dele Fadairo',
    '2025-07-25 10:43:59'
  );
INSERT INTO
  `patient_wallet_txn` (
    `id`,
    `patient_id`,
    `transaction_type`,
    `amount`,
    `balance_before`,
    `balance_after`,
    `purpose`,
    `tx_ref`,
    `payment_channel`,
    `updated_by`,
    `date_time`
  )
VALUES
  (
    19,
    '17/2507/GOH',
    'credit',
    1500.00,
    -6500.00,
    -5000.00,
    'accumulated_bill_partPayment',
    'deposit-1754022339047',
    'cash',
    'Abiodun Salako',
    '2025-08-01 05:25:39'
  );
INSERT INTO
  `patient_wallet_txn` (
    `id`,
    `patient_id`,
    `transaction_type`,
    `amount`,
    `balance_before`,
    `balance_after`,
    `purpose`,
    `tx_ref`,
    `payment_channel`,
    `updated_by`,
    `date_time`
  )
VALUES
  (
    20,
    '20/2508/GOH',
    'credit',
    1000.00,
    0.00,
    1000.00,
    'fund_wallet',
    'deposit-1754244556118',
    'bank_transfer',
    'Abiodun Salako',
    '2025-08-03 19:09:16'
  );
INSERT INTO
  `patient_wallet_txn` (
    `id`,
    `patient_id`,
    `transaction_type`,
    `amount`,
    `balance_before`,
    `balance_after`,
    `purpose`,
    `tx_ref`,
    `payment_channel`,
    `updated_by`,
    `date_time`
  )
VALUES
  (
    21,
    '20/2508/GOH',
    'credit',
    1000.00,
    1000.00,
    2000.00,
    'fund_wallet',
    'deposit-1755453665963',
    'cash',
    'Abiodun Salako',
    '2025-08-17 19:01:05'
  );
INSERT INTO
  `patient_wallet_txn` (
    `id`,
    `patient_id`,
    `transaction_type`,
    `amount`,
    `balance_before`,
    `balance_after`,
    `purpose`,
    `tx_ref`,
    `payment_channel`,
    `updated_by`,
    `date_time`
  )
VALUES
  (
    22,
    '20/2508/GOH',
    'credit',
    1000.00,
    2000.00,
    3000.00,
    'fund_wallet',
    'deposit-1755453808726',
    'bank_transfer',
    'Abiodun Salako',
    '2025-08-17 19:03:28'
  );
INSERT INTO
  `patient_wallet_txn` (
    `id`,
    `patient_id`,
    `transaction_type`,
    `amount`,
    `balance_before`,
    `balance_after`,
    `purpose`,
    `tx_ref`,
    `payment_channel`,
    `updated_by`,
    `date_time`
  )
VALUES
  (
    23,
    '19/2507/GOH',
    'credit',
    2500.00,
    0.00,
    2500.00,
    'fund_wallet',
    'deposit-1755454566823',
    'p.o.s_machine',
    'Abiodun Salako',
    '2025-08-17 19:16:06'
  );
INSERT INTO
  `patient_wallet_txn` (
    `id`,
    `patient_id`,
    `transaction_type`,
    `amount`,
    `balance_before`,
    `balance_after`,
    `purpose`,
    `tx_ref`,
    `payment_channel`,
    `updated_by`,
    `date_time`
  )
VALUES
  (
    24,
    '17/2507/GOH',
    'credit',
    1500.00,
    -5000.00,
    -3500.00,
    'accumulated_bill_partPayment',
    'deposit-1755454601813',
    'bank_transfer',
    'Abiodun Salako',
    '2025-08-17 19:16:41'
  );
INSERT INTO
  `patient_wallet_txn` (
    `id`,
    `patient_id`,
    `transaction_type`,
    `amount`,
    `balance_before`,
    `balance_after`,
    `purpose`,
    `tx_ref`,
    `payment_channel`,
    `updated_by`,
    `date_time`
  )
VALUES
  (
    25,
    '12/2507/GOH',
    'debit',
    2000.00,
    0.00,
    -2000.00,
    'itemized billing',
    'sales.1755874350345',
    'wallet',
    'Doctor Abiodun Salako',
    '2025-08-22 15:52:38'
  );
INSERT INTO
  `patient_wallet_txn` (
    `id`,
    `patient_id`,
    `transaction_type`,
    `amount`,
    `balance_before`,
    `balance_after`,
    `purpose`,
    `tx_ref`,
    `payment_channel`,
    `updated_by`,
    `date_time`
  )
VALUES
  (
    26,
    'customer',
    'debit',
    5000.00,
    0.00,
    -5000.00,
    'itemized billing',
    'sales.1755874443261',
    'wallet',
    'Doctor Abiodun Salako',
    '2025-08-22 15:54:05'
  );
INSERT INTO
  `patient_wallet_txn` (
    `id`,
    `patient_id`,
    `transaction_type`,
    `amount`,
    `balance_before`,
    `balance_after`,
    `purpose`,
    `tx_ref`,
    `payment_channel`,
    `updated_by`,
    `date_time`
  )
VALUES
  (
    27,
    'customer',
    'debit',
    2000.00,
    0.00,
    -2000.00,
    'itemized billing',
    'sales.1755874886233',
    'wallet',
    'Doctor Abiodun Salako',
    '2025-08-22 16:01:28'
  );
INSERT INTO
  `patient_wallet_txn` (
    `id`,
    `patient_id`,
    `transaction_type`,
    `amount`,
    `balance_before`,
    `balance_after`,
    `purpose`,
    `tx_ref`,
    `payment_channel`,
    `updated_by`,
    `date_time`
  )
VALUES
  (
    28,
    'customer',
    'debit',
    2000.00,
    0.00,
    -2000.00,
    'itemized billing',
    'sales.1755875062026',
    'wallet',
    'Doctor Abiodun Salako',
    '2025-08-22 16:04:24'
  );
INSERT INTO
  `patient_wallet_txn` (
    `id`,
    `patient_id`,
    `transaction_type`,
    `amount`,
    `balance_before`,
    `balance_after`,
    `purpose`,
    `tx_ref`,
    `payment_channel`,
    `updated_by`,
    `date_time`
  )
VALUES
  (
    29,
    'customer',
    'debit',
    2000.00,
    0.00,
    -2000.00,
    'itemized billing',
    'sales.1755875302573',
    'wallet',
    'Doctor Abiodun Salako',
    '2025-08-22 16:08:24'
  );
INSERT INTO
  `patient_wallet_txn` (
    `id`,
    `patient_id`,
    `transaction_type`,
    `amount`,
    `balance_before`,
    `balance_after`,
    `purpose`,
    `tx_ref`,
    `payment_channel`,
    `updated_by`,
    `date_time`
  )
VALUES
  (
    30,
    '17/2507/GOH',
    'credit',
    1000.00,
    -3500.00,
    -2500.00,
    'accumulated_bill_partPayment',
    'deposit-1755958995318',
    'bank (trf or card)',
    'Abiodun Salako',
    '2025-08-23 15:23:15'
  );
INSERT INTO
  `patient_wallet_txn` (
    `id`,
    `patient_id`,
    `transaction_type`,
    `amount`,
    `balance_before`,
    `balance_after`,
    `purpose`,
    `tx_ref`,
    `payment_channel`,
    `updated_by`,
    `date_time`
  )
VALUES
  (
    31,
    '20/2508/GOH',
    'credit',
    5000.00,
    3000.00,
    8000.00,
    'accumulated_bill_partPayment',
    'deposit-1755960628238',
    'bank (trf or card) to MoniePoint MFB',
    'Abiodun Salako',
    '2025-08-23 15:50:28'
  );
INSERT INTO
  `patient_wallet_txn` (
    `id`,
    `patient_id`,
    `transaction_type`,
    `amount`,
    `balance_before`,
    `balance_after`,
    `purpose`,
    `tx_ref`,
    `payment_channel`,
    `updated_by`,
    `date_time`
  )
VALUES
  (
    32,
    '21/2508/GOH',
    'credit',
    5000.00,
    0.00,
    5000.00,
    'fund_wallet',
    'deposit-1756041377229',
    'bank (trf or card) to MoniePoint MFB',
    'Abiodun Salako',
    '2025-08-24 14:16:17'
  );
INSERT INTO
  `patient_wallet_txn` (
    `id`,
    `patient_id`,
    `transaction_type`,
    `amount`,
    `balance_before`,
    `balance_after`,
    `purpose`,
    `tx_ref`,
    `payment_channel`,
    `updated_by`,
    `date_time`
  )
VALUES
  (
    33,
    '17/2507/GOH',
    'credit',
    1000.00,
    -2500.00,
    -1500.00,
    'accumulated_bill_partPayment',
    'deposit-1756647746228',
    'bank (trf or card) to FirstBank',
    'Abiodun Salako',
    '2025-08-31 14:42:26'
  );
INSERT INTO
  `patient_wallet_txn` (
    `id`,
    `patient_id`,
    `transaction_type`,
    `amount`,
    `balance_before`,
    `balance_after`,
    `purpose`,
    `tx_ref`,
    `payment_channel`,
    `updated_by`,
    `date_time`
  )
VALUES
  (
    34,
    '21/2508/GOH',
    'debit',
    2600.00,
    5000.00,
    2400.00,
    'itemized billing',
    'sn125.1756731169422',
    'wallet',
    'Doctor Abiodun Salako',
    '2025-09-21 09:56:08'
  );
INSERT INTO
  `patient_wallet_txn` (
    `id`,
    `patient_id`,
    `transaction_type`,
    `amount`,
    `balance_before`,
    `balance_after`,
    `purpose`,
    `tx_ref`,
    `payment_channel`,
    `updated_by`,
    `date_time`
  )
VALUES
  (
    35,
    '21/2508/GOH',
    'debit',
    2000.00,
    -1200.00,
    -3200.00,
    'treatment billing',
    '2',
    'wallet',
    'Doctor Abiodun Salako',
    '2025-09-25 18:35:06'
  );
INSERT INTO
  `patient_wallet_txn` (
    `id`,
    `patient_id`,
    `transaction_type`,
    `amount`,
    `balance_before`,
    `balance_after`,
    `purpose`,
    `tx_ref`,
    `payment_channel`,
    `updated_by`,
    `date_time`
  )
VALUES
  (
    36,
    '22/2508/GOH',
    'debit',
    2000.00,
    0.00,
    -2000.00,
    'treatment billing',
    '1',
    'wallet',
    'Doctor Abiodun Salako',
    '2025-10-02 18:12:36'
  );
INSERT INTO
  `patient_wallet_txn` (
    `id`,
    `patient_id`,
    `transaction_type`,
    `amount`,
    `balance_before`,
    `balance_after`,
    `purpose`,
    `tx_ref`,
    `payment_channel`,
    `updated_by`,
    `date_time`
  )
VALUES
  (
    37,
    '19/2507/GOH',
    'credit',
    7500.00,
    -12500.00,
    -5000.00,
    'accumulated_bill_partPayment',
    'deposit-1759425382607',
    'cash',
    'Abiodun Salako',
    '2025-10-02 18:16:22'
  );
INSERT INTO
  `patient_wallet_txn` (
    `id`,
    `patient_id`,
    `transaction_type`,
    `amount`,
    `balance_before`,
    `balance_after`,
    `purpose`,
    `tx_ref`,
    `payment_channel`,
    `updated_by`,
    `date_time`
  )
VALUES
  (
    38,
    '7/2505/GOH',
    'debit',
    0.00,
    494.00,
    0.00,
    'treatment billing',
    '0su2m.1759482868397',
    'wallet',
    'Doctor Abiodun Salako',
    '2025-10-03 10:23:56'
  );
INSERT INTO
  `patient_wallet_txn` (
    `id`,
    `patient_id`,
    `transaction_type`,
    `amount`,
    `balance_before`,
    `balance_after`,
    `purpose`,
    `tx_ref`,
    `payment_channel`,
    `updated_by`,
    `date_time`
  )
VALUES
  (
    39,
    '7/2505/GOH',
    'debit',
    0.00,
    -5800.00,
    0.00,
    'treatment billing',
    '5',
    'wallet',
    'Doctor Abiodun Salako',
    '2025-10-03 11:01:32'
  );
INSERT INTO
  `patient_wallet_txn` (
    `id`,
    `patient_id`,
    `transaction_type`,
    `amount`,
    `balance_before`,
    `balance_after`,
    `purpose`,
    `tx_ref`,
    `payment_channel`,
    `updated_by`,
    `date_time`
  )
VALUES
  (
    40,
    '22/2508/GOH',
    'debit',
    2000.00,
    -2000.00,
    -4000.00,
    'treatment billing',
    '4',
    'wallet',
    'Doctor Abiodun Salako',
    '2025-10-03 11:48:12'
  );
INSERT INTO
  `patient_wallet_txn` (
    `id`,
    `patient_id`,
    `transaction_type`,
    `amount`,
    `balance_before`,
    `balance_after`,
    `purpose`,
    `tx_ref`,
    `payment_channel`,
    `updated_by`,
    `date_time`
  )
VALUES
  (
    41,
    '6/2504/GOH',
    'debit',
    9737.50,
    -1000.00,
    -10737.50,
    'treatment billing',
    '6',
    'wallet',
    'Doctor Abiodun Salako',
    '2025-10-03 16:28:34'
  );
INSERT INTO
  `patient_wallet_txn` (
    `id`,
    `patient_id`,
    `transaction_type`,
    `amount`,
    `balance_before`,
    `balance_after`,
    `purpose`,
    `tx_ref`,
    `payment_channel`,
    `updated_by`,
    `date_time`
  )
VALUES
  (
    42,
    '22/2508/GOH',
    'debit',
    5375.00,
    -4000.00,
    -9375.00,
    'treatment billing',
    'zn4pr.1759418103400',
    'wallet',
    'Doctor Abiodun Salako',
    '2025-10-03 16:31:13'
  );
INSERT INTO
  `patient_wallet_txn` (
    `id`,
    `patient_id`,
    `transaction_type`,
    `amount`,
    `balance_before`,
    `balance_after`,
    `purpose`,
    `tx_ref`,
    `payment_channel`,
    `updated_by`,
    `date_time`
  )
VALUES
  (
    43,
    '9/2507/GOH',
    'debit',
    5526.57,
    0.00,
    -5526.57,
    'treatment billing',
    '1dlbz.1759505999985',
    'wallet',
    'Doctor Abiodun Salako',
    '2025-10-03 16:42:31'
  );
INSERT INTO
  `patient_wallet_txn` (
    `id`,
    `patient_id`,
    `transaction_type`,
    `amount`,
    `balance_before`,
    `balance_after`,
    `purpose`,
    `tx_ref`,
    `payment_channel`,
    `updated_by`,
    `date_time`
  )
VALUES
  (
    44,
    '9/2507/GOH',
    'debit',
    8062.50,
    -5526.57,
    -13589.07,
    'treatment billing',
    '7',
    'wallet',
    'Doctor Abiodun Salako',
    '2025-10-03 16:47:59'
  );
INSERT INTO
  `patient_wallet_txn` (
    `id`,
    `patient_id`,
    `transaction_type`,
    `amount`,
    `balance_before`,
    `balance_after`,
    `purpose`,
    `tx_ref`,
    `payment_channel`,
    `updated_by`,
    `date_time`
  )
VALUES
  (
    45,
    '22/2508/GOH',
    'credit',
    7000.00,
    -9375.00,
    -2375.00,
    'accumulated_bill_partPayment',
    'deposit-1759506640482',
    'cash',
    'Abiodun Salako',
    '2025-10-03 16:50:40'
  );
INSERT INTO
  `patient_wallet_txn` (
    `id`,
    `patient_id`,
    `transaction_type`,
    `amount`,
    `balance_before`,
    `balance_after`,
    `purpose`,
    `tx_ref`,
    `payment_channel`,
    `updated_by`,
    `date_time`
  )
VALUES
  (
    46,
    '9/2507/GOH',
    'credit',
    10000.00,
    -13589.07,
    -3589.07,
    'accumulated_bill_partPayment',
    'deposit-1759507098733',
    'bank (trf or card) to Access Bank',
    'Abiodun Salako',
    '2025-10-03 16:58:18'
  );
INSERT INTO
  `patient_wallet_txn` (
    `id`,
    `patient_id`,
    `transaction_type`,
    `amount`,
    `balance_before`,
    `balance_after`,
    `purpose`,
    `tx_ref`,
    `payment_channel`,
    `updated_by`,
    `date_time`
  )
VALUES
  (
    47,
    '9/2507/GOH',
    'debit',
    1612.50,
    -3589.07,
    -5201.57,
    'treatment billing',
    '1dlbz.1759505999985',
    'wallet',
    'Doctor Abiodun Salako',
    '2025-10-03 18:24:28'
  );
INSERT INTO
  `patient_wallet_txn` (
    `id`,
    `patient_id`,
    `transaction_type`,
    `amount`,
    `balance_before`,
    `balance_after`,
    `purpose`,
    `tx_ref`,
    `payment_channel`,
    `updated_by`,
    `date_time`
  )
VALUES
  (
    48,
    '4/2504/GOH',
    'debit',
    1960.80,
    0.00,
    -1960.80,
    'treatment billing',
    'vbuke.1759558396759',
    'wallet',
    'Doctor Abiodun Salako',
    '2025-10-04 07:14:47'
  );
INSERT INTO
  `patient_wallet_txn` (
    `id`,
    `patient_id`,
    `transaction_type`,
    `amount`,
    `balance_before`,
    `balance_after`,
    `purpose`,
    `tx_ref`,
    `payment_channel`,
    `updated_by`,
    `date_time`
  )
VALUES
  (
    49,
    '4/2504/GOH',
    'debit',
    903.00,
    -1960.80,
    -2863.80,
    'treatment billing',
    'vbuke.1759558396759',
    'wallet',
    'Doctor Abiodun Salako',
    '2025-10-04 07:20:00'
  );
INSERT INTO
  `patient_wallet_txn` (
    `id`,
    `patient_id`,
    `transaction_type`,
    `amount`,
    `balance_before`,
    `balance_after`,
    `purpose`,
    `tx_ref`,
    `payment_channel`,
    `updated_by`,
    `date_time`
  )
VALUES
  (
    50,
    '4/2504/GOH',
    'credit',
    2000.00,
    -2863.80,
    -863.80,
    'accumulated_bill_partPayment',
    'deposit-1759560294472',
    'cash',
    'Abiodun Salako',
    '2025-10-04 07:44:54'
  );
INSERT INTO
  `patient_wallet_txn` (
    `id`,
    `patient_id`,
    `transaction_type`,
    `amount`,
    `balance_before`,
    `balance_after`,
    `purpose`,
    `tx_ref`,
    `payment_channel`,
    `updated_by`,
    `date_time`
  )
VALUES
  (
    51,
    '12/2507/GOH',
    'debit',
    5626.55,
    -2000.00,
    -7626.55,
    'treatment billing',
    'v2uoz.1759561442965',
    'wallet',
    'Doctor Abiodun Salako',
    '2025-10-04 08:08:19'
  );
INSERT INTO
  `patient_wallet_txn` (
    `id`,
    `patient_id`,
    `transaction_type`,
    `amount`,
    `balance_before`,
    `balance_after`,
    `purpose`,
    `tx_ref`,
    `payment_channel`,
    `updated_by`,
    `date_time`
  )
VALUES
  (
    52,
    '19/2507/GOH',
    'debit',
    2000.00,
    -5000.00,
    -7000.00,
    'treatment billing',
    '10',
    'wallet',
    'Doctor Abiodun Salako',
    '2025-11-25 10:04:52'
  );
INSERT INTO
  `patient_wallet_txn` (
    `id`,
    `patient_id`,
    `transaction_type`,
    `amount`,
    `balance_before`,
    `balance_after`,
    `purpose`,
    `tx_ref`,
    `payment_channel`,
    `updated_by`,
    `date_time`
  )
VALUES
  (
    53,
    '2/2504/GOH',
    'credit',
    8000.00,
    -17700.00,
    -9700.00,
    'accumulated_bill_partPayment',
    'deposit-1764576096394',
    'cash',
    'Abiodun Salako',
    '2025-12-01 09:01:36'
  );
INSERT INTO
  `patient_wallet_txn` (
    `id`,
    `patient_id`,
    `transaction_type`,
    `amount`,
    `balance_before`,
    `balance_after`,
    `purpose`,
    `tx_ref`,
    `payment_channel`,
    `updated_by`,
    `date_time`
  )
VALUES
  (
    54,
    '23/2510/GOH',
    'debit',
    7500.00,
    0.00,
    -7500.00,
    'treatment billing',
    '15',
    'wallet',
    'Doctor Abiodun Salako',
    '2025-12-25 08:43:44'
  );
INSERT INTO
  `patient_wallet_txn` (
    `id`,
    `patient_id`,
    `transaction_type`,
    `amount`,
    `balance_before`,
    `balance_after`,
    `purpose`,
    `tx_ref`,
    `payment_channel`,
    `updated_by`,
    `date_time`
  )
VALUES
  (
    55,
    '23/2510/GOH',
    'credit',
    5000.00,
    -7500.00,
    -2500.00,
    'accumulated_bill_partPayment',
    'deposit-1766648699419',
    'cash',
    'Abiodun Salako',
    '2025-12-25 08:44:59'
  );
INSERT INTO
  `patient_wallet_txn` (
    `id`,
    `patient_id`,
    `transaction_type`,
    `amount`,
    `balance_before`,
    `balance_after`,
    `purpose`,
    `tx_ref`,
    `payment_channel`,
    `updated_by`,
    `date_time`
  )
VALUES
  (
    56,
    '18/2507/GOH',
    'credit',
    3000.00,
    0.00,
    3000.00,
    'fund_wallet',
    'deposit-1766650115760',
    'cash',
    'Abiodun Salako',
    '2025-12-25 09:08:35'
  );
INSERT INTO
  `patient_wallet_txn` (
    `id`,
    `patient_id`,
    `transaction_type`,
    `amount`,
    `balance_before`,
    `balance_after`,
    `purpose`,
    `tx_ref`,
    `payment_channel`,
    `updated_by`,
    `date_time`
  )
VALUES
  (
    57,
    '23/2510/GOH',
    'credit',
    1000.00,
    -2500.00,
    -1500.00,
    'accumulated_bill_partPayment',
    'deposit-1766652163821',
    'cash',
    'Abiodun Salako',
    '2025-12-25 09:42:43'
  );
INSERT INTO
  `patient_wallet_txn` (
    `id`,
    `patient_id`,
    `transaction_type`,
    `amount`,
    `balance_before`,
    `balance_after`,
    `purpose`,
    `tx_ref`,
    `payment_channel`,
    `updated_by`,
    `date_time`
  )
VALUES
  (
    58,
    '23/2510/GOH',
    'debit',
    2000.00,
    -1500.00,
    -3500.00,
    'treatment billing',
    '16',
    'wallet',
    'Doctor Abiodun Salako',
    '2025-12-25 15:17:01'
  );
INSERT INTO
  `patient_wallet_txn` (
    `id`,
    `patient_id`,
    `transaction_type`,
    `amount`,
    `balance_before`,
    `balance_after`,
    `purpose`,
    `tx_ref`,
    `payment_channel`,
    `updated_by`,
    `date_time`
  )
VALUES
  (
    59,
    '23/2510/GOH',
    'debit',
    234.00,
    -3500.00,
    -3734.00,
    'treatment billing',
    'tzesl.1766672134843',
    'wallet',
    'Doctor Abiodun Salako',
    '2025-12-25 15:27:13'
  );
INSERT INTO
  `patient_wallet_txn` (
    `id`,
    `patient_id`,
    `transaction_type`,
    `amount`,
    `balance_before`,
    `balance_after`,
    `purpose`,
    `tx_ref`,
    `payment_channel`,
    `updated_by`,
    `date_time`
  )
VALUES
  (
    60,
    '23/2510/GOH',
    'credit',
    5000.00,
    -3734.00,
    1266.00,
    'all_accumulated_bill',
    'deposit-1766672897259',
    'cash',
    'Abiodun Salako',
    '2025-12-25 15:28:17'
  );
INSERT INTO
  `patient_wallet_txn` (
    `id`,
    `patient_id`,
    `transaction_type`,
    `amount`,
    `balance_before`,
    `balance_after`,
    `purpose`,
    `tx_ref`,
    `payment_channel`,
    `updated_by`,
    `date_time`
  )
VALUES
  (
    61,
    '23/2510/GOH',
    'credit',
    5000.00,
    1266.00,
    6266.00,
    'all_accumulated_bill',
    'deposit-1766678948088',
    'cash',
    'Abiodun Salako',
    '2025-12-25 17:09:08'
  );
INSERT INTO
  `patient_wallet_txn` (
    `id`,
    `patient_id`,
    `transaction_type`,
    `amount`,
    `balance_before`,
    `balance_after`,
    `purpose`,
    `tx_ref`,
    `payment_channel`,
    `updated_by`,
    `date_time`
  )
VALUES
  (
    62,
    '13/2507/GOH',
    'credit',
    1000.00,
    -3500.00,
    -2500.00,
    'accumulated_bill_partPayment',
    'deposit-1766694358320',
    'cash',
    'Abiodun Salako',
    '2025-12-25 21:25:58'
  );
INSERT INTO
  `patient_wallet_txn` (
    `id`,
    `patient_id`,
    `transaction_type`,
    `amount`,
    `balance_before`,
    `balance_after`,
    `purpose`,
    `tx_ref`,
    `payment_channel`,
    `updated_by`,
    `date_time`
  )
VALUES
  (
    63,
    '7/2505/GOH',
    'debit',
    2324.00,
    0.00,
    -2324.00,
    'treatment billing',
    '7zx93.1767545969441',
    'wallet',
    'Doctor Abiodun Salako',
    '2026-01-04 18:00:29'
  );
INSERT INTO
  `patient_wallet_txn` (
    `id`,
    `patient_id`,
    `transaction_type`,
    `amount`,
    `balance_before`,
    `balance_after`,
    `purpose`,
    `tx_ref`,
    `payment_channel`,
    `updated_by`,
    `date_time`
  )
VALUES
  (
    64,
    '7/2505/GOH',
    'credit',
    5000.00,
    -2324.00,
    2676.00,
    'fund_wallet',
    'deposit-1767546146060',
    'bank (trf or card) to MoniePoint MFB',
    'Abiodun Salako',
    '2026-01-04 18:02:26'
  );
INSERT INTO
  `patient_wallet_txn` (
    `id`,
    `patient_id`,
    `transaction_type`,
    `amount`,
    `balance_before`,
    `balance_after`,
    `purpose`,
    `tx_ref`,
    `payment_channel`,
    `updated_by`,
    `date_time`
  )
VALUES
  (
    65,
    '7/2505/GOH',
    'credit',
    1000.00,
    2676.00,
    3676.00,
    'fund_wallet',
    'deposit-1767632360645',
    'cash',
    'Abiodun Salako',
    '2026-01-05 17:59:20'
  );
INSERT INTO
  `patient_wallet_txn` (
    `id`,
    `patient_id`,
    `transaction_type`,
    `amount`,
    `balance_before`,
    `balance_after`,
    `purpose`,
    `tx_ref`,
    `payment_channel`,
    `updated_by`,
    `date_time`
  )
VALUES
  (
    66,
    '9/2507/GOH',
    'credit',
    2000.00,
    -5201.57,
    -3201.57,
    'accumulated_bill_partPayment',
    'deposit-1767632686690',
    'cash',
    'Abiodun Salako',
    '2026-01-05 18:04:46'
  );
INSERT INTO
  `patient_wallet_txn` (
    `id`,
    `patient_id`,
    `transaction_type`,
    `amount`,
    `balance_before`,
    `balance_after`,
    `purpose`,
    `tx_ref`,
    `payment_channel`,
    `updated_by`,
    `date_time`
  )
VALUES
  (
    67,
    '9/2507/GOH',
    'credit',
    200.00,
    -3201.57,
    -3001.57,
    'accumulated_bill_partPayment',
    'deposit-1767632770674',
    'cash',
    'Abiodun Salako',
    '2026-01-05 18:06:10'
  );
INSERT INTO
  `patient_wallet_txn` (
    `id`,
    `patient_id`,
    `transaction_type`,
    `amount`,
    `balance_before`,
    `balance_after`,
    `purpose`,
    `tx_ref`,
    `payment_channel`,
    `updated_by`,
    `date_time`
  )
VALUES
  (
    68,
    '9/2507/GOH',
    'credit',
    1000.00,
    -3001.57,
    -2001.57,
    'accumulated_bill_partPayment',
    'deposit-1767633102445',
    'bank (trf or card) to MoniePoint MFB',
    'Abiodun Salako',
    '2026-01-05 18:11:42'
  );
INSERT INTO
  `patient_wallet_txn` (
    `id`,
    `patient_id`,
    `transaction_type`,
    `amount`,
    `balance_before`,
    `balance_after`,
    `purpose`,
    `tx_ref`,
    `payment_channel`,
    `updated_by`,
    `date_time`
  )
VALUES
  (
    69,
    '9/2507/GOH',
    'credit',
    400.00,
    -2001.57,
    -1601.57,
    'fund_wallet',
    'deposit-1767633209963',
    'cash',
    'Abiodun Salako',
    '2026-01-05 18:13:29'
  );
INSERT INTO
  `patient_wallet_txn` (
    `id`,
    `patient_id`,
    `transaction_type`,
    `amount`,
    `balance_before`,
    `balance_after`,
    `purpose`,
    `tx_ref`,
    `payment_channel`,
    `updated_by`,
    `date_time`
  )
VALUES
  (
    70,
    '9/2507/GOH',
    'credit',
    575.00,
    -1601.57,
    -1026.57,
    'fund_wallet',
    'deposit-1767633307099',
    'bank (trf or card) to Zenith Bank',
    'Abiodun Salako',
    '2026-01-05 18:15:07'
  );
INSERT INTO
  `patient_wallet_txn` (
    `id`,
    `patient_id`,
    `transaction_type`,
    `amount`,
    `balance_before`,
    `balance_after`,
    `purpose`,
    `tx_ref`,
    `payment_channel`,
    `updated_by`,
    `date_time`
  )
VALUES
  (
    71,
    '26/2601/GOH',
    'debit',
    5234.00,
    0.00,
    -5234.00,
    'treatment billing',
    'dydvm.1767634322927',
    'wallet',
    'Doctor Abiodun Salako',
    '2026-01-05 18:33:03'
  );
INSERT INTO
  `patient_wallet_txn` (
    `id`,
    `patient_id`,
    `transaction_type`,
    `amount`,
    `balance_before`,
    `balance_after`,
    `purpose`,
    `tx_ref`,
    `payment_channel`,
    `updated_by`,
    `date_time`
  )
VALUES
  (
    72,
    '26/2601/GOH',
    'credit',
    2000.00,
    -5234.00,
    -3234.00,
    'accumulated_bill_partPayment',
    'deposit-1767634434877',
    'bank (trf or card) to Opay',
    'Abiodun Salako',
    '2026-01-05 18:33:54'
  );
INSERT INTO
  `patient_wallet_txn` (
    `id`,
    `patient_id`,
    `transaction_type`,
    `amount`,
    `balance_before`,
    `balance_after`,
    `purpose`,
    `tx_ref`,
    `payment_channel`,
    `updated_by`,
    `date_time`
  )
VALUES
  (
    73,
    '7/2505/GOH',
    'credit',
    500.00,
    3676.00,
    4176.00,
    'accumulated_bill_partPayment',
    'deposit-1767634580667',
    'cash',
    'Abiodun Salako',
    '2026-01-05 18:36:20'
  );
INSERT INTO
  `patient_wallet_txn` (
    `id`,
    `patient_id`,
    `transaction_type`,
    `amount`,
    `balance_before`,
    `balance_after`,
    `purpose`,
    `tx_ref`,
    `payment_channel`,
    `updated_by`,
    `date_time`
  )
VALUES
  (
    74,
    '26/2601/GOH',
    'credit',
    1000.00,
    -3234.00,
    -2234.00,
    'accumulated_bill_partPayment',
    'deposit-1767635420969',
    'bank (trf or card) to GTBank',
    'Abiodun Salako',
    '2026-01-05 18:50:20'
  );

# ------------------------------------------------------------
# DATA DUMP FOR TABLE: patients
# ------------------------------------------------------------

INSERT INTO
  `patients` (
    `id`,
    `title`,
    `firstName`,
    `lastName`,
    `Address`,
    `phone_num`,
    `houseNum_or_name`,
    `street`,
    `city_and_state`,
    `country`,
    `email`,
    `gender`,
    `age`,
    `religion`,
    `hmo`,
    `family_or_group`,
    `outstanding_balance`,
    `hmo_wallet`,
    `patient_id`,
    `nok_id`,
    `nok_num`,
    `date_time`,
    `date_of_birth`,
    `revision`,
    `origin_device_id`,
    `deleted_at`,
    `sync_status`,
    `last_modified`
  )
VALUES
  (
    1,
    'Mr.',
    'Olakunke',
    'Ajasin',
    'new house road, city',
    '08012345678',
    NULL,
    NULL,
    NULL,
    NULL,
    NULL,
    'M',
    '45',
    'Christianity',
    'Nil',
    NULL,
    1000.00,
    NULL,
    '1/2504/GOH',
    1,
    '09012345678',
    '2025-04-01 22:28:12',
    NULL,
    1,
    NULL,
    NULL,
    0,
    '2025-11-08 13:38:48'
  );
INSERT INTO
  `patients` (
    `id`,
    `title`,
    `firstName`,
    `lastName`,
    `Address`,
    `phone_num`,
    `houseNum_or_name`,
    `street`,
    `city_and_state`,
    `country`,
    `email`,
    `gender`,
    `age`,
    `religion`,
    `hmo`,
    `family_or_group`,
    `outstanding_balance`,
    `hmo_wallet`,
    `patient_id`,
    `nok_id`,
    `nok_num`,
    `date_time`,
    `date_of_birth`,
    `revision`,
    `origin_device_id`,
    `deleted_at`,
    `sync_status`,
    `last_modified`
  )
VALUES
  (
    2,
    'Comrade',
    'Jide',
    'Soyoole',
    'address won, oke ohun',
    '07012345678',
    NULL,
    NULL,
    NULL,
    NULL,
    NULL,
    'M',
    '34',
    'Christianity',
    'Nil',
    NULL,
    -9700.00,
    NULL,
    '2/2504/GOH',
    0,
    'nil',
    '2025-04-01 22:34:19',
    NULL,
    1,
    NULL,
    NULL,
    0,
    '2025-11-08 13:38:48'
  );
INSERT INTO
  `patients` (
    `id`,
    `title`,
    `firstName`,
    `lastName`,
    `Address`,
    `phone_num`,
    `houseNum_or_name`,
    `street`,
    `city_and_state`,
    `country`,
    `email`,
    `gender`,
    `age`,
    `religion`,
    `hmo`,
    `family_or_group`,
    `outstanding_balance`,
    `hmo_wallet`,
    `patient_id`,
    `nok_id`,
    `nok_num`,
    `date_time`,
    `date_of_birth`,
    `revision`,
    `origin_device_id`,
    `deleted_at`,
    `sync_status`,
    `last_modified`
  )
VALUES
  (
    3,
    'Miss',
    'Alawada',
    'Kerikeri',
    'Ibi tohungbe, Ilu, Ilu state',
    NULL,
    NULL,
    NULL,
    NULL,
    NULL,
    'awada@gmail.com',
    'F',
    '35',
    'Traditionalist',
    'Nil',
    NULL,
    -14000.00,
    6500.00,
    '3/2504/GOH',
    0,
    'nil',
    '2025-04-01 22:48:08',
    NULL,
    1,
    NULL,
    NULL,
    0,
    '2025-11-08 13:38:48'
  );
INSERT INTO
  `patients` (
    `id`,
    `title`,
    `firstName`,
    `lastName`,
    `Address`,
    `phone_num`,
    `houseNum_or_name`,
    `street`,
    `city_and_state`,
    `country`,
    `email`,
    `gender`,
    `age`,
    `religion`,
    `hmo`,
    `family_or_group`,
    `outstanding_balance`,
    `hmo_wallet`,
    `patient_id`,
    `nok_id`,
    `nok_num`,
    `date_time`,
    `date_of_birth`,
    `revision`,
    `origin_device_id`,
    `deleted_at`,
    `sync_status`,
    `last_modified`
  )
VALUES
  (
    4,
    NULL,
    'Ayoka',
    'Ailara',
    'Odo-oba, Iwo',
    '090987654321',
    NULL,
    NULL,
    NULL,
    NULL,
    'ayoka@mail.com',
    'F',
    '0',
    'Islam',
    'SDF',
    NULL,
    -863.80,
    NULL,
    '4/2504/GOH',
    2,
    '090123456789',
    '2025-04-04 15:22:17',
    NULL,
    1,
    NULL,
    NULL,
    0,
    '2025-11-08 13:38:48'
  );
INSERT INTO
  `patients` (
    `id`,
    `title`,
    `firstName`,
    `lastName`,
    `Address`,
    `phone_num`,
    `houseNum_or_name`,
    `street`,
    `city_and_state`,
    `country`,
    `email`,
    `gender`,
    `age`,
    `religion`,
    `hmo`,
    `family_or_group`,
    `outstanding_balance`,
    `hmo_wallet`,
    `patient_id`,
    `nok_id`,
    `nok_num`,
    `date_time`,
    `date_of_birth`,
    `revision`,
    `origin_device_id`,
    `deleted_at`,
    `sync_status`,
    `last_modified`
  )
VALUES
  (
    5,
    NULL,
    'Tawakalt',
    'Lateef',
    'Koso area, Oyo',
    NULL,
    NULL,
    NULL,
    NULL,
    NULL,
    NULL,
    'F',
    '0',
    'Islam',
    'SDF',
    NULL,
    0.00,
    NULL,
    '5/2504/GOH',
    3,
    '09012345678',
    '2025-04-04 16:02:12',
    '2010-02-10',
    1,
    NULL,
    NULL,
    0,
    '2025-11-08 13:38:48'
  );
INSERT INTO
  `patients` (
    `id`,
    `title`,
    `firstName`,
    `lastName`,
    `Address`,
    `phone_num`,
    `houseNum_or_name`,
    `street`,
    `city_and_state`,
    `country`,
    `email`,
    `gender`,
    `age`,
    `religion`,
    `hmo`,
    `family_or_group`,
    `outstanding_balance`,
    `hmo_wallet`,
    `patient_id`,
    `nok_id`,
    `nok_num`,
    `date_time`,
    `date_of_birth`,
    `revision`,
    `origin_device_id`,
    `deleted_at`,
    `sync_status`,
    `last_modified`
  )
VALUES
  (
    6,
    NULL,
    'Daniel',
    'Okpara',
    'Abanba,Ibadan',
    '08022345678',
    NULL,
    NULL,
    NULL,
    NULL,
    NULL,
    'M',
    '44',
    'Christianity',
    'OSHIA',
    NULL,
    -10737.50,
    2000.00,
    '6/2504/GOH',
    4,
    '09012345678',
    '2025-04-24 14:53:20',
    '2000-01-28',
    1,
    NULL,
    NULL,
    0,
    '2025-11-08 13:38:48'
  );
INSERT INTO
  `patients` (
    `id`,
    `title`,
    `firstName`,
    `lastName`,
    `Address`,
    `phone_num`,
    `houseNum_or_name`,
    `street`,
    `city_and_state`,
    `country`,
    `email`,
    `gender`,
    `age`,
    `religion`,
    `hmo`,
    `family_or_group`,
    `outstanding_balance`,
    `hmo_wallet`,
    `patient_id`,
    `nok_id`,
    `nok_num`,
    `date_time`,
    `date_of_birth`,
    `revision`,
    `origin_device_id`,
    `deleted_at`,
    `sync_status`,
    `last_modified`
  )
VALUES
  (
    7,
    'Mr.',
    'Kayode',
    'Ajani',
    'Oloyo village, Akanran Ibadan',
    '09112345678',
    NULL,
    NULL,
    NULL,
    NULL,
    NULL,
    'M',
    '33',
    'Christianity',
    'Nil',
    NULL,
    4176.00,
    13000.00,
    '7/2505/GOH',
    5,
    '09012345678',
    '2025-05-28 13:04:59',
    NULL,
    1,
    NULL,
    NULL,
    0,
    '2025-11-08 13:38:48'
  );
INSERT INTO
  `patients` (
    `id`,
    `title`,
    `firstName`,
    `lastName`,
    `Address`,
    `phone_num`,
    `houseNum_or_name`,
    `street`,
    `city_and_state`,
    `country`,
    `email`,
    `gender`,
    `age`,
    `religion`,
    `hmo`,
    `family_or_group`,
    `outstanding_balance`,
    `hmo_wallet`,
    `patient_id`,
    `nok_id`,
    `nok_num`,
    `date_time`,
    `date_of_birth`,
    `revision`,
    `origin_device_id`,
    `deleted_at`,
    `sync_status`,
    `last_modified`
  )
VALUES
  (
    8,
    'Miss',
    'Omo',
    'Tuntun',
    'ile wa Nile wa str ,Ilu tuntun ,Nigeria',
    NULL,
    'ile wa',
    'Nile wa str',
    'Ilu tuntun',
    'Nigeria',
    NULL,
    'F',
    '0',
    'Traditionalist',
    'Nil',
    'Chief Alani family',
    3000.00,
    NULL,
    '8/2507/GOH',
    6,
    '0911234567',
    '2025-07-07 18:08:06',
    '2025-07-03',
    1,
    NULL,
    NULL,
    0,
    '2025-11-08 13:38:48'
  );
INSERT INTO
  `patients` (
    `id`,
    `title`,
    `firstName`,
    `lastName`,
    `Address`,
    `phone_num`,
    `houseNum_or_name`,
    `street`,
    `city_and_state`,
    `country`,
    `email`,
    `gender`,
    `age`,
    `religion`,
    `hmo`,
    `family_or_group`,
    `outstanding_balance`,
    `hmo_wallet`,
    `patient_id`,
    `nok_id`,
    `nok_num`,
    `date_time`,
    `date_of_birth`,
    `revision`,
    `origin_device_id`,
    `deleted_at`,
    `sync_status`,
    `last_modified`
  )
VALUES
  (
    9,
    'Mrs.',
    'Alani',
    'Caroline',
    '24, Oseni str, Alakia, Ibadan, Oyo state Nigeria',
    '09012345678',
    '24',
    'Oseni str, Alakia',
    'Ibadan, Oyo state',
    'Nigeria',
    NULL,
    'F',
    '16',
    'Christianity',
    'OHIS',
    'Single/Personal',
    -1026.57,
    NULL,
    '9/2507/GOH',
    7,
    '09012345678',
    '2025-07-07 20:59:24',
    '2009-05-14',
    1,
    NULL,
    NULL,
    0,
    '2025-11-08 13:38:48'
  );
INSERT INTO
  `patients` (
    `id`,
    `title`,
    `firstName`,
    `lastName`,
    `Address`,
    `phone_num`,
    `houseNum_or_name`,
    `street`,
    `city_and_state`,
    `country`,
    `email`,
    `gender`,
    `age`,
    `religion`,
    `hmo`,
    `family_or_group`,
    `outstanding_balance`,
    `hmo_wallet`,
    `patient_id`,
    `nok_id`,
    `nok_num`,
    `date_time`,
    `date_of_birth`,
    `revision`,
    `origin_device_id`,
    `deleted_at`,
    `sync_status`,
    `last_modified`
  )
VALUES
  (
    10,
    'Mrs.',
    'Haddar',
    'Aggalla',
    '40, Alekuwowo, Ilorin, Kwara state ',
    NULL,
    '40',
    'Alekuwowo',
    'Ilorin, Kwara state',
    '',
    NULL,
    'F',
    '21',
    '',
    'Nil',
    'Chief Alani family',
    5000.00,
    NULL,
    '10/2507/GOH',
    8,
    '09112345678',
    '2025-07-08 16:50:15',
    '2004-03-12',
    1,
    NULL,
    NULL,
    0,
    '2025-11-08 13:38:48'
  );
INSERT INTO
  `patients` (
    `id`,
    `title`,
    `firstName`,
    `lastName`,
    `Address`,
    `phone_num`,
    `houseNum_or_name`,
    `street`,
    `city_and_state`,
    `country`,
    `email`,
    `gender`,
    `age`,
    `religion`,
    `hmo`,
    `family_or_group`,
    `outstanding_balance`,
    `hmo_wallet`,
    `patient_id`,
    `nok_id`,
    `nok_num`,
    `date_time`,
    `date_of_birth`,
    `revision`,
    `origin_device_id`,
    `deleted_at`,
    `sync_status`,
    `last_modified`
  )
VALUES
  (
    11,
    NULL,
    'Arada',
    'Awolo',
    '20, strtsrtsrt, Ibadan, Oyo state Nigeria',
    NULL,
    '20',
    'strtsrtsrt',
    'Ibadan, Oyo state',
    'Nigeria',
    NULL,
    'F',
    '16',
    '',
    '',
    'Loyola Farms',
    -500.00,
    NULL,
    '11/2507/GOH',
    9,
    '0912345678',
    '2025-07-09 06:44:05',
    '2009-03-07',
    1,
    NULL,
    NULL,
    0,
    '2025-11-08 13:38:48'
  );
INSERT INTO
  `patients` (
    `id`,
    `title`,
    `firstName`,
    `lastName`,
    `Address`,
    `phone_num`,
    `houseNum_or_name`,
    `street`,
    `city_and_state`,
    `country`,
    `email`,
    `gender`,
    `age`,
    `religion`,
    `hmo`,
    `family_or_group`,
    `outstanding_balance`,
    `hmo_wallet`,
    `patient_id`,
    `nok_id`,
    `nok_num`,
    `date_time`,
    `date_of_birth`,
    `revision`,
    `origin_device_id`,
    `deleted_at`,
    `sync_status`,
    `last_modified`
  )
VALUES
  (
    12,
    NULL,
    'Olalekan',
    'Olakusibe',
    '12, strt strtss str, Asogo, Oyo, Oyo state Nigeria',
    NULL,
    '12',
    'strt strtss str, Asogo',
    'Oyo, Oyo state',
    'Nigeria',
    NULL,
    'M',
    '25',
    '',
    '',
    'Loyola Farms',
    -7626.55,
    NULL,
    '12/2507/GOH',
    10,
    '09112345678',
    '2025-07-09 06:49:25',
    '2000-03-15',
    1,
    NULL,
    NULL,
    0,
    '2025-11-08 13:38:48'
  );
INSERT INTO
  `patients` (
    `id`,
    `title`,
    `firstName`,
    `lastName`,
    `Address`,
    `phone_num`,
    `houseNum_or_name`,
    `street`,
    `city_and_state`,
    `country`,
    `email`,
    `gender`,
    `age`,
    `religion`,
    `hmo`,
    `family_or_group`,
    `outstanding_balance`,
    `hmo_wallet`,
    `patient_id`,
    `nok_id`,
    `nok_num`,
    `date_time`,
    `date_of_birth`,
    `revision`,
    `origin_device_id`,
    `deleted_at`,
    `sync_status`,
    `last_modified`
  )
VALUES
  (
    13,
    'Mr.',
    'New',
    'Patient',
    '22, str str str, city and state leavein Nigeria',
    NULL,
    '22',
    'str str str',
    'city and state leavein',
    'Nigeria',
    NULL,
    'M',
    '2',
    'Islam',
    'Nil',
    'Single/Personal',
    -2500.00,
    NULL,
    '13/2507/GOH',
    11,
    '09012345678',
    '2025-07-11 07:33:34',
    '2023-03-08',
    1,
    NULL,
    NULL,
    0,
    '2025-11-08 13:38:48'
  );
INSERT INTO
  `patients` (
    `id`,
    `title`,
    `firstName`,
    `lastName`,
    `Address`,
    `phone_num`,
    `houseNum_or_name`,
    `street`,
    `city_and_state`,
    `country`,
    `email`,
    `gender`,
    `age`,
    `religion`,
    `hmo`,
    `family_or_group`,
    `outstanding_balance`,
    `hmo_wallet`,
    `patient_id`,
    `nok_id`,
    `nok_num`,
    `date_time`,
    `date_of_birth`,
    `revision`,
    `origin_device_id`,
    `deleted_at`,
    `sync_status`,
    `last_modified`
  )
VALUES
  (
    14,
    'Mrs.',
    'New 2',
    'Patients',
    '22, str, city adress Nigeria',
    NULL,
    '22',
    'str',
    'city adress',
    'Nigeria',
    NULL,
    'F',
    '31',
    '',
    'OSHIA',
    'Single/Personal',
    0.00,
    NULL,
    '14/2507/GOH',
    12,
    '09012345678',
    '2025-07-11 07:35:44',
    '1994-01-14',
    1,
    NULL,
    NULL,
    0,
    '2025-11-08 13:38:48'
  );
INSERT INTO
  `patients` (
    `id`,
    `title`,
    `firstName`,
    `lastName`,
    `Address`,
    `phone_num`,
    `houseNum_or_name`,
    `street`,
    `city_and_state`,
    `country`,
    `email`,
    `gender`,
    `age`,
    `religion`,
    `hmo`,
    `family_or_group`,
    `outstanding_balance`,
    `hmo_wallet`,
    `patient_id`,
    `nok_id`,
    `nok_num`,
    `date_time`,
    `date_of_birth`,
    `revision`,
    `origin_device_id`,
    `deleted_at`,
    `sync_status`,
    `last_modified`
  )
VALUES
  (
    17,
    NULL,
    'Omo',
    'Wa',
    'no 14, ilawa str, Ibadan, Oyo state Nigeria',
    NULL,
    'no 14',
    'ilawa str',
    'Ibadan, Oyo state',
    'Nigeria',
    NULL,
    'F',
    '5 days',
    '',
    '',
    '',
    -1500.00,
    NULL,
    '17/2507/GOH',
    13,
    '080123456789',
    '2025-07-15 10:28:18',
    '2025-07-10',
    1,
    NULL,
    NULL,
    0,
    '2025-11-08 13:38:48'
  );
INSERT INTO
  `patients` (
    `id`,
    `title`,
    `firstName`,
    `lastName`,
    `Address`,
    `phone_num`,
    `houseNum_or_name`,
    `street`,
    `city_and_state`,
    `country`,
    `email`,
    `gender`,
    `age`,
    `religion`,
    `hmo`,
    `family_or_group`,
    `outstanding_balance`,
    `hmo_wallet`,
    `patient_id`,
    `nok_id`,
    `nok_num`,
    `date_time`,
    `date_of_birth`,
    `revision`,
    `origin_device_id`,
    `deleted_at`,
    `sync_status`,
    `last_modified`
  )
VALUES
  (
    18,
    'Mr.',
    'Akanni',
    'Daud',
    '9, Atoyebi str, Ibadan, Oyo state Nigeria',
    NULL,
    '9',
    'Atoyebi str',
    'Ibadan, Oyo state',
    'Nigeria',
    NULL,
    'M',
    '22 years',
    'Islam',
    'OSHIA',
    'Engr Awodele Family',
    3000.00,
    NULL,
    '18/2507/GOH',
    14,
    '0908765543321',
    '2025-07-20 21:33:07',
    '2003-03-14',
    1,
    NULL,
    NULL,
    0,
    '2025-11-08 13:38:48'
  );
INSERT INTO
  `patients` (
    `id`,
    `title`,
    `firstName`,
    `lastName`,
    `Address`,
    `phone_num`,
    `houseNum_or_name`,
    `street`,
    `city_and_state`,
    `country`,
    `email`,
    `gender`,
    `age`,
    `religion`,
    `hmo`,
    `family_or_group`,
    `outstanding_balance`,
    `hmo_wallet`,
    `patient_id`,
    `nok_id`,
    `nok_num`,
    `date_time`,
    `date_of_birth`,
    `revision`,
    `origin_device_id`,
    `deleted_at`,
    `sync_status`,
    `last_modified`
  )
VALUES
  (
    19,
    'Mrs.',
    'Tawalkat',
    'Lateef',
    '4, Mainstrt, Ayegun, Ogbomoso Nigeria',
    '09012345679',
    '4',
    'Mainstrt',
    'Ayegun, Ogbomoso',
    'Nigeria',
    NULL,
    'F',
    '25 years',
    'Islam',
    'Nil',
    'Chief Alani family',
    -7000.00,
    NULL,
    '19/2507/GOH',
    15,
    '09087654322',
    '2025-07-30 15:18:05',
    '2000-05-10',
    1,
    NULL,
    NULL,
    0,
    '2025-11-08 13:38:48'
  );
INSERT INTO
  `patients` (
    `id`,
    `title`,
    `firstName`,
    `lastName`,
    `Address`,
    `phone_num`,
    `houseNum_or_name`,
    `street`,
    `city_and_state`,
    `country`,
    `email`,
    `gender`,
    `age`,
    `religion`,
    `hmo`,
    `family_or_group`,
    `outstanding_balance`,
    `hmo_wallet`,
    `patient_id`,
    `nok_id`,
    `nok_num`,
    `date_time`,
    `date_of_birth`,
    `revision`,
    `origin_device_id`,
    `deleted_at`,
    `sync_status`,
    `last_modified`
  )
VALUES
  (
    20,
    'Mrs.',
    'Ayinde',
    'Ajoke',
    '2, address wa, Iluwa Nigeria',
    NULL,
    '2',
    'address wa',
    'Iluwa',
    'Nigeria',
    NULL,
    'F',
    '28 years',
    'Christianity',
    'Nil',
    'Engr Awodele Family',
    8000.00,
    NULL,
    '20/2508/GOH',
    16,
    '09012345678',
    '2025-08-03 18:37:02',
    '1997-02-05',
    1,
    NULL,
    NULL,
    0,
    '2025-11-08 13:38:48'
  );
INSERT INTO
  `patients` (
    `id`,
    `title`,
    `firstName`,
    `lastName`,
    `Address`,
    `phone_num`,
    `houseNum_or_name`,
    `street`,
    `city_and_state`,
    `country`,
    `email`,
    `gender`,
    `age`,
    `religion`,
    `hmo`,
    `family_or_group`,
    `outstanding_balance`,
    `hmo_wallet`,
    `patient_id`,
    `nok_id`,
    `nok_num`,
    `date_time`,
    `date_of_birth`,
    `revision`,
    `origin_device_id`,
    `deleted_at`,
    `sync_status`,
    `last_modified`
  )
VALUES
  (
    21,
    'Pastor',
    'Kola',
    'Adeyemo',
    'ile Kitipi, Isale oja, Ijeru, Ogbomoso, Oyo state Nigeria',
    '080987654321',
    'ile Kitipi',
    'Isale oja, Ijeru',
    'Ogbomoso, Oyo state',
    'Nigeria',
    NULL,
    'M',
    '40 years',
    'Christianity',
    'OHIS',
    'Chief Alani family',
    -5200.00,
    NULL,
    '21/2508/GOH',
    17,
    '090987654321',
    '2025-08-24 12:27:49',
    '1985-04-13',
    1,
    NULL,
    NULL,
    0,
    '2025-11-08 13:38:48'
  );
INSERT INTO
  `patients` (
    `id`,
    `title`,
    `firstName`,
    `lastName`,
    `Address`,
    `phone_num`,
    `houseNum_or_name`,
    `street`,
    `city_and_state`,
    `country`,
    `email`,
    `gender`,
    `age`,
    `religion`,
    `hmo`,
    `family_or_group`,
    `outstanding_balance`,
    `hmo_wallet`,
    `patient_id`,
    `nok_id`,
    `nok_num`,
    `date_time`,
    `date_of_birth`,
    `revision`,
    `origin_device_id`,
    `deleted_at`,
    `sync_status`,
    `last_modified`
  )
VALUES
  (
    22,
    NULL,
    'Alakori',
    'Alakowe',
    'Ile mopin, Isale Osi, Mopepe Area, Ogbomoso Oyo state Nigeria',
    '09102345678',
    'Ile mopin, Isale Osi',
    'Mopepe Area',
    'Ogbomoso Oyo state',
    'Nigeria',
    NULL,
    'M',
    '42 years',
    'Traditionalist',
    'Nil',
    'Loyola Farms',
    -8375.00,
    NULL,
    '22/2508/GOH',
    18,
    '090987654432',
    '2025-08-31 15:36:47',
    '1983-06-16',
    1,
    NULL,
    NULL,
    0,
    '2025-11-08 13:38:48'
  );
INSERT INTO
  `patients` (
    `id`,
    `title`,
    `firstName`,
    `lastName`,
    `Address`,
    `phone_num`,
    `houseNum_or_name`,
    `street`,
    `city_and_state`,
    `country`,
    `email`,
    `gender`,
    `age`,
    `religion`,
    `hmo`,
    `family_or_group`,
    `outstanding_balance`,
    `hmo_wallet`,
    `patient_id`,
    `nok_id`,
    `nok_num`,
    `date_time`,
    `date_of_birth`,
    `revision`,
    `origin_device_id`,
    `deleted_at`,
    `sync_status`,
    `last_modified`
  )
VALUES
  (
    23,
    'Mrs.',
    'Rofiat',
    'Olaniyan',
    'no2, Alagbetajo, oyo Nigeria',
    '08100064935',
    'no2',
    'Alagbetajo',
    'oyo',
    'Nigeria',
    NULL,
    'F',
    '75 years',
    'Islam',
    'Nil',
    'Single/Personal',
    6266.00,
    NULL,
    '23/2510/GOH',
    19,
    '08133667861',
    '2025-10-12 16:43:46',
    '1950-01-01',
    1,
    NULL,
    NULL,
    0,
    '2025-11-08 13:38:48'
  );
INSERT INTO
  `patients` (
    `id`,
    `title`,
    `firstName`,
    `lastName`,
    `Address`,
    `phone_num`,
    `houseNum_or_name`,
    `street`,
    `city_and_state`,
    `country`,
    `email`,
    `gender`,
    `age`,
    `religion`,
    `hmo`,
    `family_or_group`,
    `outstanding_balance`,
    `hmo_wallet`,
    `patient_id`,
    `nok_id`,
    `nok_num`,
    `date_time`,
    `date_of_birth`,
    `revision`,
    `origin_device_id`,
    `deleted_at`,
    `sync_status`,
    `last_modified`
  )
VALUES
  (
    24,
    'Mrs.',
    'Adufe',
    'Ayeni',
    '12, Ajaka str, Akinmorin, Oyo, Oyo state Nigeria',
    '01234567899',
    '12',
    'Ajaka str',
    'Akinmorin, Oyo, Oyo state',
    'Nigeria',
    NULL,
    'F',
    '37 years',
    'Christianity',
    'HYGIA',
    'Mr Atanda Family',
    0.00,
    NULL,
    '24/2512/GOH',
    1,
    '09876543210',
    '2025-12-26 21:57:35',
    '1988-01-21',
    1,
    NULL,
    NULL,
    0,
    '2025-12-26 21:57:35'
  );
INSERT INTO
  `patients` (
    `id`,
    `title`,
    `firstName`,
    `lastName`,
    `Address`,
    `phone_num`,
    `houseNum_or_name`,
    `street`,
    `city_and_state`,
    `country`,
    `email`,
    `gender`,
    `age`,
    `religion`,
    `hmo`,
    `family_or_group`,
    `outstanding_balance`,
    `hmo_wallet`,
    `patient_id`,
    `nok_id`,
    `nok_num`,
    `date_time`,
    `date_of_birth`,
    `revision`,
    `origin_device_id`,
    `deleted_at`,
    `sync_status`,
    `last_modified`
  )
VALUES
  (
    25,
    'Comrade',
    'Ajasa',
    'Olowolagba',
    '13, fadeyi str, Awoyaya, Ibadan, Oyo state Nigeria',
    NULL,
    '13',
    'fadeyi str, Awoyaya',
    'Ibadan, Oyo state',
    'Nigeria',
    NULL,
    'M',
    '34 years',
    'Islam',
    'Nil',
    'Single/Personal',
    0.00,
    NULL,
    '25/2512/GOH',
    2,
    '09876543211',
    '2025-12-26 22:09:15',
    '1991-05-15',
    1,
    NULL,
    NULL,
    0,
    '2025-12-26 22:09:15'
  );
INSERT INTO
  `patients` (
    `id`,
    `title`,
    `firstName`,
    `lastName`,
    `Address`,
    `phone_num`,
    `houseNum_or_name`,
    `street`,
    `city_and_state`,
    `country`,
    `email`,
    `gender`,
    `age`,
    `religion`,
    `hmo`,
    `family_or_group`,
    `outstanding_balance`,
    `hmo_wallet`,
    `patient_id`,
    `nok_id`,
    `nok_num`,
    `date_time`,
    `date_of_birth`,
    `revision`,
    `origin_device_id`,
    `deleted_at`,
    `sync_status`,
    `last_modified`
  )
VALUES
  (
    26,
    'Comrade',
    'Adisa',
    'Gbolagade',
    '12, Kaasumu str, Akala express, Ibadan, Oyo state Nigeria',
    '09099112233',
    '12',
    'Kaasumu str, Akala express',
    'Ibadan, Oyo state',
    'Nigeria',
    NULL,
    'F',
    '37 years',
    'Traditionalist',
    'OSHIA',
    'Engr Awodele Family',
    -2234.00,
    NULL,
    '26/2601/GOH',
    3,
    '09012345678',
    '2026-01-05 18:26:26',
    '1988-01-13',
    1,
    NULL,
    NULL,
    0,
    '2026-01-05 18:26:26'
  );

# ------------------------------------------------------------
# DATA DUMP FOR TABLE: payments
# ------------------------------------------------------------

INSERT INTO
  `payments` (
    `id`,
    `patient_id`,
    `rx_time`,
    `amount_paid`,
    `paid_for`,
    `bill_reference`,
    `payment_method`,
    `bank_name`,
    `payer_type`,
    `confirmed_by`,
    `date_time`,
    `rx_session`,
    `wallet_txn_ref`,
    `branch_id`
  )
VALUES
  (
    58,
    '17/2507/GOH',
    '2025-07-30 15:31:06',
    1500.00,
    'treatment',
    NULL,
    'wallet',
    'N/A',
    'patient',
    'Abiodun Salako',
    '2025-08-01 05:25:39',
    'g5pvz.1753885866833',
    'deposit-1754022339047',
    NULL
  );
INSERT INTO
  `payments` (
    `id`,
    `patient_id`,
    `rx_time`,
    `amount_paid`,
    `paid_for`,
    `bill_reference`,
    `payment_method`,
    `bank_name`,
    `payer_type`,
    `confirmed_by`,
    `date_time`,
    `rx_session`,
    `wallet_txn_ref`,
    `branch_id`
  )
VALUES
  (
    59,
    '17/2507/GOH',
    '2025-07-30 15:31:06',
    1500.00,
    'treatment',
    NULL,
    'wallet',
    'N/A',
    'patient',
    'Abiodun Salako',
    '2025-08-17 19:16:41',
    'g5pvz.1753885866833',
    'deposit-1755454601813',
    NULL
  );
INSERT INTO
  `payments` (
    `id`,
    `patient_id`,
    `rx_time`,
    `amount_paid`,
    `paid_for`,
    `bill_reference`,
    `payment_method`,
    `bank_name`,
    `payer_type`,
    `confirmed_by`,
    `date_time`,
    `rx_session`,
    `wallet_txn_ref`,
    `branch_id`
  )
VALUES
  (
    60,
    '12/2507/GOH',
    '2025-08-22 09:51:14',
    25000.00,
    'treatment',
    NULL,
    'wallet',
    'N/A',
    'family/group',
    'Abiodun Salako',
    '2025-08-22 16:40:54',
    '0sbrl.1755852674905',
    'deposit-1755877254912',
    NULL
  );
INSERT INTO
  `payments` (
    `id`,
    `patient_id`,
    `rx_time`,
    `amount_paid`,
    `paid_for`,
    `bill_reference`,
    `payment_method`,
    `bank_name`,
    `payer_type`,
    `confirmed_by`,
    `date_time`,
    `rx_session`,
    `wallet_txn_ref`,
    `branch_id`
  )
VALUES
  (
    61,
    'customer',
    '2025-08-23 09:54:21',
    2000.00,
    'Outpatient sales',
    NULL,
    'cash',
    'N/A',
    'patient',
    'Doctor Abiodun Salako',
    '2025-08-23 09:54:27',
    'sales.1755939261857',
    NULL,
    NULL
  );
INSERT INTO
  `payments` (
    `id`,
    `patient_id`,
    `rx_time`,
    `amount_paid`,
    `paid_for`,
    `bill_reference`,
    `payment_method`,
    `bank_name`,
    `payer_type`,
    `confirmed_by`,
    `date_time`,
    `rx_session`,
    `wallet_txn_ref`,
    `branch_id`
  )
VALUES
  (
    62,
    'customer',
    '2025-08-23 14:26:40',
    7000.00,
    'Outpatient sales',
    NULL,
    'bank (trf or card) to Zenith Bank',
    'N/A',
    'customer',
    'Doctor Abiodun Salako',
    '2025-08-23 14:26:42',
    'sales.1755955600045',
    NULL,
    NULL
  );
INSERT INTO
  `payments` (
    `id`,
    `patient_id`,
    `rx_time`,
    `amount_paid`,
    `paid_for`,
    `bill_reference`,
    `payment_method`,
    `bank_name`,
    `payer_type`,
    `confirmed_by`,
    `date_time`,
    `rx_session`,
    `wallet_txn_ref`,
    `branch_id`
  )
VALUES
  (
    63,
    '17/2507/GOH',
    '2025-07-30 15:31:06',
    1000.00,
    'treatment',
    NULL,
    'wallet',
    'N/A',
    'patient',
    'Abiodun Salako',
    '2025-08-23 15:23:15',
    'g5pvz.1753885866833',
    'deposit-1755958995318',
    NULL
  );
INSERT INTO
  `payments` (
    `id`,
    `patient_id`,
    `rx_time`,
    `amount_paid`,
    `paid_for`,
    `bill_reference`,
    `payment_method`,
    `bank_name`,
    `payer_type`,
    `confirmed_by`,
    `date_time`,
    `rx_session`,
    `wallet_txn_ref`,
    `branch_id`
  )
VALUES
  (
    64,
    'customer',
    '2025-08-25 09:41:29',
    2000.00,
    'Outpatient sales',
    NULL,
    'bank (trf or card) to GTBank',
    'N/A',
    'customer',
    'Doctor Abiodun Salako',
    '2025-08-25 09:41:40',
    'sales.1756111289851',
    NULL,
    NULL
  );
INSERT INTO
  `payments` (
    `id`,
    `patient_id`,
    `rx_time`,
    `amount_paid`,
    `paid_for`,
    `bill_reference`,
    `payment_method`,
    `bank_name`,
    `payer_type`,
    `confirmed_by`,
    `date_time`,
    `rx_session`,
    `wallet_txn_ref`,
    `branch_id`
  )
VALUES
  (
    65,
    'customer',
    '2025-08-31 14:41:33',
    2000.00,
    'Outpatient sales',
    NULL,
    'bank (trf or card) to GTBank',
    'N/A',
    'customer',
    'Doctor Abiodun Salako',
    '2025-08-31 14:41:41',
    'sales.1756647693321',
    NULL,
    NULL
  );
INSERT INTO
  `payments` (
    `id`,
    `patient_id`,
    `rx_time`,
    `amount_paid`,
    `paid_for`,
    `bill_reference`,
    `payment_method`,
    `bank_name`,
    `payer_type`,
    `confirmed_by`,
    `date_time`,
    `rx_session`,
    `wallet_txn_ref`,
    `branch_id`
  )
VALUES
  (
    66,
    '17/2507/GOH',
    '2025-07-30 15:31:06',
    1000.00,
    'treatment',
    NULL,
    'wallet',
    'N/A',
    'patient',
    'Abiodun Salako',
    '2025-08-31 14:42:26',
    'g5pvz.1753885866833',
    'deposit-1756647746228',
    NULL
  );
INSERT INTO
  `payments` (
    `id`,
    `patient_id`,
    `rx_time`,
    `amount_paid`,
    `paid_for`,
    `bill_reference`,
    `payment_method`,
    `bank_name`,
    `payer_type`,
    `confirmed_by`,
    `date_time`,
    `rx_session`,
    `wallet_txn_ref`,
    `branch_id`
  )
VALUES
  (
    67,
    'customer',
    '2025-09-06 15:04:20',
    4000.00,
    'Outpatient sales',
    NULL,
    'bank (trf or card) to GTBank',
    'N/A',
    'customer',
    'Doctor Abiodun Salako',
    '2025-09-06 15:04:29',
    'sales.1757167460258',
    NULL,
    NULL
  );
INSERT INTO
  `payments` (
    `id`,
    `patient_id`,
    `rx_time`,
    `amount_paid`,
    `paid_for`,
    `bill_reference`,
    `payment_method`,
    `bank_name`,
    `payer_type`,
    `confirmed_by`,
    `date_time`,
    `rx_session`,
    `wallet_txn_ref`,
    `branch_id`
  )
VALUES
  (
    68,
    '21/2508/GOH',
    '2025-09-20 12:52:46',
    2600.00,
    'treatment',
    NULL,
    'Wallet',
    'N/A',
    'patient',
    'Doctor Abiodun Salako',
    '2025-09-21 09:56:08',
    'sn125.1756731169422',
    NULL,
    NULL
  );
INSERT INTO
  `payments` (
    `id`,
    `patient_id`,
    `rx_time`,
    `amount_paid`,
    `paid_for`,
    `bill_reference`,
    `payment_method`,
    `bank_name`,
    `payer_type`,
    `confirmed_by`,
    `date_time`,
    `rx_session`,
    `wallet_txn_ref`,
    `branch_id`
  )
VALUES
  (
    69,
    '21/2508/GOH',
    '2025-09-20 12:52:46',
    2400.00,
    'rx_bill',
    NULL,
    'Wallet',
    'N/A',
    'patient',
    'Abiodun Salako',
    '2025-09-21 10:03:03',
    'sn125.1756731169422',
    NULL,
    NULL
  );
INSERT INTO
  `payments` (
    `id`,
    `patient_id`,
    `rx_time`,
    `amount_paid`,
    `paid_for`,
    `bill_reference`,
    `payment_method`,
    `bank_name`,
    `payer_type`,
    `confirmed_by`,
    `date_time`,
    `rx_session`,
    `wallet_txn_ref`,
    `branch_id`
  )
VALUES
  (
    70,
    '19/2507/GOH',
    '2025-08-31 12:33:03',
    2500.00,
    'rx_bill',
    NULL,
    'Wallet',
    'N/A',
    'patient',
    'Abiodun Salako',
    '2025-10-01 09:37:21',
    'vsauj.1756639983223',
    NULL,
    NULL
  );
INSERT INTO
  `payments` (
    `id`,
    `patient_id`,
    `rx_time`,
    `amount_paid`,
    `paid_for`,
    `bill_reference`,
    `payment_method`,
    `bank_name`,
    `payer_type`,
    `confirmed_by`,
    `date_time`,
    `rx_session`,
    `wallet_txn_ref`,
    `branch_id`
  )
VALUES
  (
    71,
    '19/2507/GOH',
    '2025-08-31 12:33:03',
    7500.00,
    'treatment',
    NULL,
    'wallet',
    'N/A',
    'patient',
    'Abiodun Salako',
    '2025-10-02 18:16:22',
    'vsauj.1756639983223',
    'deposit-1759425382607',
    NULL
  );
INSERT INTO
  `payments` (
    `id`,
    `patient_id`,
    `rx_time`,
    `amount_paid`,
    `paid_for`,
    `bill_reference`,
    `payment_method`,
    `bank_name`,
    `payer_type`,
    `confirmed_by`,
    `date_time`,
    `rx_session`,
    `wallet_txn_ref`,
    `branch_id`
  )
VALUES
  (
    72,
    '7/2505/GOH',
    '2025-10-03 10:14:28',
    0.00,
    'treatment',
    NULL,
    'Wallet',
    'N/A',
    'patient',
    'Doctor Abiodun Salako',
    '2025-10-03 10:23:56',
    '0su2m.1759482868397',
    NULL,
    NULL
  );
INSERT INTO
  `payments` (
    `id`,
    `patient_id`,
    `rx_time`,
    `amount_paid`,
    `paid_for`,
    `bill_reference`,
    `payment_method`,
    `bank_name`,
    `payer_type`,
    `confirmed_by`,
    `date_time`,
    `rx_session`,
    `wallet_txn_ref`,
    `branch_id`
  )
VALUES
  (
    73,
    '22/2508/GOH',
    '2025-10-03 16:30:24',
    5375.00,
    'treatment',
    NULL,
    'wallet',
    'N/A',
    'patient',
    'Abiodun Salako',
    '2025-10-03 16:50:40',
    'zn4pr.1759418103400',
    'deposit-1759506640482',
    NULL
  );
INSERT INTO
  `payments` (
    `id`,
    `patient_id`,
    `rx_time`,
    `amount_paid`,
    `paid_for`,
    `bill_reference`,
    `payment_method`,
    `bank_name`,
    `payer_type`,
    `confirmed_by`,
    `date_time`,
    `rx_session`,
    `wallet_txn_ref`,
    `branch_id`
  )
VALUES
  (
    74,
    '9/2507/GOH',
    '2025-10-03 16:39:59',
    5526.57,
    'treatment',
    NULL,
    'wallet',
    'N/A',
    'patient',
    'Abiodun Salako',
    '2025-10-03 16:58:18',
    '1dlbz.1759505999985',
    'deposit-1759507098733',
    NULL
  );
INSERT INTO
  `payments` (
    `id`,
    `patient_id`,
    `rx_time`,
    `amount_paid`,
    `paid_for`,
    `bill_reference`,
    `payment_method`,
    `bank_name`,
    `payer_type`,
    `confirmed_by`,
    `date_time`,
    `rx_session`,
    `wallet_txn_ref`,
    `branch_id`
  )
VALUES
  (
    75,
    '4/2504/GOH',
    '2025-10-04 07:13:16',
    1960.80,
    'treatment',
    NULL,
    'wallet',
    'N/A',
    'patient',
    'Abiodun Salako',
    '2025-10-04 07:44:54',
    'vbuke.1759558396759',
    'deposit-1759560294472',
    NULL
  );
INSERT INTO
  `payments` (
    `id`,
    `patient_id`,
    `rx_time`,
    `amount_paid`,
    `paid_for`,
    `bill_reference`,
    `payment_method`,
    `bank_name`,
    `payer_type`,
    `confirmed_by`,
    `date_time`,
    `rx_session`,
    `wallet_txn_ref`,
    `branch_id`
  )
VALUES
  (
    76,
    '4/2504/GOH',
    '2025-10-04 07:18:14',
    39.20,
    'treatment',
    NULL,
    'wallet',
    'N/A',
    'patient',
    'Abiodun Salako',
    '2025-10-04 07:44:54',
    'vbuke.1759558396759',
    'deposit-1759560294472',
    NULL
  );
INSERT INTO
  `payments` (
    `id`,
    `patient_id`,
    `rx_time`,
    `amount_paid`,
    `paid_for`,
    `bill_reference`,
    `payment_method`,
    `bank_name`,
    `payer_type`,
    `confirmed_by`,
    `date_time`,
    `rx_session`,
    `wallet_txn_ref`,
    `branch_id`
  )
VALUES
  (
    77,
    '12/2507/GOH',
    '2025-10-04 08:12:09',
    2956.25,
    'treatment',
    NULL,
    'wallet',
    'N/A',
    'family/group',
    'Abiodun Salako',
    '2025-10-04 08:28:18',
    'v2uoz.1759561442965',
    'deposit-1759562898623',
    NULL
  );
INSERT INTO
  `payments` (
    `id`,
    `patient_id`,
    `rx_time`,
    `amount_paid`,
    `paid_for`,
    `bill_reference`,
    `payment_method`,
    `bank_name`,
    `payer_type`,
    `confirmed_by`,
    `date_time`,
    `rx_session`,
    `wallet_txn_ref`,
    `branch_id`
  )
VALUES
  (
    78,
    '12/2507/GOH',
    '2025-10-04 08:16:20',
    4043.75,
    'treatment',
    NULL,
    'wallet',
    'N/A',
    'family/group',
    'Abiodun Salako',
    '2025-10-04 08:28:18',
    'v2uoz.1759561442965',
    'deposit-1759562898623',
    NULL
  );
INSERT INTO
  `payments` (
    `id`,
    `patient_id`,
    `rx_time`,
    `amount_paid`,
    `paid_for`,
    `bill_reference`,
    `payment_method`,
    `bank_name`,
    `payer_type`,
    `confirmed_by`,
    `date_time`,
    `rx_session`,
    `wallet_txn_ref`,
    `branch_id`
  )
VALUES
  (
    79,
    '23/2510/GOH',
    '2025-12-25 08:41:49',
    1000.00,
    'treatment',
    NULL,
    'wallet',
    'N/A',
    'patient',
    'Abiodun Salako',
    '2025-12-25 09:42:43',
    '15',
    'deposit-1766652163821',
    NULL
  );
INSERT INTO
  `payments` (
    `id`,
    `patient_id`,
    `rx_time`,
    `amount_paid`,
    `paid_for`,
    `bill_reference`,
    `payment_method`,
    `bank_name`,
    `payer_type`,
    `confirmed_by`,
    `date_time`,
    `rx_session`,
    `wallet_txn_ref`,
    `branch_id`
  )
VALUES
  (
    80,
    '23/2510/GOH',
    '2025-12-25 08:41:49',
    5000.00,
    'treatment',
    NULL,
    'wallet',
    'N/A',
    'patient',
    'Abiodun Salako',
    '2025-12-25 15:28:17',
    '15',
    'deposit-1766672897259',
    NULL
  );
INSERT INTO
  `payments` (
    `id`,
    `patient_id`,
    `rx_time`,
    `amount_paid`,
    `paid_for`,
    `bill_reference`,
    `payment_method`,
    `bank_name`,
    `payer_type`,
    `confirmed_by`,
    `date_time`,
    `rx_session`,
    `wallet_txn_ref`,
    `branch_id`
  )
VALUES
  (
    81,
    '23/2510/GOH',
    '2025-12-25 15:15:34',
    234.00,
    'treatment',
    NULL,
    'wallet',
    'N/A',
    'patient',
    'Abiodun Salako',
    '2025-12-25 17:09:08',
    'tzesl.1766672134843',
    'deposit-1766678948088',
    NULL
  );
INSERT INTO
  `payments` (
    `id`,
    `patient_id`,
    `rx_time`,
    `amount_paid`,
    `paid_for`,
    `bill_reference`,
    `payment_method`,
    `bank_name`,
    `payer_type`,
    `confirmed_by`,
    `date_time`,
    `rx_session`,
    `wallet_txn_ref`,
    `branch_id`
  )
VALUES
  (
    82,
    '23/2510/GOH',
    '2025-12-25 08:41:49',
    1500.00,
    'treatment',
    NULL,
    'wallet',
    'N/A',
    'patient',
    'Abiodun Salako',
    '2025-12-25 17:09:08',
    '15',
    'deposit-1766678948088',
    NULL
  );
INSERT INTO
  `payments` (
    `id`,
    `patient_id`,
    `rx_time`,
    `amount_paid`,
    `paid_for`,
    `bill_reference`,
    `payment_method`,
    `bank_name`,
    `payer_type`,
    `confirmed_by`,
    `date_time`,
    `rx_session`,
    `wallet_txn_ref`,
    `branch_id`
  )
VALUES
  (
    83,
    '23/2510/GOH',
    '2025-12-25 15:12:39',
    2000.00,
    'treatment',
    NULL,
    'wallet',
    'N/A',
    'patient',
    'Abiodun Salako',
    '2025-12-25 17:09:08',
    '16',
    'deposit-1766678948088',
    NULL
  );
INSERT INTO
  `payments` (
    `id`,
    `patient_id`,
    `rx_time`,
    `amount_paid`,
    `paid_for`,
    `bill_reference`,
    `payment_method`,
    `bank_name`,
    `payer_type`,
    `confirmed_by`,
    `date_time`,
    `rx_session`,
    `wallet_txn_ref`,
    `branch_id`
  )
VALUES
  (
    84,
    '13/2507/GOH',
    '2025-12-25 21:23:28',
    1000.00,
    'treatment',
    NULL,
    'wallet',
    'N/A',
    'patient',
    'Abiodun Salako',
    '2025-12-25 21:25:58',
    'tyd9i.1766694208260',
    'deposit-1766694358320',
    NULL
  );
INSERT INTO
  `payments` (
    `id`,
    `patient_id`,
    `rx_time`,
    `amount_paid`,
    `paid_for`,
    `bill_reference`,
    `payment_method`,
    `bank_name`,
    `payer_type`,
    `confirmed_by`,
    `date_time`,
    `rx_session`,
    `wallet_txn_ref`,
    `branch_id`
  )
VALUES
  (
    85,
    '12/2507/GOH',
    '2025-10-04 08:16:20',
    1331.25,
    'treatment',
    NULL,
    'wallet',
    'N/A',
    'family/group',
    'Abiodun Salako',
    '2025-12-26 12:23:02',
    'v2uoz.1759561442965',
    'deposit-1766748182956',
    NULL
  );
INSERT INTO
  `payments` (
    `id`,
    `patient_id`,
    `rx_time`,
    `amount_paid`,
    `paid_for`,
    `bill_reference`,
    `payment_method`,
    `bank_name`,
    `payer_type`,
    `confirmed_by`,
    `date_time`,
    `rx_session`,
    `wallet_txn_ref`,
    `branch_id`
  )
VALUES
  (
    86,
    '22/2508/GOH',
    '2025-12-26 11:45:31',
    4000.00,
    'treatment',
    NULL,
    'wallet',
    'N/A',
    'family/group',
    'Abiodun Salako',
    '2025-12-26 12:23:02',
    'h5otn.1766744913963',
    'deposit-1766748182956',
    NULL
  );
INSERT INTO
  `payments` (
    `id`,
    `patient_id`,
    `rx_time`,
    `amount_paid`,
    `paid_for`,
    `bill_reference`,
    `payment_method`,
    `bank_name`,
    `payer_type`,
    `confirmed_by`,
    `date_time`,
    `rx_session`,
    `wallet_txn_ref`,
    `branch_id`
  )
VALUES
  (
    87,
    '7/2505/GOH',
    '2025-10-03 10:14:28',
    5000.00,
    'treatment',
    NULL,
    'wallet',
    'N/A',
    'patient',
    'Abiodun Salako',
    '2026-01-04 18:02:26',
    '0su2m.1759482868397',
    'deposit-1767546146060',
    NULL
  );
INSERT INTO
  `payments` (
    `id`,
    `patient_id`,
    `rx_time`,
    `amount_paid`,
    `paid_for`,
    `bill_reference`,
    `payment_method`,
    `bank_name`,
    `payer_type`,
    `confirmed_by`,
    `date_time`,
    `rx_session`,
    `wallet_txn_ref`,
    `branch_id`
  )
VALUES
  (
    88,
    '7/2505/GOH',
    '2025-10-03 10:14:28',
    800.00,
    'treatment',
    NULL,
    'wallet',
    'N/A',
    'patient',
    'Abiodun Salako',
    '2026-01-05 17:59:20',
    '0su2m.1759482868397',
    'deposit-1767632360645',
    NULL
  );
INSERT INTO
  `payments` (
    `id`,
    `patient_id`,
    `rx_time`,
    `amount_paid`,
    `paid_for`,
    `bill_reference`,
    `payment_method`,
    `bank_name`,
    `payer_type`,
    `confirmed_by`,
    `date_time`,
    `rx_session`,
    `wallet_txn_ref`,
    `branch_id`
  )
VALUES
  (
    89,
    '7/2505/GOH',
    '2026-01-04 17:59:29',
    200.00,
    'treatment',
    NULL,
    'wallet',
    'N/A',
    'patient',
    'Abiodun Salako',
    '2026-01-05 17:59:20',
    '7zx93.1767545969441',
    'deposit-1767632360645',
    NULL
  );
INSERT INTO
  `payments` (
    `id`,
    `patient_id`,
    `rx_time`,
    `amount_paid`,
    `paid_for`,
    `bill_reference`,
    `payment_method`,
    `bank_name`,
    `payer_type`,
    `confirmed_by`,
    `date_time`,
    `rx_session`,
    `wallet_txn_ref`,
    `branch_id`
  )
VALUES
  (
    90,
    '9/2507/GOH',
    '2025-10-03 18:23:03',
    1612.50,
    'treatment',
    NULL,
    'wallet',
    'N/A',
    'patient',
    'Abiodun Salako',
    '2026-01-05 18:04:46',
    '1dlbz.1759505999985',
    'deposit-1767632686690',
    NULL
  );
INSERT INTO
  `payments` (
    `id`,
    `patient_id`,
    `rx_time`,
    `amount_paid`,
    `paid_for`,
    `bill_reference`,
    `payment_method`,
    `bank_name`,
    `payer_type`,
    `confirmed_by`,
    `date_time`,
    `rx_session`,
    `wallet_txn_ref`,
    `branch_id`
  )
VALUES
  (
    91,
    '9/2507/GOH',
    '2025-10-03 16:37:32',
    387.50,
    'treatment',
    NULL,
    'wallet',
    'N/A',
    'patient',
    'Abiodun Salako',
    '2026-01-05 18:04:46',
    '7',
    'deposit-1767632686690',
    NULL
  );
INSERT INTO
  `payments` (
    `id`,
    `patient_id`,
    `rx_time`,
    `amount_paid`,
    `paid_for`,
    `bill_reference`,
    `payment_method`,
    `bank_name`,
    `payer_type`,
    `confirmed_by`,
    `date_time`,
    `rx_session`,
    `wallet_txn_ref`,
    `branch_id`
  )
VALUES
  (
    92,
    '9/2507/GOH',
    '2025-10-03 16:37:32',
    200.00,
    'treatment',
    NULL,
    'wallet',
    'N/A',
    'patient',
    'Abiodun Salako',
    '2026-01-05 18:06:10',
    '7',
    'deposit-1767632770674',
    NULL
  );
INSERT INTO
  `payments` (
    `id`,
    `patient_id`,
    `rx_time`,
    `amount_paid`,
    `paid_for`,
    `bill_reference`,
    `payment_method`,
    `bank_name`,
    `payer_type`,
    `confirmed_by`,
    `date_time`,
    `rx_session`,
    `wallet_txn_ref`,
    `branch_id`
  )
VALUES
  (
    93,
    '9/2507/GOH',
    '2025-10-03 16:37:32',
    1000.00,
    'treatment',
    NULL,
    'wallet',
    'N/A',
    'patient',
    'Abiodun Salako',
    '2026-01-05 18:11:42',
    '7',
    'deposit-1767633102445',
    NULL
  );
INSERT INTO
  `payments` (
    `id`,
    `patient_id`,
    `rx_time`,
    `amount_paid`,
    `paid_for`,
    `bill_reference`,
    `payment_method`,
    `bank_name`,
    `payer_type`,
    `confirmed_by`,
    `date_time`,
    `rx_session`,
    `wallet_txn_ref`,
    `branch_id`
  )
VALUES
  (
    94,
    '9/2507/GOH',
    '2025-10-03 16:37:32',
    400.00,
    'treatment',
    NULL,
    'wallet',
    'N/A',
    'patient',
    'Abiodun Salako',
    '2026-01-05 18:13:29',
    '7',
    'deposit-1767633209963',
    NULL
  );
INSERT INTO
  `payments` (
    `id`,
    `patient_id`,
    `rx_time`,
    `amount_paid`,
    `paid_for`,
    `bill_reference`,
    `payment_method`,
    `bank_name`,
    `payer_type`,
    `confirmed_by`,
    `date_time`,
    `rx_session`,
    `wallet_txn_ref`,
    `branch_id`
  )
VALUES
  (
    95,
    '9/2507/GOH',
    '2025-10-03 16:37:32',
    575.00,
    'treatment',
    NULL,
    'wallet',
    'N/A',
    'patient',
    'Abiodun Salako',
    '2026-01-05 18:15:07',
    '7',
    'deposit-1767633307099',
    NULL
  );
INSERT INTO
  `payments` (
    `id`,
    `patient_id`,
    `rx_time`,
    `amount_paid`,
    `paid_for`,
    `bill_reference`,
    `payment_method`,
    `bank_name`,
    `payer_type`,
    `confirmed_by`,
    `date_time`,
    `rx_session`,
    `wallet_txn_ref`,
    `branch_id`
  )
VALUES
  (
    96,
    '26/2601/GOH',
    '2026-01-05 18:32:02',
    2000.00,
    'treatment',
    NULL,
    'wallet',
    'N/A',
    'patient',
    'Abiodun Salako',
    '2026-01-05 18:33:54',
    'dydvm.1767634322927',
    'deposit-1767634434877',
    NULL
  );
INSERT INTO
  `payments` (
    `id`,
    `patient_id`,
    `rx_time`,
    `amount_paid`,
    `paid_for`,
    `bill_reference`,
    `payment_method`,
    `bank_name`,
    `payer_type`,
    `confirmed_by`,
    `date_time`,
    `rx_session`,
    `wallet_txn_ref`,
    `branch_id`
  )
VALUES
  (
    97,
    '7/2505/GOH',
    '2026-01-04 17:59:29',
    500.00,
    'treatment',
    NULL,
    'wallet',
    'N/A',
    'patient',
    'Abiodun Salako',
    '2026-01-05 18:36:20',
    '7zx93.1767545969441',
    'deposit-1767634580667',
    NULL
  );
INSERT INTO
  `payments` (
    `id`,
    `patient_id`,
    `rx_time`,
    `amount_paid`,
    `paid_for`,
    `bill_reference`,
    `payment_method`,
    `bank_name`,
    `payer_type`,
    `confirmed_by`,
    `date_time`,
    `rx_session`,
    `wallet_txn_ref`,
    `branch_id`
  )
VALUES
  (
    98,
    '26/2601/GOH',
    '2026-01-05 18:32:02',
    1000.00,
    'treatment',
    NULL,
    'wallet',
    'N/A',
    'patient',
    'Abiodun Salako',
    '2026-01-05 18:50:20',
    'dydvm.1767634322927',
    'deposit-1767635420969',
    NULL
  );

# ------------------------------------------------------------
# DATA DUMP FOR TABLE: report_generation_queue
# ------------------------------------------------------------


# ------------------------------------------------------------
# DATA DUMP FOR TABLE: report_preferences
# ------------------------------------------------------------

INSERT INTO
  `report_preferences` (
    `id`,
    `user_id`,
    `user_email`,
    `user_phone`,
    `user_name`,
    `frequency`,
    `report_type`,
    `delivery_method`,
    `scheduled_time`,
    `scheduled_day`,
    `is_active`,
    `last_generated_at`,
    `next_generation_at`,
    `created_at`,
    `updated_at`
  )
VALUES
  (
    1,
    1,
    'ayoatiola@gmail.com',
    '',
    'Dev Ola',
    'daily',
    'comprehensive',
    'email',
    '08:00:00',
    1,
    1,
    NULL,
    '2026-01-14 07:00:00',
    '2026-01-13 08:15:53',
    '2026-01-13 09:34:33'
  );

# ------------------------------------------------------------
# DATA DUMP FOR TABLE: services_catalog
# ------------------------------------------------------------

INSERT INTO
  `services_catalog` (
    `id`,
    `name`,
    `price`,
    `description`,
    `created_at`,
    `updated_at`,
    `updated_by`
  )
VALUES
  (
    8,
    'PCV',
    2000.00,
    'lab test',
    '2025-08-12 09:44:22',
    '2025-10-08 11:02:44',
    'Doctor Abiodun Salako'
  );
INSERT INTO
  `services_catalog` (
    `id`,
    `name`,
    `price`,
    `description`,
    `created_at`,
    `updated_at`,
    `updated_by`
  )
VALUES
  (
    9,
    'MO Consultation',
    2000.00,
    'one on one session with medical officer',
    '2025-08-12 09:45:25',
    '2025-08-12 09:45:25',
    NULL
  );
INSERT INTO
  `services_catalog` (
    `id`,
    `name`,
    `price`,
    `description`,
    `created_at`,
    `updated_at`,
    `updated_by`
  )
VALUES
  (
    10,
    'MD Consultation',
    5000.00,
    'one on one session with medical director',
    '2025-08-12 09:45:58',
    '2025-08-12 09:45:58',
    NULL
  );
INSERT INTO
  `services_catalog` (
    `id`,
    `name`,
    `price`,
    `description`,
    `created_at`,
    `updated_at`,
    `updated_by`
  )
VALUES
  (
    11,
    'widal test',
    7500.00,
    'lab investigation',
    '2025-09-26 06:28:21',
    '2025-09-26 06:28:21',
    NULL
  );
INSERT INTO
  `services_catalog` (
    `id`,
    `name`,
    `price`,
    `description`,
    `created_at`,
    `updated_at`,
    `updated_by`
  )
VALUES
  (
    12,
    'personal reg. fee',
    1500.00,
    '',
    '2025-12-21 15:43:39',
    '2025-12-21 15:43:39',
    NULL
  );
INSERT INTO
  `services_catalog` (
    `id`,
    `name`,
    `price`,
    `description`,
    `created_at`,
    `updated_at`,
    `updated_by`
  )
VALUES
  (
    13,
    'Group reg. fee',
    5000.00,
    '',
    '2025-12-21 15:44:22',
    '2025-12-21 15:44:22',
    NULL
  );

# ------------------------------------------------------------
# DATA DUMP FOR TABLE: staffs
# ------------------------------------------------------------

INSERT INTO
  `staffs` (
    `id`,
    `staff_id`,
    `firstName`,
    `lastName`,
    `age`,
    `gender`,
    `email`,
    `address`,
    `phone_num`,
    `password`,
    `sPIN`,
    `cadre`,
    `rcode`,
    `rcode_expires`,
    `branch_id`
  )
VALUES
  (
    12,
    '12/DOC/2507',
    'Abiodun',
    'Salako',
    NULL,
    NULL,
    'salako@gmail.com',
    NULL,
    '08012345678',
    '$2b$10$NzPQdwiwNcPhC9XF3OK7c.n8nhnILpvjrFNsyexE0kxm.1NkGgUU.',
    NULL,
    'Doctor',
    NULL,
    NULL,
    1
  );
INSERT INTO
  `staffs` (
    `id`,
    `staff_id`,
    `firstName`,
    `lastName`,
    `age`,
    `gender`,
    `email`,
    `address`,
    `phone_num`,
    `password`,
    `sPIN`,
    `cadre`,
    `rcode`,
    `rcode_expires`,
    `branch_id`
  )
VALUES
  (
    13,
    '13/NUR/2507',
    'Ayan',
    'Titilope',
    NULL,
    NULL,
    'ayan@gmail.com',
    NULL,
    '09012345678',
    '$2b$10$sk6QwP6wApKaxKiflXgdWeeExMC44QWm2nexxfZ8nQQHnBwBdw53S',
    NULL,
    'Nurse',
    NULL,
    NULL,
    1
  );

# ------------------------------------------------------------
# DATA DUMP FOR TABLE: subscription_plans
# ------------------------------------------------------------


# ------------------------------------------------------------
# DATA DUMP FOR TABLE: suggested_complaints
# ------------------------------------------------------------

INSERT INTO
  `suggested_complaints` (`id`, `complaint`)
VALUES
  (4, 'Abdominal Pain');
INSERT INTO
  `suggested_complaints` (`id`, `complaint`)
VALUES
  (179, 'Abnormal body odor');
INSERT INTO
  `suggested_complaints` (`id`, `complaint`)
VALUES
  (133, 'Anxiety');
INSERT INTO
  `suggested_complaints` (`id`, `complaint`)
VALUES
  (9, 'Back Pain');
INSERT INTO
  `suggested_complaints` (`id`, `complaint`)
VALUES
  (177, 'Black stool');
INSERT INTO
  `suggested_complaints` (`id`, `complaint`)
VALUES
  (168, 'Blood in sputum');
INSERT INTO
  `suggested_complaints` (`id`, `complaint`)
VALUES
  (147, 'Blood in stool');
INSERT INTO
  `suggested_complaints` (`id`, `complaint`)
VALUES
  (122, 'Blood in urine');
INSERT INTO
  `suggested_complaints` (`id`, `complaint`)
VALUES
  (114, 'Blurred vision');
INSERT INTO
  `suggested_complaints` (`id`, `complaint`)
VALUES
  (193, 'Body pain');
INSERT INTO
  `suggested_complaints` (`id`, `complaint`)
VALUES
  (160, 'Brittle nails');
INSERT INTO
  `suggested_complaints` (`id`, `complaint`)
VALUES
  (191, 'Burning sensation in feet');
INSERT INTO
  `suggested_complaints` (`id`, `complaint`)
VALUES
  (107, 'Burning urination');
INSERT INTO
  `suggested_complaints` (`id`, `complaint`)
VALUES
  (5, 'Chest Pain');
INSERT INTO
  `suggested_complaints` (`id`, `complaint`)
VALUES
  (121, 'Chest tightness');
INSERT INTO
  `suggested_complaints` (`id`, `complaint`)
VALUES
  (171, 'Chills');
INSERT INTO
  `suggested_complaints` (`id`, `complaint`)
VALUES
  (137, 'Cold intolerance');
INSERT INTO
  `suggested_complaints` (`id`, `complaint`)
VALUES
  (134, 'Constipation');
INSERT INTO
  `suggested_complaints` (`id`, `complaint`)
VALUES
  (194, 'convulsion');
INSERT INTO
  `suggested_complaints` (`id`, `complaint`)
VALUES
  (1, 'Cough');
INSERT INTO
  `suggested_complaints` (`id`, `complaint`)
VALUES
  (186, 'Cracked lips');
INSERT INTO
  `suggested_complaints` (`id`, `complaint`)
VALUES
  (136, 'Dark urine');
INSERT INTO
  `suggested_complaints` (`id`, `complaint`)
VALUES
  (8, 'Diarrhea');
INSERT INTO
  `suggested_complaints` (`id`, `complaint`)
VALUES
  (174, 'Difficulty breathing at night');
INSERT INTO
  `suggested_complaints` (`id`, `complaint`)
VALUES
  (154, 'Difficulty sleeping');
INSERT INTO
  `suggested_complaints` (`id`, `complaint`)
VALUES
  (127, 'Difficulty swallowing');
INSERT INTO
  `suggested_complaints` (`id`, `complaint`)
VALUES
  (146, 'Difficulty urinating');
INSERT INTO
  `suggested_complaints` (`id`, `complaint`)
VALUES
  (184, 'Disorientation');
INSERT INTO
  `suggested_complaints` (`id`, `complaint`)
VALUES
  (102, 'Dizziness');
INSERT INTO
  `suggested_complaints` (`id`, `complaint`)
VALUES
  (165, 'Double vision');
INSERT INTO
  `suggested_complaints` (`id`, `complaint`)
VALUES
  (183, 'Drooling');
INSERT INTO
  `suggested_complaints` (`id`, `complaint`)
VALUES
  (163, 'Drooping eyelid');
INSERT INTO
  `suggested_complaints` (`id`, `complaint`)
VALUES
  (135, 'Dry mouth');
INSERT INTO
  `suggested_complaints` (`id`, `complaint`)
VALUES
  (153, 'Dry skin');
INSERT INTO
  `suggested_complaints` (`id`, `complaint`)
VALUES
  (123, 'Ear discharge');
INSERT INTO
  `suggested_complaints` (`id`, `complaint`)
VALUES
  (176, 'Excessive gas');
INSERT INTO
  `suggested_complaints` (`id`, `complaint`)
VALUES
  (173, 'Excessive hunger');
INSERT INTO
  `suggested_complaints` (`id`, `complaint`)
VALUES
  (132, 'Excessive sweating');
INSERT INTO
  `suggested_complaints` (`id`, `complaint`)
VALUES
  (182, 'Excessive tearing');
INSERT INTO
  `suggested_complaints` (`id`, `complaint`)
VALUES
  (125, 'Excessive thirst');
INSERT INTO
  `suggested_complaints` (`id`, `complaint`)
VALUES
  (161, 'Eye pain');
INSERT INTO
  `suggested_complaints` (`id`, `complaint`)
VALUES
  (142, 'Fainting');
INSERT INTO
  `suggested_complaints` (`id`, `complaint`)
VALUES
  (10, 'Fatigue');
INSERT INTO
  `suggested_complaints` (`id`, `complaint`)
VALUES
  (169, 'Feeling cold');
INSERT INTO
  `suggested_complaints` (`id`, `complaint`)
VALUES
  (2, 'Fever');
INSERT INTO
  `suggested_complaints` (`id`, `complaint`)
VALUES
  (158, 'Frequent infections');
INSERT INTO
  `suggested_complaints` (`id`, `complaint`)
VALUES
  (141, 'Frequent nosebleeds');
INSERT INTO
  `suggested_complaints` (`id`, `complaint`)
VALUES
  (110, 'Frequent urination');
INSERT INTO
  `suggested_complaints` (`id`, `complaint`)
VALUES
  (187, 'Frequent yawning');
INSERT INTO
  `suggested_complaints` (`id`, `complaint`)
VALUES
  (138, 'Hair loss');
INSERT INTO
  `suggested_complaints` (`id`, `complaint`)
VALUES
  (156, 'Hallucinations');
INSERT INTO
  `suggested_complaints` (`id`, `complaint`)
VALUES
  (3, 'Headache');
INSERT INTO
  `suggested_complaints` (`id`, `complaint`)
VALUES
  (143, 'Hearing loss');
INSERT INTO
  `suggested_complaints` (`id`, `complaint`)
VALUES
  (175, 'Hiccups');
INSERT INTO
  `suggested_complaints` (`id`, `complaint`)
VALUES
  (144, 'Hoarseness');
INSERT INTO
  `suggested_complaints` (`id`, `complaint`)
VALUES
  (150, 'Hot flashes');
INSERT INTO
  `suggested_complaints` (`id`, `complaint`)
VALUES
  (131, 'Irregular heartbeat');
INSERT INTO
  `suggested_complaints` (`id`, `complaint`)
VALUES
  (120, 'Itchy skin');
INSERT INTO
  `suggested_complaints` (`id`, `complaint`)
VALUES
  (105, 'Joint pain');
INSERT INTO
  `suggested_complaints` (`id`, `complaint`)
VALUES
  (172, 'Leg cramps');
INSERT INTO
  `suggested_complaints` (`id`, `complaint`)
VALUES
  (162, 'Light sensitivity');
INSERT INTO
  `suggested_complaints` (`id`, `complaint`)
VALUES
  (111, 'Loss of appetite');
INSERT INTO
  `suggested_complaints` (`id`, `complaint`)
VALUES
  (155, 'Loss of balance');
INSERT INTO
  `suggested_complaints` (`id`, `complaint`)
VALUES
  (188, 'Loss of smell');
INSERT INTO
  `suggested_complaints` (`id`, `complaint`)
VALUES
  (189, 'Loss of taste');
INSERT INTO
  `suggested_complaints` (`id`, `complaint`)
VALUES
  (126, 'Lump in breast');
INSERT INTO
  `suggested_complaints` (`id`, `complaint`)
VALUES
  (140, 'Memory loss');
INSERT INTO
  `suggested_complaints` (`id`, `complaint`)
VALUES
  (129, 'Mood swings');
INSERT INTO
  `suggested_complaints` (`id`, `complaint`)
VALUES
  (106, 'Muscle ache');
INSERT INTO
  `suggested_complaints` (`id`, `complaint`)
VALUES
  (190, 'Muscle twitching');
INSERT INTO
  `suggested_complaints` (`id`, `complaint`)
VALUES
  (164, 'Muscle weakness');
INSERT INTO
  `suggested_complaints` (`id`, `complaint`)
VALUES
  (104, 'Nausea');
INSERT INTO
  `suggested_complaints` (`id`, `complaint`)
VALUES
  (124, 'Neck stiffness');
INSERT INTO
  `suggested_complaints` (`id`, `complaint`)
VALUES
  (115, 'Night sweats');
INSERT INTO
  `suggested_complaints` (`id`, `complaint`)
VALUES
  (116, 'Numbness in limbs');
INSERT INTO
  `suggested_complaints` (`id`, `complaint`)
VALUES
  (167, 'Painful defecation');
INSERT INTO
  `suggested_complaints` (`id`, `complaint`)
VALUES
  (130, 'Painful intercourse');
INSERT INTO
  `suggested_complaints` (`id`, `complaint`)
VALUES
  (119, 'Painful periods');
INSERT INTO
  `suggested_complaints` (`id`, `complaint`)
VALUES
  (145, 'Painful swallowing');
INSERT INTO
  `suggested_complaints` (`id`, `complaint`)
VALUES
  (113, 'Palpitations');
INSERT INTO
  `suggested_complaints` (`id`, `complaint`)
VALUES
  (117, 'Persistent cough');
INSERT INTO
  `suggested_complaints` (`id`, `complaint`)
VALUES
  (178, 'Persistent vomiting');
INSERT INTO
  `suggested_complaints` (`id`, `complaint`)
VALUES
  (152, 'Rapid breathing');
INSERT INTO
  `suggested_complaints` (`id`, `complaint`)
VALUES
  (170, 'Rapid weight gain');
INSERT INTO
  `suggested_complaints` (`id`, `complaint`)
VALUES
  (128, 'Seizures');
INSERT INTO
  `suggested_complaints` (`id`, `complaint`)
VALUES
  (185, 'Shaky hands');
INSERT INTO
  `suggested_complaints` (`id`, `complaint`)
VALUES
  (6, 'Shortness of Breath');
INSERT INTO
  `suggested_complaints` (`id`, `complaint`)
VALUES
  (108, 'Skin rash');
INSERT INTO
  `suggested_complaints` (`id`, `complaint`)
VALUES
  (151, 'Slow heartbeat');
INSERT INTO
  `suggested_complaints` (`id`, `complaint`)
VALUES
  (157, 'Slurred speech');
INSERT INTO
  `suggested_complaints` (`id`, `complaint`)
VALUES
  (103, 'Sore throat');
INSERT INTO
  `suggested_complaints` (`id`, `complaint`)
VALUES
  (181, 'Swelling around eyes');
INSERT INTO
  `suggested_complaints` (`id`, `complaint`)
VALUES
  (148, 'Swelling in abdomen');
INSERT INTO
  `suggested_complaints` (`id`, `complaint`)
VALUES
  (166, 'Swelling in hands');
INSERT INTO
  `suggested_complaints` (`id`, `complaint`)
VALUES
  (109, 'Swelling in leg');
INSERT INTO
  `suggested_complaints` (`id`, `complaint`)
VALUES
  (139, 'Swollen lymph nodes');
INSERT INTO
  `suggested_complaints` (`id`, `complaint`)
VALUES
  (159, 'Tingling sensation');
INSERT INTO
  `suggested_complaints` (`id`, `complaint`)
VALUES
  (149, 'Tremors');
INSERT INTO
  `suggested_complaints` (`id`, `complaint`)
VALUES
  (7, 'Vomiting');
INSERT INTO
  `suggested_complaints` (`id`, `complaint`)
VALUES
  (192, 'vomiting blood');
INSERT INTO
  `suggested_complaints` (`id`, `complaint`)
VALUES
  (180, 'Weak pulse');
INSERT INTO
  `suggested_complaints` (`id`, `complaint`)
VALUES
  (112, 'Weight loss');
INSERT INTO
  `suggested_complaints` (`id`, `complaint`)
VALUES
  (118, 'Yellow eyes');

# ------------------------------------------------------------
# DATA DUMP FOR TABLE: suggested_diagnosis
# ------------------------------------------------------------

INSERT INTO
  `suggested_diagnosis` (
    `id`,
    `complaint_id`,
    `diagnosis_name`,
    `icd10_code`
  )
VALUES
  (1, 1, 'Tuberculosis', NULL);
INSERT INTO
  `suggested_diagnosis` (
    `id`,
    `complaint_id`,
    `diagnosis_name`,
    `icd10_code`
  )
VALUES
  (2, 1, 'Bronchitis', NULL);
INSERT INTO
  `suggested_diagnosis` (
    `id`,
    `complaint_id`,
    `diagnosis_name`,
    `icd10_code`
  )
VALUES
  (3, 1, 'COVID-19', NULL);
INSERT INTO
  `suggested_diagnosis` (
    `id`,
    `complaint_id`,
    `diagnosis_name`,
    `icd10_code`
  )
VALUES
  (4, 2, 'Malaria', NULL);
INSERT INTO
  `suggested_diagnosis` (
    `id`,
    `complaint_id`,
    `diagnosis_name`,
    `icd10_code`
  )
VALUES
  (5, 2, 'UTI', NULL);
INSERT INTO
  `suggested_diagnosis` (
    `id`,
    `complaint_id`,
    `diagnosis_name`,
    `icd10_code`
  )
VALUES
  (6, 2, 'Sepsis', NULL);
INSERT INTO
  `suggested_diagnosis` (
    `id`,
    `complaint_id`,
    `diagnosis_name`,
    `icd10_code`
  )
VALUES
  (7, 3, 'Migraine', NULL);
INSERT INTO
  `suggested_diagnosis` (
    `id`,
    `complaint_id`,
    `diagnosis_name`,
    `icd10_code`
  )
VALUES
  (8, 3, 'Hypertension', NULL);
INSERT INTO
  `suggested_diagnosis` (
    `id`,
    `complaint_id`,
    `diagnosis_name`,
    `icd10_code`
  )
VALUES
  (9, 3, 'Tension Headache', NULL);
INSERT INTO
  `suggested_diagnosis` (
    `id`,
    `complaint_id`,
    `diagnosis_name`,
    `icd10_code`
  )
VALUES
  (10, 4, 'Peptic Ulcer Disease', NULL);
INSERT INTO
  `suggested_diagnosis` (
    `id`,
    `complaint_id`,
    `diagnosis_name`,
    `icd10_code`
  )
VALUES
  (11, 4, 'Appendicitis', NULL);
INSERT INTO
  `suggested_diagnosis` (
    `id`,
    `complaint_id`,
    `diagnosis_name`,
    `icd10_code`
  )
VALUES
  (12, 4, 'Gastritis', NULL);
INSERT INTO
  `suggested_diagnosis` (
    `id`,
    `complaint_id`,
    `diagnosis_name`,
    `icd10_code`
  )
VALUES
  (13, 5, 'Angina', NULL);
INSERT INTO
  `suggested_diagnosis` (
    `id`,
    `complaint_id`,
    `diagnosis_name`,
    `icd10_code`
  )
VALUES
  (14, 5, 'Myocardial Infarction', NULL);
INSERT INTO
  `suggested_diagnosis` (
    `id`,
    `complaint_id`,
    `diagnosis_name`,
    `icd10_code`
  )
VALUES
  (15, 5, 'GERD', NULL);
INSERT INTO
  `suggested_diagnosis` (
    `id`,
    `complaint_id`,
    `diagnosis_name`,
    `icd10_code`
  )
VALUES
  (16, 6, 'Asthma', NULL);
INSERT INTO
  `suggested_diagnosis` (
    `id`,
    `complaint_id`,
    `diagnosis_name`,
    `icd10_code`
  )
VALUES
  (17, 6, 'COPD', NULL);
INSERT INTO
  `suggested_diagnosis` (
    `id`,
    `complaint_id`,
    `diagnosis_name`,
    `icd10_code`
  )
VALUES
  (18, 6, 'Pneumonia', NULL);
INSERT INTO
  `suggested_diagnosis` (
    `id`,
    `complaint_id`,
    `diagnosis_name`,
    `icd10_code`
  )
VALUES
  (19, 7, 'Hepatitis', NULL);
INSERT INTO
  `suggested_diagnosis` (
    `id`,
    `complaint_id`,
    `diagnosis_name`,
    `icd10_code`
  )
VALUES
  (20, 7, 'Food Poisoning', NULL);
INSERT INTO
  `suggested_diagnosis` (
    `id`,
    `complaint_id`,
    `diagnosis_name`,
    `icd10_code`
  )
VALUES
  (21, 7, 'Gastroenteritis', NULL);
INSERT INTO
  `suggested_diagnosis` (
    `id`,
    `complaint_id`,
    `diagnosis_name`,
    `icd10_code`
  )
VALUES
  (22, 8, 'Dysentery', NULL);
INSERT INTO
  `suggested_diagnosis` (
    `id`,
    `complaint_id`,
    `diagnosis_name`,
    `icd10_code`
  )
VALUES
  (23, 8, 'Cholera', NULL);
INSERT INTO
  `suggested_diagnosis` (
    `id`,
    `complaint_id`,
    `diagnosis_name`,
    `icd10_code`
  )
VALUES
  (24, 8, 'Giardiasis', NULL);
INSERT INTO
  `suggested_diagnosis` (
    `id`,
    `complaint_id`,
    `diagnosis_name`,
    `icd10_code`
  )
VALUES
  (25, 9, 'Lumbar Strain', NULL);
INSERT INTO
  `suggested_diagnosis` (
    `id`,
    `complaint_id`,
    `diagnosis_name`,
    `icd10_code`
  )
VALUES
  (26, 9, 'Sciatica', NULL);
INSERT INTO
  `suggested_diagnosis` (
    `id`,
    `complaint_id`,
    `diagnosis_name`,
    `icd10_code`
  )
VALUES
  (27, 9, 'Kidney Stones', NULL);
INSERT INTO
  `suggested_diagnosis` (
    `id`,
    `complaint_id`,
    `diagnosis_name`,
    `icd10_code`
  )
VALUES
  (28, 10, 'Hypothyroidism', NULL);
INSERT INTO
  `suggested_diagnosis` (
    `id`,
    `complaint_id`,
    `diagnosis_name`,
    `icd10_code`
  )
VALUES
  (29, 10, 'Anemia', NULL);
INSERT INTO
  `suggested_diagnosis` (
    `id`,
    `complaint_id`,
    `diagnosis_name`,
    `icd10_code`
  )
VALUES
  (30, 10, 'Diabetes', NULL);
INSERT INTO
  `suggested_diagnosis` (
    `id`,
    `complaint_id`,
    `diagnosis_name`,
    `icd10_code`
  )
VALUES
  (81, NULL, 'Essential Hypertension', 'I10');
INSERT INTO
  `suggested_diagnosis` (
    `id`,
    `complaint_id`,
    `diagnosis_name`,
    `icd10_code`
  )
VALUES
  (82, NULL, 'Type 2 Diabetes Mellitus', 'E11');
INSERT INTO
  `suggested_diagnosis` (
    `id`,
    `complaint_id`,
    `diagnosis_name`,
    `icd10_code`
  )
VALUES
  (83, NULL, 'Asthma', 'J45');
INSERT INTO
  `suggested_diagnosis` (
    `id`,
    `complaint_id`,
    `diagnosis_name`,
    `icd10_code`
  )
VALUES
  (
    84,
    NULL,
    'Chronic Obstructive Pulmonary Disease (COPD)',
    'J44'
  );
INSERT INTO
  `suggested_diagnosis` (
    `id`,
    `complaint_id`,
    `diagnosis_name`,
    `icd10_code`
  )
VALUES
  (85, NULL, 'Pneumonia', 'J18');
INSERT INTO
  `suggested_diagnosis` (
    `id`,
    `complaint_id`,
    `diagnosis_name`,
    `icd10_code`
  )
VALUES
  (86, NULL, 'Tuberculosis', 'A16');
INSERT INTO
  `suggested_diagnosis` (
    `id`,
    `complaint_id`,
    `diagnosis_name`,
    `icd10_code`
  )
VALUES
  (87, NULL, 'Malaria', 'B50');
INSERT INTO
  `suggested_diagnosis` (
    `id`,
    `complaint_id`,
    `diagnosis_name`,
    `icd10_code`
  )
VALUES
  (88, NULL, 'HIV Disease', 'B20');
INSERT INTO
  `suggested_diagnosis` (
    `id`,
    `complaint_id`,
    `diagnosis_name`,
    `icd10_code`
  )
VALUES
  (89, NULL, 'Peptic Ulcer Disease', 'K27');
INSERT INTO
  `suggested_diagnosis` (
    `id`,
    `complaint_id`,
    `diagnosis_name`,
    `icd10_code`
  )
VALUES
  (90, NULL, 'Gastroenteritis', 'A09');
INSERT INTO
  `suggested_diagnosis` (
    `id`,
    `complaint_id`,
    `diagnosis_name`,
    `icd10_code`
  )
VALUES
  (91, NULL, 'Acute Appendicitis', 'K35');
INSERT INTO
  `suggested_diagnosis` (
    `id`,
    `complaint_id`,
    `diagnosis_name`,
    `icd10_code`
  )
VALUES
  (92, NULL, 'Cholelithiasis (Gallstones)', 'K80');
INSERT INTO
  `suggested_diagnosis` (
    `id`,
    `complaint_id`,
    `diagnosis_name`,
    `icd10_code`
  )
VALUES
  (93, NULL, 'Chronic Kidney Disease', 'N18');
INSERT INTO
  `suggested_diagnosis` (
    `id`,
    `complaint_id`,
    `diagnosis_name`,
    `icd10_code`
  )
VALUES
  (94, NULL, 'Urinary Tract Infection', 'N39.0');
INSERT INTO
  `suggested_diagnosis` (
    `id`,
    `complaint_id`,
    `diagnosis_name`,
    `icd10_code`
  )
VALUES
  (95, NULL, 'Benign Prostatic Hyperplasia', 'N40');
INSERT INTO
  `suggested_diagnosis` (
    `id`,
    `complaint_id`,
    `diagnosis_name`,
    `icd10_code`
  )
VALUES
  (96, NULL, 'Iron Deficiency Anemia', 'D50');
INSERT INTO
  `suggested_diagnosis` (
    `id`,
    `complaint_id`,
    `diagnosis_name`,
    `icd10_code`
  )
VALUES
  (97, NULL, 'Sickle Cell Disease', 'D57');
INSERT INTO
  `suggested_diagnosis` (
    `id`,
    `complaint_id`,
    `diagnosis_name`,
    `icd10_code`
  )
VALUES
  (98, NULL, 'Migraine', 'G43');
INSERT INTO
  `suggested_diagnosis` (
    `id`,
    `complaint_id`,
    `diagnosis_name`,
    `icd10_code`
  )
VALUES
  (99, NULL, 'Epilepsy', 'G40');
INSERT INTO
  `suggested_diagnosis` (
    `id`,
    `complaint_id`,
    `diagnosis_name`,
    `icd10_code`
  )
VALUES
  (100, NULL, 'Cerebral Infarction (Stroke)', 'I63');
INSERT INTO
  `suggested_diagnosis` (
    `id`,
    `complaint_id`,
    `diagnosis_name`,
    `icd10_code`
  )
VALUES
  (101, NULL, 'Heart Failure', 'I50');
INSERT INTO
  `suggested_diagnosis` (
    `id`,
    `complaint_id`,
    `diagnosis_name`,
    `icd10_code`
  )
VALUES
  (102, NULL, 'Ischemic Heart Disease', 'I25');
INSERT INTO
  `suggested_diagnosis` (
    `id`,
    `complaint_id`,
    `diagnosis_name`,
    `icd10_code`
  )
VALUES
  (103, NULL, 'Rheumatic Heart Disease', 'I09');
INSERT INTO
  `suggested_diagnosis` (
    `id`,
    `complaint_id`,
    `diagnosis_name`,
    `icd10_code`
  )
VALUES
  (104, NULL, 'Otitis Media', 'H66');
INSERT INTO
  `suggested_diagnosis` (
    `id`,
    `complaint_id`,
    `diagnosis_name`,
    `icd10_code`
  )
VALUES
  (105, NULL, 'Tonsillitis', 'J03');
INSERT INTO
  `suggested_diagnosis` (
    `id`,
    `complaint_id`,
    `diagnosis_name`,
    `icd10_code`
  )
VALUES
  (106, NULL, 'Pharyngitis', 'J02');
INSERT INTO
  `suggested_diagnosis` (
    `id`,
    `complaint_id`,
    `diagnosis_name`,
    `icd10_code`
  )
VALUES
  (107, NULL, 'Acute Bronchitis', 'J20');
INSERT INTO
  `suggested_diagnosis` (
    `id`,
    `complaint_id`,
    `diagnosis_name`,
    `icd10_code`
  )
VALUES
  (108, NULL, 'COVID-19 Infection', 'U07.1');
INSERT INTO
  `suggested_diagnosis` (
    `id`,
    `complaint_id`,
    `diagnosis_name`,
    `icd10_code`
  )
VALUES
  (109, NULL, 'Hepatitis B', 'B18.1');
INSERT INTO
  `suggested_diagnosis` (
    `id`,
    `complaint_id`,
    `diagnosis_name`,
    `icd10_code`
  )
VALUES
  (110, NULL, 'Hepatitis C', 'B18.2');
INSERT INTO
  `suggested_diagnosis` (
    `id`,
    `complaint_id`,
    `diagnosis_name`,
    `icd10_code`
  )
VALUES
  (111, NULL, 'Typhoid Fever', 'A01.0');
INSERT INTO
  `suggested_diagnosis` (
    `id`,
    `complaint_id`,
    `diagnosis_name`,
    `icd10_code`
  )
VALUES
  (112, NULL, 'Measles', 'B05');
INSERT INTO
  `suggested_diagnosis` (
    `id`,
    `complaint_id`,
    `diagnosis_name`,
    `icd10_code`
  )
VALUES
  (113, NULL, 'Varicella (Chickenpox)', 'B01');
INSERT INTO
  `suggested_diagnosis` (
    `id`,
    `complaint_id`,
    `diagnosis_name`,
    `icd10_code`
  )
VALUES
  (114, NULL, 'Hypertensive Heart Disease', 'I11');
INSERT INTO
  `suggested_diagnosis` (
    `id`,
    `complaint_id`,
    `diagnosis_name`,
    `icd10_code`
  )
VALUES
  (115, NULL, 'Gout', 'M10');
INSERT INTO
  `suggested_diagnosis` (
    `id`,
    `complaint_id`,
    `diagnosis_name`,
    `icd10_code`
  )
VALUES
  (116, NULL, 'Osteoarthritis', 'M15');
INSERT INTO
  `suggested_diagnosis` (
    `id`,
    `complaint_id`,
    `diagnosis_name`,
    `icd10_code`
  )
VALUES
  (117, NULL, 'Rheumatoid Arthritis', 'M06');
INSERT INTO
  `suggested_diagnosis` (
    `id`,
    `complaint_id`,
    `diagnosis_name`,
    `icd10_code`
  )
VALUES
  (118, NULL, 'Low Back Pain', 'M54');
INSERT INTO
  `suggested_diagnosis` (
    `id`,
    `complaint_id`,
    `diagnosis_name`,
    `icd10_code`
  )
VALUES
  (119, NULL, 'Fracture of Femur', 'S72');
INSERT INTO
  `suggested_diagnosis` (
    `id`,
    `complaint_id`,
    `diagnosis_name`,
    `icd10_code`
  )
VALUES
  (120, NULL, 'Fracture of Radius/Ulna', 'S52');
INSERT INTO
  `suggested_diagnosis` (
    `id`,
    `complaint_id`,
    `diagnosis_name`,
    `icd10_code`
  )
VALUES
  (121, NULL, 'Burn Injury', 'T30');
INSERT INTO
  `suggested_diagnosis` (
    `id`,
    `complaint_id`,
    `diagnosis_name`,
    `icd10_code`
  )
VALUES
  (122, NULL, 'Obesity', 'E66');
INSERT INTO
  `suggested_diagnosis` (
    `id`,
    `complaint_id`,
    `diagnosis_name`,
    `icd10_code`
  )
VALUES
  (123, NULL, 'Depressive Disorder', 'F32');
INSERT INTO
  `suggested_diagnosis` (
    `id`,
    `complaint_id`,
    `diagnosis_name`,
    `icd10_code`
  )
VALUES
  (124, NULL, 'Anxiety Disorder', 'F41');
INSERT INTO
  `suggested_diagnosis` (
    `id`,
    `complaint_id`,
    `diagnosis_name`,
    `icd10_code`
  )
VALUES
  (125, NULL, 'Schizophrenia', 'F20');
INSERT INTO
  `suggested_diagnosis` (
    `id`,
    `complaint_id`,
    `diagnosis_name`,
    `icd10_code`
  )
VALUES
  (126, NULL, 'Cataract', 'H25');
INSERT INTO
  `suggested_diagnosis` (
    `id`,
    `complaint_id`,
    `diagnosis_name`,
    `icd10_code`
  )
VALUES
  (127, NULL, 'Glaucoma', 'H40');
INSERT INTO
  `suggested_diagnosis` (
    `id`,
    `complaint_id`,
    `diagnosis_name`,
    `icd10_code`
  )
VALUES
  (128, NULL, 'Conjunctivitis', 'H10');
INSERT INTO
  `suggested_diagnosis` (
    `id`,
    `complaint_id`,
    `diagnosis_name`,
    `icd10_code`
  )
VALUES
  (129, NULL, 'Dermatitis (Eczema)', 'L30');
INSERT INTO
  `suggested_diagnosis` (
    `id`,
    `complaint_id`,
    `diagnosis_name`,
    `icd10_code`
  )
VALUES
  (130, NULL, 'Scabies', 'B86');
INSERT INTO
  `suggested_diagnosis` (
    `id`,
    `complaint_id`,
    `diagnosis_name`,
    `icd10_code`
  )
VALUES
  (131, NULL, 'Gastritis', 'K29');
INSERT INTO
  `suggested_diagnosis` (
    `id`,
    `complaint_id`,
    `diagnosis_name`,
    `icd10_code`
  )
VALUES
  (132, NULL, 'Liver Cirrhosis', 'K74');
INSERT INTO
  `suggested_diagnosis` (
    `id`,
    `complaint_id`,
    `diagnosis_name`,
    `icd10_code`
  )
VALUES
  (133, NULL, 'Cholecystitis', 'K81');
INSERT INTO
  `suggested_diagnosis` (
    `id`,
    `complaint_id`,
    `diagnosis_name`,
    `icd10_code`
  )
VALUES
  (
    134,
    NULL,
    'Gastrointestinal Hemorrhage, unspecified',
    'K92.2'
  );
INSERT INTO
  `suggested_diagnosis` (
    `id`,
    `complaint_id`,
    `diagnosis_name`,
    `icd10_code`
  )
VALUES
  (135, NULL, 'Hypothyroidism', 'E03');
INSERT INTO
  `suggested_diagnosis` (
    `id`,
    `complaint_id`,
    `diagnosis_name`,
    `icd10_code`
  )
VALUES
  (
    136,
    NULL,
    'Hyperthyroidism (Thyrotoxicosis)',
    'E05'
  );
INSERT INTO
  `suggested_diagnosis` (
    `id`,
    `complaint_id`,
    `diagnosis_name`,
    `icd10_code`
  )
VALUES
  (137, NULL, 'Type 1 Diabetes Mellitus', 'E10');
INSERT INTO
  `suggested_diagnosis` (
    `id`,
    `complaint_id`,
    `diagnosis_name`,
    `icd10_code`
  )
VALUES
  (138, NULL, 'Hyperlipidemia', 'E78');
INSERT INTO
  `suggested_diagnosis` (
    `id`,
    `complaint_id`,
    `diagnosis_name`,
    `icd10_code`
  )
VALUES
  (139, NULL, 'Infectious Diarrhea', 'A09.0');
INSERT INTO
  `suggested_diagnosis` (
    `id`,
    `complaint_id`,
    `diagnosis_name`,
    `icd10_code`
  )
VALUES
  (140, NULL, 'Amebiasis', 'A06');
INSERT INTO
  `suggested_diagnosis` (
    `id`,
    `complaint_id`,
    `diagnosis_name`,
    `icd10_code`
  )
VALUES
  (141, NULL, 'Giardiasis', 'A07');
INSERT INTO
  `suggested_diagnosis` (
    `id`,
    `complaint_id`,
    `diagnosis_name`,
    `icd10_code`
  )
VALUES
  (142, NULL, 'Congenital Syphilis', 'A50');
INSERT INTO
  `suggested_diagnosis` (
    `id`,
    `complaint_id`,
    `diagnosis_name`,
    `icd10_code`
  )
VALUES
  (143, NULL, 'Secondary Syphilis', 'A51');
INSERT INTO
  `suggested_diagnosis` (
    `id`,
    `complaint_id`,
    `diagnosis_name`,
    `icd10_code`
  )
VALUES
  (144, NULL, 'Gonococcal Infection', 'A54');
INSERT INTO
  `suggested_diagnosis` (
    `id`,
    `complaint_id`,
    `diagnosis_name`,
    `icd10_code`
  )
VALUES
  (145, NULL, 'Chlamydial Infection', 'A56');
INSERT INTO
  `suggested_diagnosis` (
    `id`,
    `complaint_id`,
    `diagnosis_name`,
    `icd10_code`
  )
VALUES
  (
    146,
    NULL,
    'Acute Viral Hepatitis, Unspecified',
    'B17.9'
  );
INSERT INTO
  `suggested_diagnosis` (
    `id`,
    `complaint_id`,
    `diagnosis_name`,
    `icd10_code`
  )
VALUES
  (147, NULL, 'Unspecified Viral Hepatitis', 'B19.9');
INSERT INTO
  `suggested_diagnosis` (
    `id`,
    `complaint_id`,
    `diagnosis_name`,
    `icd10_code`
  )
VALUES
  (148, NULL, 'Candidiasis', 'B37');
INSERT INTO
  `suggested_diagnosis` (
    `id`,
    `complaint_id`,
    `diagnosis_name`,
    `icd10_code`
  )
VALUES
  (149, NULL, 'Dermatophytosis (Ringworm)', 'B35');
INSERT INTO
  `suggested_diagnosis` (
    `id`,
    `complaint_id`,
    `diagnosis_name`,
    `icd10_code`
  )
VALUES
  (150, NULL, 'Common Cold', 'J00');
INSERT INTO
  `suggested_diagnosis` (
    `id`,
    `complaint_id`,
    `diagnosis_name`,
    `icd10_code`
  )
VALUES
  (151, NULL, 'Influenza (unspecified virus)', 'J11');
INSERT INTO
  `suggested_diagnosis` (
    `id`,
    `complaint_id`,
    `diagnosis_name`,
    `icd10_code`
  )
VALUES
  (152, NULL, 'Allergic Rhinitis', 'J30');
INSERT INTO
  `suggested_diagnosis` (
    `id`,
    `complaint_id`,
    `diagnosis_name`,
    `icd10_code`
  )
VALUES
  (153, NULL, 'Chronic Rhinitis', 'J31');
INSERT INTO
  `suggested_diagnosis` (
    `id`,
    `complaint_id`,
    `diagnosis_name`,
    `icd10_code`
  )
VALUES
  (154, NULL, 'Chronic Sinusitis', 'J32');
INSERT INTO
  `suggested_diagnosis` (
    `id`,
    `complaint_id`,
    `diagnosis_name`,
    `icd10_code`
  )
VALUES
  (155, NULL, 'Bronchiectasis', 'J47');
INSERT INTO
  `suggested_diagnosis` (
    `id`,
    `complaint_id`,
    `diagnosis_name`,
    `icd10_code`
  )
VALUES
  (156, NULL, 'Angina Pectoris', 'I20');
INSERT INTO
  `suggested_diagnosis` (
    `id`,
    `complaint_id`,
    `diagnosis_name`,
    `icd10_code`
  )
VALUES
  (
    157,
    NULL,
    'Acute Myocardial Infarction, Unspecified',
    'I21.9'
  );
INSERT INTO
  `suggested_diagnosis` (
    `id`,
    `complaint_id`,
    `diagnosis_name`,
    `icd10_code`
  )
VALUES
  (158, NULL, 'Atherosclerosis', 'I70');
INSERT INTO
  `suggested_diagnosis` (
    `id`,
    `complaint_id`,
    `diagnosis_name`,
    `icd10_code`
  )
VALUES
  (
    159,
    NULL,
    'Arterial Embolism and Thrombosis',
    'I74'
  );
INSERT INTO
  `suggested_diagnosis` (
    `id`,
    `complaint_id`,
    `diagnosis_name`,
    `icd10_code`
  )
VALUES
  (160, NULL, 'Hypotension', 'I95');
INSERT INTO
  `suggested_diagnosis` (
    `id`,
    `complaint_id`,
    `diagnosis_name`,
    `icd10_code`
  )
VALUES
  (161, NULL, 'Acute Pyelonephritis', 'N10');
INSERT INTO
  `suggested_diagnosis` (
    `id`,
    `complaint_id`,
    `diagnosis_name`,
    `icd10_code`
  )
VALUES
  (162, NULL, 'Kidney Stone', 'N20');
INSERT INTO
  `suggested_diagnosis` (
    `id`,
    `complaint_id`,
    `diagnosis_name`,
    `icd10_code`
  )
VALUES
  (163, NULL, 'Vaginitis and Vulvovaginitis', 'N76');
INSERT INTO
  `suggested_diagnosis` (
    `id`,
    `complaint_id`,
    `diagnosis_name`,
    `icd10_code`
  )
VALUES
  (164, NULL, 'Preeclampsia', 'O14');
INSERT INTO
  `suggested_diagnosis` (
    `id`,
    `complaint_id`,
    `diagnosis_name`,
    `icd10_code`
  )
VALUES
  (165, NULL, 'Postpartum Hemorrhage', 'O72');
INSERT INTO
  `suggested_diagnosis` (
    `id`,
    `complaint_id`,
    `diagnosis_name`,
    `icd10_code`
  )
VALUES
  (166, NULL, 'Normal Delivery', 'O80');
INSERT INTO
  `suggested_diagnosis` (
    `id`,
    `complaint_id`,
    `diagnosis_name`,
    `icd10_code`
  )
VALUES
  (167, NULL, 'Ectopic Pregnancy', 'O00');
INSERT INTO
  `suggested_diagnosis` (
    `id`,
    `complaint_id`,
    `diagnosis_name`,
    `icd10_code`
  )
VALUES
  (
    168,
    NULL,
    'Spontaneous Abortion (Miscarriage)',
    'O03'
  );
INSERT INTO
  `suggested_diagnosis` (
    `id`,
    `complaint_id`,
    `diagnosis_name`,
    `icd10_code`
  )
VALUES
  (169, NULL, 'Prematurity', 'P07');
INSERT INTO
  `suggested_diagnosis` (
    `id`,
    `complaint_id`,
    `diagnosis_name`,
    `icd10_code`
  )
VALUES
  (170, NULL, 'Respiratory Distress of Newborn', 'P22');
INSERT INTO
  `suggested_diagnosis` (
    `id`,
    `complaint_id`,
    `diagnosis_name`,
    `icd10_code`
  )
VALUES
  (171, NULL, 'Fever of Unknown Origin', 'R50');
INSERT INTO
  `suggested_diagnosis` (
    `id`,
    `complaint_id`,
    `diagnosis_name`,
    `icd10_code`
  )
VALUES
  (172, NULL, 'Headache', 'R51');
INSERT INTO
  `suggested_diagnosis` (
    `id`,
    `complaint_id`,
    `diagnosis_name`,
    `icd10_code`
  )
VALUES
  (173, NULL, 'Abdominal Pain', 'R10');
INSERT INTO
  `suggested_diagnosis` (
    `id`,
    `complaint_id`,
    `diagnosis_name`,
    `icd10_code`
  )
VALUES
  (174, NULL, 'Chest Pain', 'R07');
INSERT INTO
  `suggested_diagnosis` (
    `id`,
    `complaint_id`,
    `diagnosis_name`,
    `icd10_code`
  )
VALUES
  (175, NULL, 'Urticaria (Hives)', 'L50');
INSERT INTO
  `suggested_diagnosis` (
    `id`,
    `complaint_id`,
    `diagnosis_name`,
    `icd10_code`
  )
VALUES
  (176, NULL, 'Atopic Dermatitis', 'L20');
INSERT INTO
  `suggested_diagnosis` (
    `id`,
    `complaint_id`,
    `diagnosis_name`,
    `icd10_code`
  )
VALUES
  (177, NULL, 'Seborrheic Dermatitis', 'L21');
INSERT INTO
  `suggested_diagnosis` (
    `id`,
    `complaint_id`,
    `diagnosis_name`,
    `icd10_code`
  )
VALUES
  (178, NULL, 'Postprocedural Complications', 'T81');
INSERT INTO
  `suggested_diagnosis` (
    `id`,
    `complaint_id`,
    `diagnosis_name`,
    `icd10_code`
  )
VALUES
  (179, NULL, 'Intracranial Injury', 'S06');
INSERT INTO
  `suggested_diagnosis` (
    `id`,
    `complaint_id`,
    `diagnosis_name`,
    `icd10_code`
  )
VALUES
  (180, NULL, 'Colon Cancer', 'C18');
INSERT INTO
  `suggested_diagnosis` (
    `id`,
    `complaint_id`,
    `diagnosis_name`,
    `icd10_code`
  )
VALUES
  (181, NULL, 'Breast Cancer', 'C50');
INSERT INTO
  `suggested_diagnosis` (
    `id`,
    `complaint_id`,
    `diagnosis_name`,
    `icd10_code`
  )
VALUES
  (182, NULL, 'Prostate Cancer', 'C61');
INSERT INTO
  `suggested_diagnosis` (
    `id`,
    `complaint_id`,
    `diagnosis_name`,
    `icd10_code`
  )
VALUES
  (183, NULL, 'Lung Cancer', 'C34');
INSERT INTO
  `suggested_diagnosis` (
    `id`,
    `complaint_id`,
    `diagnosis_name`,
    `icd10_code`
  )
VALUES
  (184, NULL, 'Cervical Cancer', 'C53');
INSERT INTO
  `suggested_diagnosis` (
    `id`,
    `complaint_id`,
    `diagnosis_name`,
    `icd10_code`
  )
VALUES
  (185, NULL, 'Stomach Cancer', 'C16');
INSERT INTO
  `suggested_diagnosis` (
    `id`,
    `complaint_id`,
    `diagnosis_name`,
    `icd10_code`
  )
VALUES
  (186, NULL, 'Liver Cancer', 'C22');
INSERT INTO
  `suggested_diagnosis` (
    `id`,
    `complaint_id`,
    `diagnosis_name`,
    `icd10_code`
  )
VALUES
  (187, NULL, 'Kidney Cancer', 'C64');
INSERT INTO
  `suggested_diagnosis` (
    `id`,
    `complaint_id`,
    `diagnosis_name`,
    `icd10_code`
  )
VALUES
  (188, NULL, 'Bladder Cancer', 'C67');
INSERT INTO
  `suggested_diagnosis` (
    `id`,
    `complaint_id`,
    `diagnosis_name`,
    `icd10_code`
  )
VALUES
  (189, NULL, 'Lymphoid Leukemia', 'C91');
INSERT INTO
  `suggested_diagnosis` (
    `id`,
    `complaint_id`,
    `diagnosis_name`,
    `icd10_code`
  )
VALUES
  (190, NULL, 'Myeloid Leukemia', 'C92');
INSERT INTO
  `suggested_diagnosis` (
    `id`,
    `complaint_id`,
    `diagnosis_name`,
    `icd10_code`
  )
VALUES
  (191, NULL, 'Alcohol Dependence', 'F10');
INSERT INTO
  `suggested_diagnosis` (
    `id`,
    `complaint_id`,
    `diagnosis_name`,
    `icd10_code`
  )
VALUES
  (192, NULL, 'Opioid Dependence', 'F11');
INSERT INTO
  `suggested_diagnosis` (
    `id`,
    `complaint_id`,
    `diagnosis_name`,
    `icd10_code`
  )
VALUES
  (193, NULL, 'Nicotine Dependence', 'F17');
INSERT INTO
  `suggested_diagnosis` (
    `id`,
    `complaint_id`,
    `diagnosis_name`,
    `icd10_code`
  )
VALUES
  (194, NULL, 'Bipolar Disorder', 'F31');
INSERT INTO
  `suggested_diagnosis` (
    `id`,
    `complaint_id`,
    `diagnosis_name`,
    `icd10_code`
  )
VALUES
  (195, NULL, 'Recurrent Depression', 'F33');
INSERT INTO
  `suggested_diagnosis` (
    `id`,
    `complaint_id`,
    `diagnosis_name`,
    `icd10_code`
  )
VALUES
  (
    196,
    NULL,
    'Post-Traumatic Stress Disorder (PTSD)',
    'F43.1'
  );
INSERT INTO
  `suggested_diagnosis` (
    `id`,
    `complaint_id`,
    `diagnosis_name`,
    `icd10_code`
  )
VALUES
  (197, NULL, 'Eating Disorder', 'F50');
INSERT INTO
  `suggested_diagnosis` (
    `id`,
    `complaint_id`,
    `diagnosis_name`,
    `icd10_code`
  )
VALUES
  (198, NULL, 'Mild Intellectual Disability', 'F70');
INSERT INTO
  `suggested_diagnosis` (
    `id`,
    `complaint_id`,
    `diagnosis_name`,
    `icd10_code`
  )
VALUES
  (199, NULL, 'Alzheimer\'s Disease', 'G30');
INSERT INTO
  `suggested_diagnosis` (
    `id`,
    `complaint_id`,
    `diagnosis_name`,
    `icd10_code`
  )
VALUES
  (200, NULL, 'Essential Tremor', 'G25');
INSERT INTO
  `suggested_diagnosis` (
    `id`,
    `complaint_id`,
    `diagnosis_name`,
    `icd10_code`
  )
VALUES
  (201, NULL, 'Hereditary Neuropathy', 'G60');
INSERT INTO
  `suggested_diagnosis` (
    `id`,
    `complaint_id`,
    `diagnosis_name`,
    `icd10_code`
  )
VALUES
  (202, NULL, 'Guillain-Barr? Syndrome', 'G61');
INSERT INTO
  `suggested_diagnosis` (
    `id`,
    `complaint_id`,
    `diagnosis_name`,
    `icd10_code`
  )
VALUES
  (203, NULL, 'Blindness', 'H54');
INSERT INTO
  `suggested_diagnosis` (
    `id`,
    `complaint_id`,
    `diagnosis_name`,
    `icd10_code`
  )
VALUES
  (204, NULL, 'Hearing Loss', 'H91');
INSERT INTO
  `suggested_diagnosis` (
    `id`,
    `complaint_id`,
    `diagnosis_name`,
    `icd10_code`
  )
VALUES
  (205, NULL, 'Aortic Aneurysm', 'I71');
INSERT INTO
  `suggested_diagnosis` (
    `id`,
    `complaint_id`,
    `diagnosis_name`,
    `icd10_code`
  )
VALUES
  (206, NULL, 'Peripheral Vascular Disease', 'I73.9');
INSERT INTO
  `suggested_diagnosis` (
    `id`,
    `complaint_id`,
    `diagnosis_name`,
    `icd10_code`
  )
VALUES
  (207, NULL, 'Esophageal Varices', 'I85');
INSERT INTO
  `suggested_diagnosis` (
    `id`,
    `complaint_id`,
    `diagnosis_name`,
    `icd10_code`
  )
VALUES
  (208, NULL, 'Hypotension', 'I95.9');
INSERT INTO
  `suggested_diagnosis` (
    `id`,
    `complaint_id`,
    `diagnosis_name`,
    `icd10_code`
  )
VALUES
  (209, NULL, 'Interstitial Lung Disease', 'J84');
INSERT INTO
  `suggested_diagnosis` (
    `id`,
    `complaint_id`,
    `diagnosis_name`,
    `icd10_code`
  )
VALUES
  (210, NULL, 'Lung Abscess', 'J85');
INSERT INTO
  `suggested_diagnosis` (
    `id`,
    `complaint_id`,
    `diagnosis_name`,
    `icd10_code`
  )
VALUES
  (211, NULL, 'Pleural Effusion', 'J90');
INSERT INTO
  `suggested_diagnosis` (
    `id`,
    `complaint_id`,
    `diagnosis_name`,
    `icd10_code`
  )
VALUES
  (212, NULL, 'Noninfective Gastroenteritis', 'K52');
INSERT INTO
  `suggested_diagnosis` (
    `id`,
    `complaint_id`,
    `diagnosis_name`,
    `icd10_code`
  )
VALUES
  (213, NULL, 'Diverticular Disease', 'K57');
INSERT INTO
  `suggested_diagnosis` (
    `id`,
    `complaint_id`,
    `diagnosis_name`,
    `icd10_code`
  )
VALUES
  (214, NULL, 'Liver Disease (Other)', 'K76');
INSERT INTO
  `suggested_diagnosis` (
    `id`,
    `complaint_id`,
    `diagnosis_name`,
    `icd10_code`
  )
VALUES
  (215, NULL, 'Acute Pancreatitis', 'K85');
INSERT INTO
  `suggested_diagnosis` (
    `id`,
    `complaint_id`,
    `diagnosis_name`,
    `icd10_code`
  )
VALUES
  (216, NULL, 'Chronic Pancreatic Disease', 'K86');
INSERT INTO
  `suggested_diagnosis` (
    `id`,
    `complaint_id`,
    `diagnosis_name`,
    `icd10_code`
  )
VALUES
  (
    217,
    NULL,
    'Rheumatoid Arthritis with Factor',
    'M05'
  );
INSERT INTO
  `suggested_diagnosis` (
    `id`,
    `complaint_id`,
    `diagnosis_name`,
    `icd10_code`
  )
VALUES
  (218, NULL, 'Systemic Lupus Erythematosus', 'M32');
INSERT INTO
  `suggested_diagnosis` (
    `id`,
    `complaint_id`,
    `diagnosis_name`,
    `icd10_code`
  )
VALUES
  (219, NULL, 'Myalgia', 'M79.1');
INSERT INTO
  `suggested_diagnosis` (
    `id`,
    `complaint_id`,
    `diagnosis_name`,
    `icd10_code`
  )
VALUES
  (220, NULL, 'Osteoporosis with Fracture', 'M80');
INSERT INTO
  `suggested_diagnosis` (
    `id`,
    `complaint_id`,
    `diagnosis_name`,
    `icd10_code`
  )
VALUES
  (221, NULL, 'Osteoporosis without Fracture', 'M81');
INSERT INTO
  `suggested_diagnosis` (
    `id`,
    `complaint_id`,
    `diagnosis_name`,
    `icd10_code`
  )
VALUES
  (222, NULL, 'Acute Kidney Failure', 'N17');
INSERT INTO
  `suggested_diagnosis` (
    `id`,
    `complaint_id`,
    `diagnosis_name`,
    `icd10_code`
  )
VALUES
  (223, NULL, 'Renal Tubular Disorders', 'N25');
INSERT INTO
  `suggested_diagnosis` (
    `id`,
    `complaint_id`,
    `diagnosis_name`,
    `icd10_code`
  )
VALUES
  (224, NULL, 'Benign Mammary Dysplasia', 'N60');
INSERT INTO
  `suggested_diagnosis` (
    `id`,
    `complaint_id`,
    `diagnosis_name`,
    `icd10_code`
  )
VALUES
  (225, NULL, 'Menstrual Disorder', 'N92');
INSERT INTO
  `suggested_diagnosis` (
    `id`,
    `complaint_id`,
    `diagnosis_name`,
    `icd10_code`
  )
VALUES
  (226, NULL, 'Premature Rupture of Membranes', 'O42');
INSERT INTO
  `suggested_diagnosis` (
    `id`,
    `complaint_id`,
    `diagnosis_name`,
    `icd10_code`
  )
VALUES
  (227, NULL, 'Neonatal Jaundice', 'P59');
INSERT INTO
  `suggested_diagnosis` (
    `id`,
    `complaint_id`,
    `diagnosis_name`,
    `icd10_code`
  )
VALUES
  (228, NULL, 'spondylosis', NULL);

# ------------------------------------------------------------
# DATA DUMP FOR TABLE: suggested_tests
# ------------------------------------------------------------

INSERT INTO
  `suggested_tests` (`id`, `complaint_id`, `test_name`)
VALUES
  (1, 1, 'Chest X-ray');
INSERT INTO
  `suggested_tests` (`id`, `complaint_id`, `test_name`)
VALUES
  (2, 1, 'Sputum AFB');
INSERT INTO
  `suggested_tests` (`id`, `complaint_id`, `test_name`)
VALUES
  (3, 1, 'COVID-19 Test');
INSERT INTO
  `suggested_tests` (`id`, `complaint_id`, `test_name`)
VALUES
  (4, 2, 'Malaria Test');
INSERT INTO
  `suggested_tests` (`id`, `complaint_id`, `test_name`)
VALUES
  (5, 2, 'Full Blood Count');
INSERT INTO
  `suggested_tests` (`id`, `complaint_id`, `test_name`)
VALUES
  (6, 2, 'Urinalysis');
INSERT INTO
  `suggested_tests` (`id`, `complaint_id`, `test_name`)
VALUES
  (7, 3, 'Brain CT Scan');
INSERT INTO
  `suggested_tests` (`id`, `complaint_id`, `test_name`)
VALUES
  (8, 3, 'Blood Pressure');
INSERT INTO
  `suggested_tests` (`id`, `complaint_id`, `test_name`)
VALUES
  (9, 3, 'Eye Exam');
INSERT INTO
  `suggested_tests` (`id`, `complaint_id`, `test_name`)
VALUES
  (10, 4, 'Abdominal Ultrasound');
INSERT INTO
  `suggested_tests` (`id`, `complaint_id`, `test_name`)
VALUES
  (11, 4, 'Urine Test');
INSERT INTO
  `suggested_tests` (`id`, `complaint_id`, `test_name`)
VALUES
  (12, 4, 'Widal Test');
INSERT INTO
  `suggested_tests` (`id`, `complaint_id`, `test_name`)
VALUES
  (13, 5, 'ECG');
INSERT INTO
  `suggested_tests` (`id`, `complaint_id`, `test_name`)
VALUES
  (14, 5, 'Troponin Test');
INSERT INTO
  `suggested_tests` (`id`, `complaint_id`, `test_name`)
VALUES
  (15, 5, 'Chest X-ray');
INSERT INTO
  `suggested_tests` (`id`, `complaint_id`, `test_name`)
VALUES
  (16, 6, 'Pulse Oximetry');
INSERT INTO
  `suggested_tests` (`id`, `complaint_id`, `test_name`)
VALUES
  (17, 6, 'Chest X-ray');
INSERT INTO
  `suggested_tests` (`id`, `complaint_id`, `test_name`)
VALUES
  (18, 6, 'ABG');
INSERT INTO
  `suggested_tests` (`id`, `complaint_id`, `test_name`)
VALUES
  (19, 7, 'Electrolyte Panel');
INSERT INTO
  `suggested_tests` (`id`, `complaint_id`, `test_name`)
VALUES
  (20, 7, 'Liver Function Test');
INSERT INTO
  `suggested_tests` (`id`, `complaint_id`, `test_name`)
VALUES
  (21, 8, 'Stool MCS');
INSERT INTO
  `suggested_tests` (`id`, `complaint_id`, `test_name`)
VALUES
  (22, 8, 'Electrolyte Panel');
INSERT INTO
  `suggested_tests` (`id`, `complaint_id`, `test_name`)
VALUES
  (23, 8, 'Malaria Test');
INSERT INTO
  `suggested_tests` (`id`, `complaint_id`, `test_name`)
VALUES
  (24, 9, 'Spine X-ray');
INSERT INTO
  `suggested_tests` (`id`, `complaint_id`, `test_name`)
VALUES
  (25, 9, 'MRI');
INSERT INTO
  `suggested_tests` (`id`, `complaint_id`, `test_name`)
VALUES
  (26, 9, 'Urinalysis');
INSERT INTO
  `suggested_tests` (`id`, `complaint_id`, `test_name`)
VALUES
  (27, 10, 'Thyroid Function Test');
INSERT INTO
  `suggested_tests` (`id`, `complaint_id`, `test_name`)
VALUES
  (28, 10, 'FBC');
INSERT INTO
  `suggested_tests` (`id`, `complaint_id`, `test_name`)
VALUES
  (29, 10, 'Fasting Blood Sugar');

# ------------------------------------------------------------
# DATA DUMP FOR TABLE: suggestion_synonyms
# ------------------------------------------------------------


# ------------------------------------------------------------
# DATA DUMP FOR TABLE: suggestion_usage
# ------------------------------------------------------------


# ------------------------------------------------------------
# DATA DUMP FOR TABLE: sync_log
# ------------------------------------------------------------


# ------------------------------------------------------------
# DATA DUMP FOR TABLE: tx
# ------------------------------------------------------------

INSERT INTO
  `tx` (
    `id`,
    `patient_id`,
    `c_o`,
    `hx`,
    `drug_hx`,
    `o_e`,
    `lab_inv`,
    `diag`,
    `rx`,
    `date_time`,
    `admission_status`,
    `dr_note`,
    `signed_by`,
    `bill`,
    `paid`,
    `to_balance`,
    `bill_to`,
    `session_id`,
    `rx_backup`
  )
VALUES
  (
    55,
    '17/2507/GOH',
    'V1NLZkdoMGVjVCtEdjRKNmZaUWQyUT09fGkwNVlIN3I5ZGYzWnFSZ21hclJvNlFGYjJFL1lzUGRXUWc3YldGNk1neU09',
    'Z3d5QzgxUVdZMitjMzMxRk9NeTV0dz09fFR2dEc0UEdMODU5dVFTSTFNRzQxRWc9PQ==',
    'eUs2ZDdTMCtKZ1VraC9UWUJNNEJYdz09fGEzYmo4cmRkUEZDVC8zOXB4ekxMTUE9PQ==',
    'SWZhSlRFSm9uOXZzTXRKaWpMU1VDUT09fHFpSHFlY2lYVFhhZlgzcE5FRWQ4UXc9PQ==',
    'V3dMZlo4WHBzVUFQQmJxdEsrakVuUT09fFhwMzczTmJMWDhNMXNOdHJNSkdZZUE9PQ==',
    'TmZ2NVUxVnJ5VTMrMWJQMnc0OEw4Zz09fGFPUUFVNjY5eWF0alpGcmhweDBZSnc9PQ==',
    '[{\"drug_id\":\"R2VWMERBZ3RDMGJiZlNKdktZdWRjdz09fFVucWp1dUhqUXB1bnFtaTVNRFBIV1E9PQ==\",\"drug_name\":\"Nzg5bkdCVW5weHhjZDNtS2tZUk1Udz09fENRQjhWdjVOTFFvUFhTcEZLZDhYVnc9PQ==\",\"dosage\":\"akxQTHBoVlNBZTJWU3djWWZhQTJ5dz09fEhnL1haZkVGc2VLaUhNOGpCR2JscVE9PQ==\",\"quantity\":0,\"cp_pu\":0,\"sp_pu\":0},{\"drug_id\":\"N/A\",\"drug_name\":\"VE9QYWZkQ3B6SXplNmFUcklQY01idz09fE5kODgyaEcvREpZTkJYVVVYdEFFcVE9PQ==\",\"dosage\":\"N0JpVGUrYmJOcFk3UmJVSGJleG1VZz09fGVHMy8zQ2s1UnhuTExKSlZzZHF0NVE9PQ==\",\"quantity\":0,\"cp_pu\":null,\"sp_pu\":null}]',
    '2025-07-30 15:31:06',
    'Out-Patient',
    'SUxGYnZGckV2VTJsdUdYWTc5SzRwQT09fFlkbzJZTmRvTXQ1b3FqcVUyZ2diVFE9PQ==',
    'Doctor Abiodun Salako',
    6500.00,
    5000.00,
    1500.00,
    'patient',
    'g5pvz.1753885866833',
    NULL
  );
INSERT INTO
  `tx` (
    `id`,
    `patient_id`,
    `c_o`,
    `hx`,
    `drug_hx`,
    `o_e`,
    `lab_inv`,
    `diag`,
    `rx`,
    `date_time`,
    `admission_status`,
    `dr_note`,
    `signed_by`,
    `bill`,
    `paid`,
    `to_balance`,
    `bill_to`,
    `session_id`,
    `rx_backup`
  )
VALUES
  (
    56,
    '20/2508/GOH',
    'ZzBvZTlFSkM0QWYxSmxkdzNzTEpIQT09fHk1VE5KQngrd0R6cmEzeXJsSkZEUUN0RVpsaDJMSktyUTBuNStwN2VRU2s9',
    'azBQZFc5Z2FTZS9laWlyTnhHZm5UZz09fFp3MEZoVTZFaXVGZmEyTSs2QmR5MXc9PQ==',
    'RnhRNmdJZUc0R0xvSWw4UEt4ODZXQT09fG1vWHlDUGFkN1lwa083YXdYTmI1ZUE9PQ==',
    'Yldrcit2ZWE3K1BPT0RVMVFpUlJaUT09fFZ5WGNxbDZERi9wMXpySFdycVdxeEp3Ymd5WVlFNGVnREg4MzhXdlNtZEk9',
    'K0dZR3VMaDJFZUdoRDExc3BMbzVMUT09fDhpSHl1WHRwSENrSFB3SnRTeFFmQlE9PQ==',
    'dDYwYm1kUDBPNTMyZVBHMmZWVndJdz09fEZSelNjRG1HZTNuSFlMakdhL1JwNFE9PQ==',
    '[{\"drug_id\":\"K0RJV1J6NFo2bjRzODhyVUt0d1Jvdz09fHlOQ1JBZUtZM3dITzB2cXJ2d25jK1E9PQ==\",\"drug_name\":\"V3NYTkptWUJVWkNiR0NPV1lTREZ1QT09fFp1Vmc1cUZMZENhTTEzTzVkdG5kbHc9PQ==\",\"dosage\":\"bXZGK2t1Umk1UU40bVNuVW9GSU5TUT09fDhiSU50NEpXOVp1cHZYcjFReVNUSnc9PQ==\",\"quantity\":9,\"cp_pu\":0,\"sp_pu\":0},{\"drug_id\":\"VDBwT3UzdDJYYk9oV01kWFFJYnAxZz09fCtDZ3piMjVaM0tQNm04S2pObkNyOGc9PQ==\",\"drug_name\":\"UG9sQ1FPMXJWN0JpZlhSbDJjOW9GUT09fDI3WG1LTDhsM2FEKzVONjlOMTU2eHc9PQ==\",\"dosage\":\"bUdJbURSc0lVN29KQVdqRTlLV1NxZz09fFB5U3hzYksrdDVQNE9TZkFkOEpHZXc9PQ==\",\"quantity\":18,\"cp_pu\":0,\"sp_pu\":0}]',
    '2025-08-03 18:42:11',
    'Out-Patient',
    'dnFSTGVkdVlWTzdvbUJiWUJ2aU1DUT09fEN4RUZnZGF2UXR5VVFoUE9BL0pSNlE9PQ==',
    'Doctor Abiodun Salako',
    375.30,
    0.00,
    375.30,
    'Engr Awodele Family',
    '5c2nm.1754242931623',
    NULL
  );
INSERT INTO
  `tx` (
    `id`,
    `patient_id`,
    `c_o`,
    `hx`,
    `drug_hx`,
    `o_e`,
    `lab_inv`,
    `diag`,
    `rx`,
    `date_time`,
    `admission_status`,
    `dr_note`,
    `signed_by`,
    `bill`,
    `paid`,
    `to_balance`,
    `bill_to`,
    `session_id`,
    `rx_backup`
  )
VALUES
  (
    57,
    '1/2504/GOH',
    'VDFVU2owMDI4enVtYTdrMlpLZlI5Zz09fHJiUUhZeHlVN3hEcU9YZFpRbjZtNVNXV0lVRHNsRnJUOHN4RkprQVJEcDQzdWlNa0d5Mmw5RDBoaE5ra1ROMFpWWDRzcTBrS0tuWGMxY205S0RTVDNzWTFoTmxLN0JwV2NHUzBBc1VQZDMvUi94eUtMMG53MWJlcE54THdIaXNXN2djRzRLVGl0NGx5SFUvckZKRm5oNGh5OStRRHVJSk5wb3F4MldFb1F4MytqREJ5cDNlSUJzUXdMbUVlL1U2V25hMDhoVDh3NUN1N1FQODBadEhNUlE9PQ==',
    'WmhiWXo3MFZjUkpPZmVRSVEybnZFQT09fGxVMysxN3Y3djdxOUJFRXFqR2kwTHc9PQ==',
    'YlRkZnJPZzdXSzEvM2U1OEk3VjhPZz09fHZMTndwL3NzcGY5Z2tRcUM2VnhJWmc9PQ==',
    'WWxsNTBMSEJwR05XV2hWQ0ZvaUI4UT09fFVuYjVGK1NoVTg4Z3pmRzZ6OE1IaHc9PQ==',
    'd2VRRU9keS85SDlpd09HUGxmRmFkdz09fFlDNjhKZm5WSkJGK0liSlJickd3ZGc9PQ==',
    'ZzZTc2hWWEdQMDI1MFdQd2xhMXlPQT09fEE2OU4wSnIwY211eHB2MnAzWWF0L2c9PQ==',
    '[{\"drug_id\":\"MWcwL3AvMnU5NlZVcVQzTXNlL09Fdz09fG9yeFVheUVjZ045WmtKU0FMck5xckE9PQ==\",\"drug_name\":\"dW1HTmFXVXJtU0o0MFZoQzIxZE5sQT09fEpsVnI4c1lsT3lxM2c5UklUY1NGMnc9PQ==\",\"dosage\":\"VnJ3ZUlGUEhyMHdsa2hSczJkMHh3QT09fCs4NHFNSUFhTnVwNGRKQ0R0dzRFMEhZUmFxYW1KZitReHZuMUF0UDJCZjA9\",\"quantity\":18,\"cp_pu\":0,\"sp_pu\":0},{\"drug_id\":\"NFoxWFJiZ1Btd0F6U3NuNml1RGlhUT09fEt6MWlGaDAwQlFkTGlWMFdIemN0S1E9PQ==\",\"drug_name\":\"VUVUSnFiRFFUaTdKUzlkeVhKY0M5dz09fGVPb1lmZWtjWCtSK0FFOUhpSHJYenc9PQ==\",\"dosage\":\"UUdWN0l3ZkhLSzVZa1MvR0o4VnZKQT09fEJTVDQ2UWE2cDdISFRDMm5GM2YwcWNNRGJEVFM0bnJXWUQ4emNYVUtSSW89\",\"quantity\":9,\"cp_pu\":0,\"sp_pu\":0}]',
    '2025-08-08 10:07:27',
    'Out-Patient',
    'cDlBYVhLZThzNkY0OFVjYVNTL2FNZz09fEhhUWhEVGlNMmJ0ZFZnZmJVaFhaUHc9PQ==',
    'Doctor Abiodun Salako',
    0.00,
    0.00,
    1000.00,
    'N/A',
    '9sn7f.1754644047420',
    NULL
  );
INSERT INTO
  `tx` (
    `id`,
    `patient_id`,
    `c_o`,
    `hx`,
    `drug_hx`,
    `o_e`,
    `lab_inv`,
    `diag`,
    `rx`,
    `date_time`,
    `admission_status`,
    `dr_note`,
    `signed_by`,
    `bill`,
    `paid`,
    `to_balance`,
    `bill_to`,
    `session_id`,
    `rx_backup`
  )
VALUES
  (
    58,
    '12/2507/GOH',
    'eXN5R1NiVGtFNjhxVmR2MTh2OC9Kdz09fGJEN0xlTUI2dXhzUFd4d0JTUC9GQ0c2N2Q4WFVWcTkrM0RkWDZWTmFDWWVHWU9TVytQa0M0TUdFSjV3aWxGV01pTWwxTXdBTjNsUWtYS1ZIaTdiMDhiQVJPN29qaXVOTmdURnBPTkpOOVpNcFFzbmRxWC9ZQTRZeUhWS2d0K3F5',
    'LzhESklzd0NGSFh0OWxkV1Rkcy9nUT09fHJZYVNQUnkrU24yemZvdFlMNVQ2dmc9PQ==',
    'YmRrRkdJTEM3TEhiWkNpU1NMM2JCQT09fENIOFhTZFZoS0I4T3dxNDQxaHpKOWJxQU1rMFdBSWw4bm5PUVBxTFdHeTV2TGZLckRWZVQ0Ni9iQmxxQzJsMVY=',
    'bkV1bUN6WGtmMjJ1YldKS2tVYUVBZz09fC9rMjd2aVMrTVVUZitnTDdQbFBJcGc9PQ==',
    'eCszcXA4bENJeDFVM2JEb210T1hFZz09fFdKR3FzeFgvb2pwOUdCY0xWZkt1ejRCYmJPaktDRTFvUWkrZVlVVUoweGM9',
    'dWs5K2RYdFZzWUpkNFQ3MnJYMXdWUT09fGRJbkFVeklwbGZKS3pGeURWVFFmaUE9PQ==',
    '[{\"drug_id\":\"eTJKTXJOd1lzRkV2MDhOUEpBbWpjQT09fE1MUUhDcUt5M1MwcGdnK2dlcTc5MFE9PQ==\",\"drug_name\":\"V1A0ZGtRaVpFV3UxM0N0R2ZJTG5udz09fFlKaXg2NDdGQ0t1cXZyQ00rVStuS2drL28yaXpYY0RrR3NIeDlYbHNQdkk9\",\"dosage\":\"Q2JFUmJydGhvMGkzbno1Q2RvNHZOZz09fDFVUVJVYS8rSVpwN2E4TGlYdGRPREJVUXFkd3NZZFh1aGpQajMyaDNQeU09\",\"quantity\":1,\"cp_pu\":0,\"sp_pu\":0},{\"drug_id\":\"UkxMQkpnM2ZtaVNqcEExK1AzT09KQT09fHBhYm5OeVpHTlVVbWJxcVhTS3VPeWc9PQ==\",\"drug_name\":\"ZE5zdlo1REZBMTdqaDVpQkhtM1Ntdz09fEk1VlZQdFNHL1FnZk45UG1FODlmS0E9PQ==\",\"dosage\":\"NVhQV0QvU3NheVpYM0lORmNhdTk0UT09fGZEYjhTdjBycXhITFhZd1B2OXhmSVE9PQ==\",\"quantity\":9,\"cp_pu\":0,\"sp_pu\":0},{\"drug_id\":\"SkM0TWJMcnZSYmw2elBNRmdTTHVIZz09fEtMU3Ard3VRaUFmTWxFRVhiUjRiYkE9PQ==\",\"drug_name\":\"azcrVE9kQUhEZEgzOUYydUYxWElOdz09fDd0bURaZk1ERTQydjBzampNZUFxenc9PQ==\",\"dosage\":\"OERwMDV6dGlTTTZWcGJ5cTFPVVFQQT09fE5rZFIzVFhpVkhaWHJEQUZJTDJmdVE9PQ==\",\"quantity\":18,\"cp_pu\":0,\"sp_pu\":0},{\"drug_id\":\"ZWY0ZGdJWGR6alE1TEhNNWNSWUNrQT09fE96TFkzUlZvbFFvWWZzZUFFanVhTmc9PQ==\",\"drug_name\":\"NGNST1BGaUU4YzVZeENWbWtzT1haUT09fEwzbGRoOUxsb3FVeWZ6bnUyK2tTN1lkbC9haEgrSWd1c0lvTlZzNTFLNEU9\",\"dosage\":\"TkE5d1gzWjdKWTI0YmwyK29jOEVKdz09fE1hTzBUaFR5bTlWVWh2RHBzS045OGJvNE1UUVc3Qml1VDdkVUt2MTJvNHM9\",\"quantity\":0,\"cp_pu\":0,\"sp_pu\":0}]',
    '2025-08-22 09:51:14',
    'Out-Patient',
    'R0JuYVR3cWI1d3pad1NFYkZ1QXFDZz09fE5ncVZuckJDdmhkdTdyN0Z6SUliZ3c9PQ==',
    'Doctor Abiodun Salako',
    25000.00,
    25000.00,
    0.00,
    'Loyola Farms',
    '0sbrl.1755852674905',
    NULL
  );
INSERT INTO
  `tx` (
    `id`,
    `patient_id`,
    `c_o`,
    `hx`,
    `drug_hx`,
    `o_e`,
    `lab_inv`,
    `diag`,
    `rx`,
    `date_time`,
    `admission_status`,
    `dr_note`,
    `signed_by`,
    `bill`,
    `paid`,
    `to_balance`,
    `bill_to`,
    `session_id`,
    `rx_backup`
  )
VALUES
  (
    59,
    '17/2507/GOH',
    'RUw1alNHd0tzdGFPWHdBdkh5bGZhUT09fGpVSW8zUysrdmhYT0V2d0REbW5HQUlnbDJIRWo3WFZQWXNrYjFYQTVja3M9',
    'VThVWXpkekV6MVhUd1Bmc0hudlR1QT09fGVJSlVJZHloY0EyeXJ2amZ2dHlObFdDVFVJL3ZYVzExOG5aQkRKQWp0WS9WZXZCYmEyQTFjWTJINDBWaXR4TitnRUlyTzl1eTIwbVRGT3pRZUIvS2FaVWZQT1doS0k5dEJsTE8reXZ6N1BRQnpFanNYTXZJbFc0N2J0dmRCU3gx',
    'cERtOG9lenkxaFEvNEw1dmJaSWExZz09fGwwZGhEeHZTZkVKTlp2aTB5eXBaRmc9PQ==',
    'cnZMYkR5aG9CbVI4d2ZPanFyVHA3Zz09fHZCazRSMSt0dkxvYkZZWmpYSytwQk0rR1ZJek5CazBPdjFsODdFUXRnSS9mOVB1MVJuUG5VaWRKQ3dZazJsQ3RrSEQ1WmxFdVNPWnpjWktnamN2b3Y1WWMzWktja0huUVlENVk2QjlEUWhId2tZQi9UQVR5K0tOODZvWW03Vlhr',
    'U1JGcVBuN2VGalFHZGtLT1RMQnV5UT09fHNNb0FkVkwxTU5LZ1NGOEczaHNKaWc9PQ==',
    'UERveVBrV0k0RmswRXFQTms1cWRDUT09fGEzZFhoYVFlL3hNdjJobnJNdGM4ZlE9PQ==',
    '[]',
    '2025-08-23 11:37:37',
    'Out-Patient',
    'N0tNQnBteTByQ045MlBSVURsZ2tSQT09fE9ydFlYZ0dhcmMzTG5FVFQrV3g1Mnc9PQ==',
    'Doctor Abiodun Salako',
    0.00,
    0.00,
    -3500.00,
    'N/A',
    'xv9id.1755945457500',
    NULL
  );
INSERT INTO
  `tx` (
    `id`,
    `patient_id`,
    `c_o`,
    `hx`,
    `drug_hx`,
    `o_e`,
    `lab_inv`,
    `diag`,
    `rx`,
    `date_time`,
    `admission_status`,
    `dr_note`,
    `signed_by`,
    `bill`,
    `paid`,
    `to_balance`,
    `bill_to`,
    `session_id`,
    `rx_backup`
  )
VALUES
  (
    60,
    '11/2507/GOH',
    'cnBFUGh3V2IwOTRreEoyYWZUYU9GZz09fHFRTnVVWW5sVHNoRVdPa2xnbDFNRmM2eTVrYU5TWTBPUkYxVjExa2QwdlRzaCtqdW04UG92M1NHUDI5cWo3eVQ4aTlPYWFVRU9SZzl4MGJJL2NtODBPOFg5QnRwNjBnMTFHOXFoUk1zZFZzPQ==',
    'TDFKdWphTVVKdEd5MVo4TEozNWNvQT09fEhRcHlNNXlqdkNmcmgzalRrSnYzSlBoSTFTTld1UW1mY2NNakwzTGdsbStKWEJJQ2NxYjUzMHJaSU9obVpObXI4c0k2TTVQZTM2bjVESmRQa0xMZ1FBPT0=',
    'SjIrb1BKekltenVwaURNeVcvRkdnUT09fER2dXp6MDI5bzltYlZNSUR4S2hKRUE9PQ==',
    'SXJIVmxNNGV2T3kybDVOMTQ1MTZmUT09fHZUSTNMK2xxVm8ybFhlbGgrNXU3UE5CNDVrcWdpVGt6UjVBQWozQkFIa1NEbUExUmVFZ21Vc09jTGdVTFBsOHcrZXVpYzlEeHhRSlAzYWFQSkNXTEdnPT0=',
    'dU14RUIvVDZCdDVSNmhXdVpzS1BjUT09fElBMUt3endtVnM4MGorSjFTOXpsSEE9PQ==',
    'L2hTek9CTXNmOUFtYkpDQWxXS1NaUT09fFN0ZHltVlRzQWNTK3VRQW1zbFVNOXc9PQ==',
    '[{\"drug_id\":\"TGdrRVNwZ1cwVWdUbHdkaHdDMklrUT09fGtlb0FXRk5KMTlMUnh4TmtCRXZKcmc9PQ==\",\"drug_name\":\"R1p2aDNvb0lSaFhUMTRaSFVpZUVVdz09fFpUOVZkZm5JdXVKREJ5S3ZpRDk5ZmdnNlRScW5MK2NPNzhja2NvWWNxQjQ9\",\"dosage\":\"L2JjNTdNa01FRUtnYlA5bG8vdEVoUT09fG5NY3dqZVR4dk1PZlo2M05ZR3pjU3c9PQ==\",\"quantity\":4,\"cp_pu\":0,\"sp_pu\":0},{\"drug_id\":\"VU9yblUwVW9Wb2h2U1hZOXJwRVkzUT09fEJzQitXSXg0blJYVDNZOC9Hc2NvTlE9PQ==\",\"drug_name\":\"OUhaOERrYVFyeFJENHkxblpkeWlvQT09fERUQlBLdEdZM3ROYlpWV1J5d2FyNTdIYzl1QTZ1MzVIZElaMkNRZGErMWM9\",\"dosage\":\"djBLNE5IMWExSVgzSXFxNVNVanhaQT09fHZhQkZyNlVsYys5a042b25UR2FNN2c9PQ==\",\"quantity\":1,\"cp_pu\":0,\"sp_pu\":0}]',
    '2025-08-23 12:04:26',
    'Out-Patient',
    'aGU0a1NhL0gzNlZhRjlHemxkTHFmZz09fHh3em9BNm5ydnQxQjRjSXVndDNIbWc9PQ==',
    'Doctor Abiodun Salako',
    0.00,
    0.00,
    -500.00,
    'N/A',
    'tlwf7.1755947066220',
    NULL
  );
INSERT INTO
  `tx` (
    `id`,
    `patient_id`,
    `c_o`,
    `hx`,
    `drug_hx`,
    `o_e`,
    `lab_inv`,
    `diag`,
    `rx`,
    `date_time`,
    `admission_status`,
    `dr_note`,
    `signed_by`,
    `bill`,
    `paid`,
    `to_balance`,
    `bill_to`,
    `session_id`,
    `rx_backup`
  )
VALUES
  (
    61,
    '19/2507/GOH',
    'eWp5c1ltUVQrdVZmVGoxbjdHUUs1dz09fHR6SDR5aW41Z205OHBpcVMrTngrM3ZVSlJzUkZaVVBXblJ1eFZlNiswTUt1YW95WEZpbUloUVZZS3NCOU1zUjR3d0J3Mk5SWDJnbnl4NCt1dFc1V0I2ZkdodGJ0ZUptaXZYcytjeFgyS1lZPQ==',
    'YWJhL1krUzduak91eldjektjNVIzdz09fFJXMUdpOHJIb0lPdmlKVTIyMEpUNnpJUDNUbUhvV0g1dzNaM2UrL2pPOS84a3hKNHg0TEVvYXRtYzFJaWtWRlpFNDBQNXN5azJuOFJ4UmxMWHl1eU1VUyt5Wlh5aFBXTHVGYSsrbDYraDhRPQ==',
    'bjBvbHI4aGdSM2pZR3dCQldNYkNYQT09fHMvaUh2WDViTVp6d0FyRzR2M2lMTmc9PQ==',
    'U0NRQXJsU2V5MGRvZXV2WkJMWEd4QT09fHozOEZRN0ZWNzRlVUNRWmE4bi84MmIvUHFNUDlVMkVtWHA0VUxMVEwzSFBTdm1yaWNmMWEwWllDN1ptcFdNMHo1S1JCSUhTQkhPK3grS21LdkxCM0QzdjhrVUM3VHB5bG9uK2N4S0pJNkM2ZFYvS1pzZ0ZFekxrbkFoc0xDbDNZSmk1SzV0OWVZL2Y1VnZkZ3JCamhZU1NnTWtER01YMHNiZkxCOVVRdmxLRmx3QVNMTjBTZ0lDaWZoY3NtUnJqbFV3ME1oKzdnUXp1WGpTajNxTDZabFdKZDBHQzJZb0ZIYmJlM0dmdWFNK0NhM2dBWjQyNldiVW5jZTlNLzY0TkFYa3FWaXBBNE81M2pvNHJIenBjejlRPT0=',
    'cUo2VkxLWlVRc0dSMmF2eHVERUFVdz09fDhyTEhHOUZoYWk4aDc1NEw4c2t0eUE9PQ==',
    'Z0ZuVThGY1B5bXErekl6Z3JmZUludz09fEhIVWRUQjZSQjkwYStxU0VHK2oyamZHLzZzWnZlbTN4aEZXT3hEYWNzZTlzWDZsUTFpMUQ2YWU4c0tNY1Z4ZGI=',
    '[{\"drug_id\":\"amE1R1B3MFoyYUR3SEgwa25YQUdpUT09fERtbURIOXFpckJIWDN5TGt3R2dOUVE9PQ==\",\"drug_name\":\"Ym9rR1pBeUlXb3lBMzJFWE1XRVA5dz09fEN4aGlKdGdkVEhSQW9VUEtab0pNU0Z1VnBOc3UwZVdoMW1veXYvcDN0dDA9\",\"dosage\":\"TytxMmZyOHUxQVVLT29HMmMxNGhiUT09fGdleitoM2E2NG1pN3RTa2FmbGlRbEFyNGg2Sk4ydXZlQmxvMHJ2ZFU5Wm89\",\"quantity\":1,\"cp_pu\":0,\"sp_pu\":0},{\"drug_id\":\"T3VoSGVkdWZqdUxhN2ZYVTdlMklQdz09fGQweEtnYVBaZVZRYXBVME1pc2NrbkE9PQ==\",\"drug_name\":\"Qlhmazl2WjF4YmltRFQzODNoTTh3QT09fFlldVEzcUtIdUNRR01LQkxSdGZlMHc9PQ==\",\"dosage\":\"SVVzcFF3ZXc4TklrY1FWVVdldFlvZz09fFluSjVhSU8vMDh1L0tQaDZJcVExVGc9PQ==\",\"quantity\":0,\"cp_pu\":0,\"sp_pu\":0},{\"drug_id\":\"MHRVYU1UdVlCSHd3d2J5UVBoMHh2UT09fDgrbW9XMnV2OXdRNlFNVkpjOFc1dVE9PQ==\",\"drug_name\":\"RTBvRG1wL0FZdWpEdmZOYnA0SXRuUT09fGtsV2xkemxjdG90MHArZVFwRElWQ0E9PQ==\",\"dosage\":\"Wkt2RHFLVDBYZDRvQm80MFhaUlN1dz09fE55WVpoK01ncmRTQ01VVVh4M3FKSlE9PQ==\",\"quantity\":18,\"cp_pu\":0,\"sp_pu\":0}]',
    '2025-08-24 13:24:06',
    'admit',
    'MGg5RnlEZXR6RzAzRjFlVURYcHVLdz09fCtGbTBPKy9JbFRGL0lZWUl4RjQxK1E9PQ==',
    'Doctor Abiodun Salako',
    0.00,
    0.00,
    2500.00,
    'N/A',
    'mtkqc.1756038246823',
    NULL
  );
INSERT INTO
  `tx` (
    `id`,
    `patient_id`,
    `c_o`,
    `hx`,
    `drug_hx`,
    `o_e`,
    `lab_inv`,
    `diag`,
    `rx`,
    `date_time`,
    `admission_status`,
    `dr_note`,
    `signed_by`,
    `bill`,
    `paid`,
    `to_balance`,
    `bill_to`,
    `session_id`,
    `rx_backup`
  )
VALUES
  (
    62,
    '10/2507/GOH',
    'cGdrKzhHV0Qway9Eck5iR0hvOEVPZz09fDJGbktaT3JRMU91bHFBQzBUWFVTUjhVTmhJZzlQV3NxT2NnaHgyN2drNzgyR0g0Y1VqRWttTTFVTUlKR1BiQkpTYnlYb0FNZ0w4d0lkaHQ5bjZkVEt3PT0=',
    'd2c4SW9lMmdPWUxoMHR0T2NWYnBFQT09fDhxM0xwR1NiYXM2QmFFSEh1WHQvMnc9PQ==',
    'T3VGcmJXWVVmWmxHVk5ZWFJPSmp6Zz09fDAvb25yOXVPc1ZOdFdzWXdwWnpnUmc9PQ==',
    'UG5IRHRZQmV1YWJtQTB5bjZhYWVyQT09fFlweGpjV2hxelhnZ20wcXlVVTBtQ2tHODJ1SzEzb0piVUxpNWQrN3hZNHpyUWZSNmRTTUM5bFdBSDRlOFYzc0xuWVZKVWhCUzEvWHdPeWNMaFNsNy81NUJjUUtHdHh1TTAwN1R2OUxqYitmQ2hQN3hja1VRM2NJUS9zZmlkSWVlR2VvdlNoOGd5Q2MxcHFCTy9ZeWtPdz09',
    'ZzloTXB6RnpHTVhodUJpNldNbE15QT09fExsU1grTGluejlYYXd0aG9ubUFUOGc9PQ==',
    'Y3FCVUtwRUxCRmZXTnpmYlVEUzBNdz09fDMvK25mV1hmOTBuU2FOa1A2WlVFTXc9PQ==',
    '[{\"drug_id\":\"dkUzMXNiWXRhZjFUNkNLMUlGSldlUT09fHVPcUNtTnNPZzFFR3hFalRzZGU3NVE9PQ==\",\"drug_name\":\"VzVISWYrL2hHSmQ4RXZXa1JoS3BiUT09fGhpN0xGTWN2MmZhVVM5NDh2eklQVEZ6c1IrOGN0enh5Wk9ua2FrNXNiTU09\",\"dosage\":\"blRDTkZYWjdQNldFQ2QxZUk1MXlCUT09fEhvWHdRM3FpZkU0K1VCK2o4SWZFVXc9PQ==\",\"quantity\":24,\"cp_pu\":0,\"sp_pu\":0},{\"drug_id\":\"TzhaWEo4OW0zQzdrdk5FNFRYdDVOQT09fDFJUFA1Q3l0OURSVXh4N0xXOWtFbVE9PQ==\",\"drug_name\":\"cXpFVStkK0JhZXdpR0FZeHpocmdPZz09fGFaRVdSMFVuT2d1bGg5NzBBa1cxa3c9PQ==\",\"dosage\":\"KzRuQmlYeDRaSkQ0Z0QrUWhXeWQvUT09fHdLWmpHdkd4RDdDbU9IbStuSGwwV2c9PQ==\",\"quantity\":18,\"cp_pu\":0,\"sp_pu\":0}]',
    '2025-08-24 13:33:53',
    'Out-Patient',
    'YUh5eEJzaTUrVVp4TUtpKyt6T0tsdz09fE85VEo2REx1NUpJbUlFY1V3cGVCekE9PQ==',
    'Doctor Abiodun Salako',
    0.00,
    0.00,
    5000.00,
    'N/A',
    'h7mwt.1756038833056',
    NULL
  );
INSERT INTO
  `tx` (
    `id`,
    `patient_id`,
    `c_o`,
    `hx`,
    `drug_hx`,
    `o_e`,
    `lab_inv`,
    `diag`,
    `rx`,
    `date_time`,
    `admission_status`,
    `dr_note`,
    `signed_by`,
    `bill`,
    `paid`,
    `to_balance`,
    `bill_to`,
    `session_id`,
    `rx_backup`
  )
VALUES
  (
    63,
    '8/2507/GOH',
    'WFVhQ1Y4SHh4YlEyN05lbmh5RTJ5QT09fFBZVGViS3hhYkdDbSs4K0E4cFdibC9MM3ZXVjltNXlwZllhRTlaQTlaUXc9',
    'RXgyYzhxb0tRS1k0dU5pNXZZT0hHZz09fFl0MWpLdTJGTHFGblVKNkJBZnBEWVE9PQ==',
    'ai9CUUNWRkU2UFA5NmEwL0V6V0hPZz09fHFLcktoSjRMalorNUliQ0F2VG1mZnc9PQ==',
    'cXQrQjZNdlBXc3RGdzcvb2lzR29zUT09fGN1UnhXZmlzeGlqWXNkdjhiYjlrVXJFMDJHcXg5Zm03THY1WHlYT21JL043SUxucUhnSXk1VGR1THhZU0xQZ3UrQm1KNnVRaHB0eWc2TzMxb1UwckNxZ1lscGtnTTBWMVNNbnNNTDh5aHpLL3lOYkkrNGFKS1d2SzBSV1Uwbyt0VW5WS2pUbXFTdm42Vnd6WVIyQ0ZZMDdIVGZjbGtiSFQ3L1lBd1ZDZnl0K1k3RnVkYVV1UEkxbVlRaUhoc0FhLw==',
    'MktjRHBhS3dpY210RmtVbjVhNmNPQT09fHEySEJCaE1XbU0zWEg4ZXI5WWticmc9PQ==',
    'S0U2RjhTbkh2UnEzL1QwQkZ4amxmZz09fGtlRHlCSnErWUxKTlMxRVByYXUwQXlRaGxDOXV5WHA0L050d1RVTmF2RG89',
    '[]',
    '2025-08-24 13:41:24',
    'Out-Patient',
    'cDFTNlpwb0VtWWsyOFgvOUJSNGp5QT09fG1iWEZnWXNFdkVISVIzTWsyMzEwQ0p2ZVhTRXRpVUd3Q0dXcVQvMzBKNFE9',
    'Doctor Abiodun Salako',
    0.00,
    0.00,
    3000.00,
    'N/A',
    '5g7vt.1756039284139',
    NULL
  );
INSERT INTO
  `tx` (
    `id`,
    `patient_id`,
    `c_o`,
    `hx`,
    `drug_hx`,
    `o_e`,
    `lab_inv`,
    `diag`,
    `rx`,
    `date_time`,
    `admission_status`,
    `dr_note`,
    `signed_by`,
    `bill`,
    `paid`,
    `to_balance`,
    `bill_to`,
    `session_id`,
    `rx_backup`
  )
VALUES
  (
    64,
    '8/2507/GOH',
    'MDNwNWhmaWpMSExiUmpkTW9Sc0NZZz09fEZCMWlUeVRpaE45L2VZL1hYVHVHWnc9PQ==',
    'ZmRzMDJVVDZJYm9rSFR4YVFMTXZrdz09fFR1THpJd2gxZGRoaG4zL2Y0QkVsVXc9PQ==',
    'dUUxdjhRWUNneUd4cUtlRGNrWkxvdz09fGRIME1RNDdjQXRCcDg3OVA5cXBHUFE9PQ==',
    'ekJTVFZwM1dwc1BTNjRKU2Z2bDhsZz09fEtHdUpad0JYZ0lmUVNZTVhOclk3L3c9PQ==',
    'S0ZZc3dyYitxMHFIYmRnT0xxZk5WZz09fE5ZUGlKQW4vL2ZqMUpJa3hmbTYxV0E9PQ==',
    'eC91Vm56WmpyVmlpK0ZjNWxJTTJjQT09fEJuVGZGQjE2L3dIeDI1SXNvakxxc3c9PQ==',
    '[]',
    '2025-08-24 14:02:32',
    'Out-Patient',
    'SGNWOGlXbFEreGtMWURMSm5zYUQ0QT09fFEwdXdESXc3aFNUZ2xVUll4WFdyMnc9PQ==',
    'Doctor Abiodun Salako',
    0.00,
    0.00,
    3000.00,
    'N/A',
    'iean2.1756040552069',
    NULL
  );
INSERT INTO
  `tx` (
    `id`,
    `patient_id`,
    `c_o`,
    `hx`,
    `drug_hx`,
    `o_e`,
    `lab_inv`,
    `diag`,
    `rx`,
    `date_time`,
    `admission_status`,
    `dr_note`,
    `signed_by`,
    `bill`,
    `paid`,
    `to_balance`,
    `bill_to`,
    `session_id`,
    `rx_backup`
  )
VALUES
  (
    65,
    '8/2507/GOH',
    'Y1k1czlITWcyRzZRNTdtU1JRM3hBQT09fHJkZEdCVDk5c0ZTRW0vTE1kN2xoeWc9PQ==',
    'WGRmbndjL3l3Wk9wSkI2ZlY4aCtTUT09fDRvSzQ4RkNJc1B2elpiNzZ1RlJOTFE9PQ==',
    'OVJBS2ZsUzUvT1JvczkwZDBKUEh2Zz09fFFUem1DNDIrUjNCUVlrL0NVeWpRbVE9PQ==',
    'VS9FQ01TSnA4TWxsUDMrMDhEUlNudz09fFh2V25CNFh4QjUwcWZqRTZqUE1WaHc9PQ==',
    'ZnNQdTl1WFpSMFlpUVJwZ2dLQ21Ndz09fFp3ZVlNZXRLbDBZNWtiWTFjcGhEZFE9PQ==',
    'c2t3eVl3ZTd1SUVDSUtJTFRBQ3NVdz09fDR5b05EczFVdWdUQzEwRnhPSE1hUkE9PQ==',
    '[]',
    '2025-08-24 14:12:03',
    'Out-Patient',
    'UEVvRER5T1ZlT2F2b25LMnZNWXN5QT09fHByN3c2cmRCLzBUeVlKVXN0RWNwaitPcXQ2Uk1IQm5KdFg5UXlVcEpiNUk9',
    'Doctor Abiodun Salako',
    2000.00,
    0.00,
    3000.00,
    'Chief Alani family',
    'n7w8m.1756041123326',
    NULL
  );
INSERT INTO
  `tx` (
    `id`,
    `patient_id`,
    `c_o`,
    `hx`,
    `drug_hx`,
    `o_e`,
    `lab_inv`,
    `diag`,
    `rx`,
    `date_time`,
    `admission_status`,
    `dr_note`,
    `signed_by`,
    `bill`,
    `paid`,
    `to_balance`,
    `bill_to`,
    `session_id`,
    `rx_backup`
  )
VALUES
  (
    66,
    '19/2507/GOH',
    'NFh6cjJWQ2VuazdRTVkyNmFYeTZQZz09fGs1ckI0RFFlb1ZPWjQxUkZieXQ1ZWMxeGRFMy9DWkYyZTFINVEvQWJkaERzVEdIMUlMRWR3TjRrWDlCOXZXR3A=',
    'U2FXRkJwQi9Bb2EzeWNFcXlXNk5wZz09fHkwbi9vcGMzNXFKUU1WdHMyb0FhVW4zd3hhMVE3SS9XcFExUllNUnNDYUE9',
    'ME4zdm1QNWdJakNRbVNyY0I0YmVOdz09fDVEUW00THZsVTZCRHkxY3lFWG1KUXc9PQ==',
    'eU9RTkZjMEtYaXloRi9qMWFTN3YyQT09fGV4b3YyM2NuVGM2T0dJNGhwU0tNRC9QVlZYRDBpNlJZQTFCRFhyNUkwdy9vOHh0bmRlb1BwaXovUzNFNnJ5aVFlcE5uemp4bmsyc3BFUmdLOHFLRld3PT0=',
    'cUwrbGhKNjdIeDV4eFlXU01HMmlvQT09fDhIQUxWWW5xSU1zYTVzQ1lKR0I4RGc9PQ==',
    'd1A0elMvUmRURWxIdEZiVWhIM055QT09fHBNRzF2Vy9PL2FEU254d1ZNV3VsNkE9PQ==',
    '[{\"drug_id\":\"KzlybWRNbUd5cFFMQVFtbVFFNGlmZz09fEROR3QybE1WRmNEamQ0SU16N2JLcmc9PQ==\",\"drug_name\":\"YXNtdFJwN3BsR3UxekJYU2tQQ3RoZz09fExFYW94UnhrZGZDZUVYQkE5Sk9wYXc9PQ==\",\"dosage\":\"N1czWjV5c1QvRFFLeEhKQWQ3YnBXZz09fGhFM09mVm9pQVY5N2duUVRZbHVodUE9PQ==\",\"quantity\":4500,\"cp_pu\":0,\"sp_pu\":0},{\"drug_id\":\"dUhGdjdKUUN0cStDMHZOZm92a1ZnQT09fFR6SlBBSW5VT3UwZWpFNFRQc1d5clE9PQ==\",\"drug_name\":\"VFRiRUZ2aGQ1Tk9LN1VTL2c3cjY1QT09fGloT0xzNVczNXJuN2hXQk9ycWF5cXg4N1RHNGRoaHRiRzdrcUU3cWlxeUk9\",\"dosage\":\"NUxGUkZBOGRaRDJrQnUxQzl0ZmhUQT09fGpKTjZKMG80TFgzWXZTc0FndGtObVE9PQ==\",\"quantity\":24,\"cp_pu\":0,\"sp_pu\":0}]',
    '2025-08-25 09:28:09',
    'Out-Patient',
    'RDJFSy9FbVBNN2JiamJLUTZ4bmVzUT09fE01L2srU3dNTHliTDR2K3lqa2F3b0E9PQ==',
    'Doctor Abiodun Salako',
    6000.00,
    0.00,
    2500.00,
    'Chief Alani family',
    'jf0qc.1756110489408',
    NULL
  );
INSERT INTO
  `tx` (
    `id`,
    `patient_id`,
    `c_o`,
    `hx`,
    `drug_hx`,
    `o_e`,
    `lab_inv`,
    `diag`,
    `rx`,
    `date_time`,
    `admission_status`,
    `dr_note`,
    `signed_by`,
    `bill`,
    `paid`,
    `to_balance`,
    `bill_to`,
    `session_id`,
    `rx_backup`
  )
VALUES
  (
    67,
    '21/2508/GOH',
    'bXZsUnBSd0czenFrVlVkd1Fsai8xQT09fC9CbWhWRXVkcU5ZK0IzYlplZktleWoxLy9kQlo1MmNZckdibmxwckdpRll1cjJkVXZhYWtWWkoxSUdPdXJ0SFdScUxJa3c2NXh4dkg5Q2RaVkc1SThnPT0=',
    'RzN5L0pIT2FqdHBJNmo4UzNmV2xSZz09fHFTVlR3a0w3NHMvakl1L1JXWm91M3c9PQ==',
    'VmdnU2pFMWsxOFNVamtzdkRUOHJMUT09fEpUWTkwR2Z2SkpOcFFabUFlemlFazVIR1g1K21iSjJSTlp6MkZueEpwdzQ9',
    'Wlo0NEpNd1JrWHZiNWhHOGMxSnNFZz09fDlhaUNtSHNtd25MOEhyUGMrcW02RzVLcEpCR3cxTjA2cjlGY1lxd0JkTzc2a1NIVXdNRk5yOXBsei9CbjU1c2RjcHhYTlUyellmS2dLTlJmYmpDUXl3PT0=',
    'YVRJNXpjMDVuNzh0czZYZUV2WnR5QT09fDlkQVEwbjFsU3E1TU80amRtUkU4S0E9PQ==',
    'TWk5aENNeTN4REQ0WDh0Q1Z4N0ZxQT09fGUvMGJoMTBPcW5tdkJsSGY2YTEzT3c9PQ==',
    '[{\"drug_id\":\"NGxJNzFXL05KSXlGTURDRDY3RmNpZz09fEx2dVhDay8wOEFVbXQvQVVYcEh4Tmc9PQ==\",\"drug_name\":\"TWNkSU5yYUFQMGNGeTVEZUU4RmNVQT09fE04Z2xmaHpXTmpuclBwODhCMks3OUd5Vm5LWTFpT0FTYVlxWGVLRThlZTg9\",\"dosage\":\"NllDR0N4WExFQ2J2TzFKdzllcVUzdz09fHhOOXhycERZZ2t5K0RIdXBkcXc4WEE9PQ==\",\"quantity\":24,\"cp_pu\":0,\"sp_pu\":0},{\"drug_id\":\"UWJiSWRySUR2OVhTRElhWDZpbVhJQT09fHo0dU96QWN5SktwdVVMQ1U4ZVY0VGc9PQ==\",\"drug_name\":\"czRjM1hDK21aRzZXZEE2YkVTejU5UT09fDBQMWJYZm5BdFoyYk0xS0pRZGkvb2c9PQ==\",\"dosage\":\"UFAwK3ltUXJiQkVXR2tPbnMwQS94Zz09fE9jbjlMS0dyYW12L3NDRjJWV0dtN3c9PQ==\",\"quantity\":18,\"cp_pu\":0,\"sp_pu\":0},{\"drug_id\":\"eWFDN0NEU2R4Uk9HanN1TjVDczNYUT09fE4zSENSV3dIbjFQM3JTME8ybjByWXc9PQ==\",\"drug_name\":\"OGFac3MxSXFiTHFLdGhSYWk5UmxsUT09fFZhUktlWVRlT01BVkNzdEZOaWI4R1E9PQ==\",\"dosage\":\"aitDcUpuS3hPNlI0M3A0cktLOTdnZz09fHFvMjVCWlZGRGN2MlBIWkg1bmlDOUE9PQ==\",\"quantity\":1,\"cp_pu\":0,\"sp_pu\":0}]',
    '2025-08-26 09:13:14',
    'Out-Patient',
    'Y3NkUUp6cDRHWkNRL0p0ejYxVnV2dz09fGdhcXZJbnp2TzhUNGpPWFJqSW9rM2c9PQ==',
    'Doctor Abiodun Salako',
    0.00,
    0.00,
    0.00,
    NULL,
    'ecsqq.1756195994907',
    NULL
  );
INSERT INTO
  `tx` (
    `id`,
    `patient_id`,
    `c_o`,
    `hx`,
    `drug_hx`,
    `o_e`,
    `lab_inv`,
    `diag`,
    `rx`,
    `date_time`,
    `admission_status`,
    `dr_note`,
    `signed_by`,
    `bill`,
    `paid`,
    `to_balance`,
    `bill_to`,
    `session_id`,
    `rx_backup`
  )
VALUES
  (
    68,
    '21/2508/GOH',
    'Wk5qNjVwN3lqcmNnV1B0QStyTjA4QT09fGhLcU41aWZMcmVaZ3dob3RvSmVXMHc9PQ==',
    'ZGhmWXovOUxJUTQ3YXcvODdmdDFZUT09fEp4d3JNc1hLNm1KSjYwb3hwblAvNWc9PQ==',
    'K0dqYnFqS1l4Q1lpb2tMeVIzTEhMdz09fG9DaForbG1mRFdKZ1E1azFONmNJeGc9PQ==',
    'b2NnMVVBZVBhK0RJNk5hWE5WRkxLdz09fHBPY0NLbjFRT3ZEaUxycjhaRHFNVWc9PQ==',
    'QlFUNTNPZHczOGdtQzF3SGllVDdrUT09fERteEFKZHFnOHdoMjNCZjBmQjVKaGc9PQ==',
    'dTZVTDd3TTRRc0M3SWE1WFpFWnl2dz09fGNHV1B4elB5Z3E3eWpXNWZUZ01Wbnc9PQ==',
    '[]',
    '2025-08-28 08:20:13',
    NULL,
    'b1RwVHBmanphdzdKQUIzaXluTkR0QT09fEovZEV0T2ZvQ1RkWmZOeWpDWHl0V1E9PQ==',
    'Doctor Abiodun Salako',
    0.00,
    0.00,
    0.00,
    NULL,
    'ttuk2.1756365613501',
    NULL
  );
INSERT INTO
  `tx` (
    `id`,
    `patient_id`,
    `c_o`,
    `hx`,
    `drug_hx`,
    `o_e`,
    `lab_inv`,
    `diag`,
    `rx`,
    `date_time`,
    `admission_status`,
    `dr_note`,
    `signed_by`,
    `bill`,
    `paid`,
    `to_balance`,
    `bill_to`,
    `session_id`,
    `rx_backup`
  )
VALUES
  (
    69,
    '21/2508/GOH',
    'NytVRGdJVmtNeEtaSG1SWFg0dENMZz09fFhobytSUGdPRWhhZTcxZ0U3c0dxU25kYlJ2R3htVXNCczdVM1FSZ3ZNOVlJQXlEZmRueWo3a05rMTduSHFQT09pTll6dXB6VUxmWkhVZGYzUnN1M2h3PT0=',
    'YjJocDdEOTNQSWhOeVNaT2R0SWFGdz09fGlZZnhrREJJRlVrOFBOdkpPdERxMjVVbW9yeUJIS1NDOVZOVDVOUmlxazBYdGg3S0xQNlBHTldkZFZvSjRvckxYaitCeEpkQ1hvT0JyR0pjTTh5UUJMSDN0RXh4U2VFTnJ4NW1pTmFBYTR5YUViY0pKTGpNb01vZmVObE5vTEFP',
    'MHlnc1R1OHRSeGRYWUtqdVlNWnJjdz09fFN5Rk5YY1ovMmUwQVNrU3lxUU1FRCszRVFlSmdLR0xFSHJURTR3dXhLNk9tYUcxcmY0eDJ6TDYwZ1d1VG9HdC90VW5sN1lvNTRwSStic3Q0c2R3VFdnK1NMSW56ckRyWmxzdHdFTFdwV1ZOa2xZQ002Sm9NZHhVdlFFZUhSWDU5ekxPWHRvWktLUHNFeUFyVEREVXowUT09',
    'cGpHUFZMcjl2dzdvUmRPSW1GUUMrQT09fFlQUVU5ZjVjQU1UWHlTYWVlazJjWlZaOTlHUDB3aGkreVhSdUkwVXc3b04vM0R6alBhb3dZSHN6VnZEY1h6M1UvU3ozRnVvSzhlRHBQNGdaSVB2dFMzeGhTWHZMdzUrclRvdko0R3ZDaysyUHdrNk05YmdqbG1GTmh0cjZzRWNsZFY1ZkJDNTkxT3Z4MGhJc1A5cXVvYnc5TDR3b3BHVFpjRGdtVGoxK2QyOE1BSXlYdGRSeUpRQ1YreFdlWWVIQnNjOXZadTVLUzgyL3MrVS9yTFF4NXQvZjU0Y1FuczR5cjVpMG9PdFJCeVRxa3RSYmE4STFmd0JiVnY3eVo2OVRWRG5hKzZET1A5SnRkRFgxc1hyRDdXMWJwK0I0ZWJtc0d2L2M2UHhIUmlaSFMyTlRpU2h4UUpsOEVLZjJPdVVJWTlSZzM0RmgzUGd3Qk5sUFdWclc5Zz09',
    'TnZtYjJhNnBKcWE1SEN5Q2dhaUtPQT09fFA2Q3o4VmlzTFFMSnhvT29icjBNOGc9PQ==',
    'WU5BT0lhbDNsSkdYRjRhRGhJb3ZoQT09fDNuZ3dCRy9ZUXBPNXNVTldnUFZNR1lVZk9SZHkwcXFUOHJEQUxxLzdXcUJwbE9ieFhnTDZuckNSRUlDSzl3aFZpOEJWcUlhbUZlcU5BTUp6WlRxZFRBPT0=',
    '[{\"drug_id\":\"ejMzUlFlenBGcjcwc3hJZUJnNis1Zz09fDlxWTJDSGtrLzd4ak10ZWJVL1Z5L0E9PQ==\",\"drug_name\":\"RFpBd1NvMTdRcElKaHpiTWdDWW9YZz09fENJOU4wMW1xd2lEY2RzMXZqaFB6NUE9PQ==\",\"dosage\":\"T0NZMCtIWTNYVHc1a3hCaHdjN1RlQT09fFdYWlVoak1ESys0STZpVkUvREFlL3c9PQ==\",\"quantity\":18,\"cp_pu\":0,\"sp_pu\":0},{\"drug_id\":\"b2xEclVLSXRRTjh5Y1djdGlOWURLdz09fE04NEV5OTB1RHdLeC9CT1NoRW94ZUE9PQ==\",\"drug_name\":\"cDc3RWg4SDk1MGY3N2ZSSVAwM21LUT09fEw0N0RXU0pLWmlsd3VjbUVlTzdiNkE9PQ==\",\"dosage\":\"bGs2NGNGRXpKUzFuTFdUYzJVRGVjUT09fHlKditIdDdxSTB5OTZPKzFMRS9xVUE9PQ==\",\"quantity\":9,\"cp_pu\":0,\"sp_pu\":0},{\"drug_id\":\"WGduV3dMeVVaR1k2aTh3NFJRdGJoUT09fHNaaS9Qek1MUzVOSUZTZlpWZzVoN0E9PQ==\",\"drug_name\":\"WTYxaWMvWXJ0NGVINlRRc3JsM0lCQT09fDg5NU8xaHZWdWlETmhOeDVjNzNzcVE9PQ==\",\"dosage\":\"US9KajV3a3BIRGFZRHRVSnE3L3V6Zz09fG5NOUF5WW1KSFlMc1J0NnlXZXN5dmpsMU1LeDQ1aDc1SzhMY1Y2WnhrbjQ9\",\"quantity\":0,\"cp_pu\":0,\"sp_pu\":0}]',
    '2025-08-28 11:30:42',
    NULL,
    'OGFFWnRXdmI5Qzh6eVpkUTNKNEhPQT09fHdjclNKNE9PMU5uZk4wS2IvY21lcVE9PQ==',
    'Doctor Abiodun Salako',
    0.00,
    0.00,
    0.00,
    NULL,
    'iwp71.1756377042389',
    NULL
  );
INSERT INTO
  `tx` (
    `id`,
    `patient_id`,
    `c_o`,
    `hx`,
    `drug_hx`,
    `o_e`,
    `lab_inv`,
    `diag`,
    `rx`,
    `date_time`,
    `admission_status`,
    `dr_note`,
    `signed_by`,
    `bill`,
    `paid`,
    `to_balance`,
    `bill_to`,
    `session_id`,
    `rx_backup`
  )
VALUES
  (
    70,
    '18/2507/GOH',
    'eDVDdVVwTXptRkR2dTRmbitWbDF3UT09fEtDMUprQXE0aCt1eGxYQ2cwWC9HUVBrOUkwMkdNWTlESmNVL0lJczFEVDh5dUVQTFh1b2NJSDVmMTIwYkRwU1Q=',
    'Y2hhL2lTbFhKUGw4b1JRZnFvemZaZz09fEZ6N3ZxbjhxVkdjOGZmZzFqMHowalc4dlpnM2NCcFBZTm93NTgwQ2JyV0U9',
    'TDRoVVl4TnRnTmkzMU51V0lUOTZ4QT09fHk5T28yRWN5ZWFYWm1ROWpRQTlqK3dLSVlMY0ZMR0pZK0UvTWJxR29yU1JEL1VJS0MwNmR5YTlZaG02ZVdzaFc=',
    'dkJwNE9YNnUxNUdmRVFsTHVxWGpHdz09fGdTUWlaR0xsbU8rOFF5c0FpTGZjOXBQbHh5aXN6RGR0VkRVNXVVYVFpZm9rRy8wUkRsVFFraUpaeUlFelB4dHVIMWtJUWdRUDZrNWk5WEdhWHZFQk5tQm96OHZndEZYUlNYSXQ5K1ZVQUJob0VCQ3NUd2JGekpGMDU0UElvOWRU',
    'bXQ5SXQ1TU56ZFVmVXpxc3lrSk9qUT09fDZQQ2hsRDJTSnoyWHVFZWxpWjZFU2c9PQ==',
    'cmxzQVpYRitOUmJiV2gvNDVjNHlQdz09fEtoYU9ObW1UOHcySHpSRkkwNUdVMXc9PQ==',
    '[]',
    '2025-08-29 12:20:24',
    NULL,
    'UWhSRFIxZmZXa3ZaR2Y4U09zU2crZz09fEFlWE9PYkQySHhIdWRjWnVNYU9nN2c9PQ==',
    'Doctor Abiodun Salako',
    0.00,
    0.00,
    0.00,
    NULL,
    '5v9bd.1756466424036',
    NULL
  );
INSERT INTO
  `tx` (
    `id`,
    `patient_id`,
    `c_o`,
    `hx`,
    `drug_hx`,
    `o_e`,
    `lab_inv`,
    `diag`,
    `rx`,
    `date_time`,
    `admission_status`,
    `dr_note`,
    `signed_by`,
    `bill`,
    `paid`,
    `to_balance`,
    `bill_to`,
    `session_id`,
    `rx_backup`
  )
VALUES
  (
    71,
    '19/2507/GOH',
    'd2NLanE5WXZhQlpmd1hWdGx0OXY0Zz09fG5QVWVpNFFMd0hCKzA5QWxnczlnRm5sUHRocFVBdGhka2RKT2R2R3dEejh4ODNoMGdidTFtU1NWdlp1YVZvd28=',
    'ZTVEU3BuaHpJYWdLNUVXNm1WalNUdz09fDZxRXhneVkyWFErd0I1ZTh5WmNOS1E9PQ==',
    'QzZEMllXSTJMM0liQndLNmNadmxhQT09fFZFYjBGbE9qZmNyTXIxZTRLdS9YMlE9PQ==',
    'NWU5NmRSOG9sM2JMZGtMUXVWYU12QT09fHNTUUZPOVp1VEJtNFhiK04zckVRV0lNeUFaczJLYTJjcmI5Y3M4SFpIQTlVNTgxSGRwcU1sS0NCT1RLTjRiOFlOTENmQXcxSGI1NTcxWVZPVWljelhsRzRFVWVYejk0MmxZbXNpRU9JdlRDa1JkaFYrUVE1c0ZVTFg0K0hxVng0',
    'ay81Zmp4T2JwdUd6TFpXNUcxRFpRZz09fFlVQWtqalczWlBXY1AyRkliU2RuZWc9PQ==',
    'cjByWUUwYkFjdzhEeGszODV2VG1RUT09fEJ4QUNDc2l2dnoxK1dNeTJGTlZaTXc9PQ==',
    '[{\"drug_id\":\"d0R6eFh3MStodFFwcFRHLzdkOGs1Zz09fG5xNkxleis5cEE0bjJPN0YvWnVZRGc9PQ==\",\"drug_name\":\"N21UeElPSTVQbXJXcndzS0Z0RmIxdz09fHFRUy9NZ3dDblZsa04ySjcyOVlyVGc9PQ==\",\"dosage\":\"eFNDU2ZoZi9jM0toaEhtUGZDb0orZz09fEtUa2ZBQmJnQXlydWJ6bkF4V0luOUE9PQ==\",\"quantity\":18,\"cp_pu\":0,\"sp_pu\":0},{\"drug_id\":\"TTI3SStpTDZzZ3FTUHFsbHNTdXJkQT09fFpRemFpUG9mYmhjV0V6RGVPdkRXK0E9PQ==\",\"drug_name\":\"L3NBNjU4Q0pZbWJkVkR1TklEVW1zZz09fDlQRmljZHdaTUMvMUJ4TnpnYjlyd2xMSEZac0U0S1ZTS3N1OUNOaVhhWkE9\",\"dosage\":\"YVpDRyt4ZE5OMm9OUjJTSjNYS3d2Zz09fFk1RmtGMVZsTHlkOFpHZ0dBVzRuN1E9PQ==\",\"quantity\":6,\"cp_pu\":0,\"sp_pu\":0},{\"drug_id\":\"OFFlK0ZIaE9ZaXBiZUNaT3R2UlpaQT09fGRrZldrOFQrMXdYaHhLZXR4elM5Y1E9PQ==\",\"drug_name\":\"cE9hc2VibllxbHBxYVJjVGRwMm5idz09fGNsM1RzVElLYlFFZXdKUjg0dHI4M1E9PQ==\",\"dosage\":\"aC9xNk9ZMkpzaHZHY2VGRzErVjAvdz09fFdwSGE1dllBQlA1TGQrOEZoM0xHUTNOZUdBWUpyWHgzZ0hmQTJhYTJKS3c9\",\"quantity\":0,\"cp_pu\":0,\"sp_pu\":0}]',
    '2025-08-29 16:35:14',
    'Out-Patient',
    'dU5oNEFhUERvUVBEWkNXRzJxYzYyZz09fHFwdEF6MjAwdUFPVTlyVnp3RDV2Q2c9PQ==',
    'Doctor Abiodun Salako',
    2000.00,
    0.00,
    2000.00,
    'Chief Alani family',
    'kri03.1756481714789',
    NULL
  );
INSERT INTO
  `tx` (
    `id`,
    `patient_id`,
    `c_o`,
    `hx`,
    `drug_hx`,
    `o_e`,
    `lab_inv`,
    `diag`,
    `rx`,
    `date_time`,
    `admission_status`,
    `dr_note`,
    `signed_by`,
    `bill`,
    `paid`,
    `to_balance`,
    `bill_to`,
    `session_id`,
    `rx_backup`
  )
VALUES
  (
    72,
    '21/2508/GOH',
    'NXI0NjNaNm1lZzltWEQrVUZSWDdadz09fENEZGNDZWQvNEVtQWlFTG5oaVcrbVhxeUwwMFZYUHQxNWU3eUpiNGJHajFwYWpJYlhhMHlUcmx4dFQzemRsdlk=',
    'cVh6SjZ3dHdwWmY0bnFISCtmeXVRZz09fEtTSXo4L0tTOUZhM2NZYTJsUWNEYzUrbERJbjFwRExiYUtwSkFjVjFXNkE9',
    'TVd4ejVSVSt1d3I5NlhUVDhjNVl3UT09fExodXQrQm1IT3lhbjNCUU1TUEpWRkE9PQ==',
    'OTZkVFY5K1JxMUxEb3d4NldGQ29lQT09fEVHa0RIcVFNNEpKb0pNVnY5U0RqVlpNRGxvK2s5dytNclltNDhNS3ZTNStkZ0RjRW81d3NucXdiUkM0Nk5LaGwvZ3lzaDV5MjlVRnN5Z1gyT3hYeVN3VGU2dXgzOCtjRUloSUVhSlMvUUZCM0RxSzA2QW9xcFQva2dZTWFlMU1JYVRYbzBmbDcza2JrTE9yWFRyditZdz09',
    'ZDdxT1NjUU1HMXhHcElTdTNvNFJoZz09fEREdlM2a0dvd1hBYS8vVC9vU214alE9PQ==',
    'S2pkbVZPRmljbHNKVjJGRHR5ckE0dz09fHNUTTFiU3IvelpIWXpxS3Z1UzFWWXc9PQ==',
    '[{\"drug_id\":\"ZlJ2ZjBNMFpMSXlna1VoOUhwZjZUZz09fFVzVkV6ZkpzTnFrYlhHT1BmbG9lS2c9PQ==\",\"drug_name\":\"N1dOVzdNWXprWjVkd3FneGpra014Zz09fG1lWUZpTE9FNHU3WFJDZ2NQQzhwd1lwaFd0SW9jK2NueDgyL1E3aXlaa1IrZDYvU1BNc2RvTTFxNDNlUm5OY1k=\",\"dosage\":\"czZPalVuei9OS1VudW9kWFp6QjJzZz09fFNUMFAyRlI3V0NhVCt3RWpvZlhCbFE9PQ==\",\"quantity\":10,\"cp_pu\":0,\"sp_pu\":0},{\"drug_id\":\"ckdQbzNrZGcyRU9VQ1d2c2xJQkRKdz09fDhBc2IvZWNhMVZqOUh0eVdJZk5xTVE9PQ==\",\"drug_name\":\"QkpDUU5Ra3FjRnlUVFdLNjVXN3hLZz09fFA3QkdyeWRrVFRFOHN1bXZUNU5VOWc9PQ==\",\"dosage\":\"RUNEdTlWU3lQTlBOUFgwTW13cWkyQT09fHBkRGpDYUVQK1MvNUhMOWw4UHdTT0E9PQ==\",\"quantity\":18,\"cp_pu\":0,\"sp_pu\":0}]',
    '2025-08-30 04:50:10',
    'Out-Patient',
    'MnljNmlQdU03clNudEt1NnBScmRWdz09fDhlczNpdGlabjNPWGZIcHZPT0p0VVE9PQ==',
    'Doctor Abiodun Salako',
    0.00,
    0.00,
    0.00,
    NULL,
    'cl6a4.1756525810670',
    NULL
  );
INSERT INTO
  `tx` (
    `id`,
    `patient_id`,
    `c_o`,
    `hx`,
    `drug_hx`,
    `o_e`,
    `lab_inv`,
    `diag`,
    `rx`,
    `date_time`,
    `admission_status`,
    `dr_note`,
    `signed_by`,
    `bill`,
    `paid`,
    `to_balance`,
    `bill_to`,
    `session_id`,
    `rx_backup`
  )
VALUES
  (
    73,
    '19/2507/GOH',
    'OUZROVhQWGRlVGZWMXhIZFhWL0tWQT09fGt1bnE3bGE1dEtMcnk0TGtUaGZyUDFiSFNlSXlLTnR3K2x3T0d3K05SbDR0Ym5mZys3SEtKNFJ5blFBbkJabi9iUit6RjRubGwveUZSVTFYVEg0aEpoYkNxMTM3ZG1pOXZhMWMxU0phV0xzPQ==',
    'bWR1TFRiVGpEaFROQ3l3R0dubGtydz09fCtXZHdKOVBqSWJSdXhpN2hZVDhsL0E9PQ==',
    'OUlxWnBIUERYQ3FWbW1lVjljWWtoZz09fDF0cHM0YzVFWEtZMnMwM1NqdlJqalE9PQ==',
    'blVaN0tKZ09NQ2kyNzN1NmRNU0ExUT09fFdhSW5scWRsUzl1ODBRRVVDd1VpWGdqcG1MMEtyR21XR25rUUUxQ2x6a2Y1Zk50aWxnWTI5SnFuT2UxaHB6S1diWVFuSk9IcmdrcHJXU0U2c1JWU3ExRngrZHpEVHBrZ1p4cXBKbHFBRHAvUHpaU0RrVi9zSTBTMzJ1V1VmRDFw',
    'ZXZOSlpzYndFWHNGSC9QZ29mNDQyQT09fElCKy96MzFUWDlBQkpBcFIvQUZyb3c9PQ==',
    'bWFkc1VJdVBmZmZkRnNwTy9QSTkyUT09fFRESDg1aDlCc1ByOGhZRGRCb0xvanc9PQ==',
    '[{\"drug_id\":\"dGo1Kzk2akZnWk8zYmFSeU9lUUhIUT09fEVaeTNpSUZBMzkzUzgxaENoZ2IxalE9PQ==\",\"drug_name\":\"N3NDVklRRGZmYnE4RUtJM3A2R1NNQT09fGQxNVIraDZRQ200Nzc0cFhQMXljckE9PQ==\",\"dosage\":\"RzJNTTNrS20yREJWeStNRzFZOGJmQT09fFBkSHpDbzZYWGdGWHFnU3NWSHRJL3c9PQ==\",\"quantity\":18,\"cp_pu\":0,\"sp_pu\":0},{\"drug_id\":\"YnFMYldCRGhaV1BycmxMSTYzUWE4dz09fFhmQ2cvSG54b2xuSDJOb1RkSGNLOEE9PQ==\",\"drug_name\":\"UHo3M3JtT052aWVjS1lMcXpsSG5PQT09fC9Sd1lwZnZtNklxTTBNN1I1T0pOcXc9PQ==\",\"dosage\":\"cytId3M2cjJ6dm15UEZ1OG54MFk4dz09fC9KSU4xOGVZTURPRzljdEM0ai9ZZ0E9PQ==\",\"quantity\":4,\"cp_pu\":0,\"sp_pu\":0}]',
    '2025-08-31 12:33:03',
    'Out-Patient',
    'UHYvQThuTW1uRDcvKytnZ3ZralRadz09fFp3T1V2Mk0vOVNPd1VVYjM3czd6bmc9PQ==',
    'Doctor Abiodun Salako',
    15000.00,
    10000.00,
    5000.00,
    'patient',
    'vsauj.1756639983223',
    NULL
  );
INSERT INTO
  `tx` (
    `id`,
    `patient_id`,
    `c_o`,
    `hx`,
    `drug_hx`,
    `o_e`,
    `lab_inv`,
    `diag`,
    `rx`,
    `date_time`,
    `admission_status`,
    `dr_note`,
    `signed_by`,
    `bill`,
    `paid`,
    `to_balance`,
    `bill_to`,
    `session_id`,
    `rx_backup`
  )
VALUES
  (
    74,
    '21/2508/GOH',
    'MEZFRnRwTzl0VUkydGlhZkdEQXNFQT09fHAwMTBTaGNGdTJZUGM4aGZYSWRZcDBCdS84azZpc1NLS2RqK0d5VnZITExhK0U1cEdoeE5BbGpXc3ZoMzFpWWw=',
    'L0dtbVZsMEk4Wlc5Q3J3TFFGN2wxdz09fGpmeGxOYUtjT1IzQnYvUHg3L1RsQkdzem1jQUo3Q2YwVzV3bWZJSG1SOWc9',
    'WGppY1NJTUlQeEJ1YzBwUERVRklIdz09fC9tRUo0WXhNdjQ4emZLaUswMWMyS0E9PQ==',
    'ZGtudDY0RWs0bFpMS29lejdpNjFQdz09fHpzci9FR3FpY0dNWnRTSzVqY0ZOc2VQZ0lwMnVQb25NeGFWbmJsTUJOT1JyVERLM1hoMnFHRDdhVFlHZGg3Vm4=',
    'dzVTYmlicWxvb1RndzF4ekx3K2ozdz09fHVUVEJoRXIzVnUwZjZqMDBwdHhPZWc9PQ==',
    'VW4vZWNZdksxeElRSjFqc1pWWkZNdz09fG15dGhWTTIva0c0SEs4OGkrSVJCekE5dWhBWDZVL2JPUjlmME5WWmVrMXc9',
    '[{\"drug_id\":\"blFWWnR1WEoySFYxUTV0QS94czZ3QT09fGJMYng4RmlldVBPNmZodUlHQ29LR1E9PQ==\",\"drug_name\":\"UDdFVzlWdGtWMWEvcjNESGtTOHI4QT09fCtiNFhCQ2Z1ZHpaTmpydnRobEFpYUV0ZGpLVGh5L3h1ekZWdGJ5Vis3dXc9\",\"dosage\":\"RmhiMWtucWtxUDdoN3FlY252MHNWUT09fGU1YWJZMFBpdkovSkppWHFrc3lxcVE9PQ==\",\"quantity\":0,\"cp_pu\":0,\"sp_pu\":0}]',
    '2025-09-01 13:52:49',
    'admit-for-observation',
    'b1JxMWdneVpnLzB0Nmdsakg2eUxDdz09fDIra1E4V0ZuWUNCL2JQcTlmb1VHOHc9PQ==',
    'Doctor Abiodun Salako',
    25000.00,
    0.00,
    25000.00,
    'Chief Alani family',
    'sn125.1756731169422',
    NULL
  );
INSERT INTO
  `tx` (
    `id`,
    `patient_id`,
    `c_o`,
    `hx`,
    `drug_hx`,
    `o_e`,
    `lab_inv`,
    `diag`,
    `rx`,
    `date_time`,
    `admission_status`,
    `dr_note`,
    `signed_by`,
    `bill`,
    `paid`,
    `to_balance`,
    `bill_to`,
    `session_id`,
    `rx_backup`
  )
VALUES
  (
    75,
    '21/2508/GOH',
    'd1EyMEM3KzFLdGhsN0VTV014Q2tYZz09fDAxbDJYakZNN2FmYmhSQVhkUGxqNnc9PQ==',
    'YjFZY2JlbHgwcjhnUWh6UkpDUnU1dz09fGo1VVR5VGxJNVhSWEc2ckVwdWs2WFE9PQ==',
    'OWNvdWVaNnhyZDlxNi9vV0dYNFRHZz09fDhpWFhWeFlHN1p6NDB3TTBNV0NyMnc9PQ==',
    'dWtJSjZvWUdpa2ZyZ3NBYWk3Z3hGZz09fEpCN2ZWMy9MU0kzdDJGbTZmQzAzbHc9PQ==',
    'ZytsaXZpUGF3b1JrYWFTdVlhenltQT09fGxWdGE3cWxDN21mUnU1NE0rS2hDV0E9PQ==',
    'cndtb0MydmlkVXptaFJjUXhDMjdyQT09fGR4OC9sbzBsWjZtQ1hBbHB2VUFzV0E9PQ==',
    '[{\"drug_id\":\"T3ozMzdOUmliVE9pZ24wbjkvYXJqZz09fHlEOGVvZWpWTjl3RXE1d3o3dlFKTHc9PQ==\",\"drug_name\":\"MWl0RVcrbW5aUzVWOThiWmRjVWJ3UT09fFo2bHFLZWlzbEh1b3d6YVExRmlUREFodEVjUThWYllVaXk0NmhhWFEyV3M9\",\"dosage\":\"MmFkQmNhbzFBcDJWMTZXVnRIamxPZz09fDVRaDlDczlJbGZFK0lpazRVZWNIaUE9PQ==\",\"quantity\":3,\"cp_pu\":0,\"sp_pu\":0},{\"drug_id\":\"TVI1OEF2SERBWkQrUllWMWlDWXR3Zz09fDBwU0F0U0g3TGRvYWdoVGFVa2ZFTnc9PQ==\",\"drug_name\":\"aURkNzQ2TENXeDh1UEZoMDVpWTd2Zz09fERGL1hoOEFrQUVYUTIwTjRuL09Rb2lWNHJjYjJjNVhnQ01KVmE4bWp0UFk9\",\"dosage\":\"ekxEVmFkbTh0MlhsbUNIaUFtR2tnUT09fG5YaVUra1htek8xV2tLbEpacktKUVE9PQ==\",\"quantity\":20,\"cp_pu\":0,\"sp_pu\":0}]',
    '2025-09-20 12:52:46',
    'discharged',
    'TCtsRS8vZzdCOXAzRklneDlNVEpqZz09fERjREdUL1lTamFGSSs1S2hwQ25KMkwybEV1MW5waGxRWG5CdS9hNVhPYnc9',
    'Doctor Abiodun Salako',
    3600.00,
    2400.00,
    1200.00,
    'patient',
    'sn125.1756731169422',
    NULL
  );
INSERT INTO
  `tx` (
    `id`,
    `patient_id`,
    `c_o`,
    `hx`,
    `drug_hx`,
    `o_e`,
    `lab_inv`,
    `diag`,
    `rx`,
    `date_time`,
    `admission_status`,
    `dr_note`,
    `signed_by`,
    `bill`,
    `paid`,
    `to_balance`,
    `bill_to`,
    `session_id`,
    `rx_backup`
  )
VALUES
  (
    76,
    '22/2508/GOH',
    'YUk5QkdCNXNYVnMyWnpjcndYam1jdz09fDRKUHJYNXl2YmtBcFdYKzJldDQ0eHIrc2d2anY3UjR4dW5adExFWDVoUllxaVU1MERXQXY4ZUJlS2pHVkdlN2Z6bUkwMGVyc0R4VUVNWW4yZFdjUUN1QmdndklvK3k1Ukdyd2tLVlMxdUhWMmQyam1TUnJvejd0M0U5L0RnSStl',
    'cGZvYkN3SzdWRWU1dHEveVl5dEM1QT09fEhYemxZekxoNnpKVmZ1Z1ZZdmNBV2lnb2F6ajBQL1A4WmZaUEg2K0FKTGc9',
    'Mi9qbHdCSUxlUlVIeG8rV2F3aXBjdz09fENIWUpBbVk0QlQ3UWt4QyttWTY5OVE9PQ==',
    'ek9ZMWpRakVGUVhKSTQ1K0g4azRMUT09fEdHblB0VDBGdTJZdVkydHNWY01NeHc9PQ==',
    'SnNnaitVMnowYndjanQwdVdQeXA4QT09fHYyUDU0MHpBUkVQRTA5ZCtVU2xNdnc9PQ==',
    'SHg3bEZ6elU3Um5SeVR5WGNVcGVmQT09fEM0M2NYZHpkanBxTVBJK0x1dmVMYnEzb2NIWXAvRThUUFFJZU9PdmJtYXRxT1dxTUJlOWptTXFuR1M0UTNXZmo=',
    '[{\"drug_id\":\"a2RybmJUdjZGaThlWDNwcVNoSDZ0Zz09fHFOWVlzSEJ1U3d6VzZaNVQ5UEUyWFE9PQ==\",\"drug_name\":\"RXRRUHRJYUZKclhNc1JnUTdscnAzUT09fDdHWkFuMmZqQTYxdVVVYXNLdWQrVSs2dkRGUTZ1TURncDlmUzhoVi9kWmM9\",\"dosage\":\"SnNaVmM4QWZnMzd3eG0ycWpOTWlmUT09fG5TMHpxVExQTE9MSUtRZUE5OHREMms5UGZ1SUpmMVNLb2JXSUp4ZHVRQU09\",\"quantity\":10,\"cp_pu\":0,\"sp_pu\":250},{\"drug_id\":\"NXFacjhNcWx1anpGWjZ1bEpPVExGZz09fHBVM0xmWGk0VExqRnpubW40V2RDdEE9PQ==\",\"drug_name\":\"aG5mV3ZFci9nUkxLQTVzZmUvL3R3dz09fE93eTlYdHBMTGZUbi9BUGZMc2U4Ymc9PQ==\",\"dosage\":\"RTNxR0JHYkxrUWNpeDRldTAzNVVGQT09fEl0b0diVFVKWTJ4ZDNJZjVIVmsySWc9PQ==\",\"quantity\":18,\"cp_pu\":0,\"sp_pu\":0},{\"drug_id\":\"a01WOTN0U1I0MnUyaVVuMjhHdnVhQT09fHg3WndtM0tqTFNjYno0QmhySlVWQ3c9PQ==\",\"drug_name\":\"Zlh0YjFmNW9QUGsvRTAyckdKUkgwZz09fHREazJtWlpKL2NjU1VneFg1UUM2anc9PQ==\",\"dosage\":\"YWVPQXVGVU9PK2J0V2d6b09pUk43Zz09fE5VOUFocXNJMWU3eXBaNzExbGFNQmc9PQ==\",\"quantity\":1,\"cp_pu\":0,\"sp_pu\":750}]',
    '2025-10-02 16:15:03',
    'Out-Patient',
    'YUg1cVRUbW9TZEo4RHB4bmpRTnRKZz09fDVscVlkQjlNWUQxb25LUVZqbjFteS9XdHFUem1QM0lhNDE4eVdmVWNiMGs9',
    'Doctor Abiodun Salako',
    0.00,
    0.00,
    0.00,
    'Loyola Farms',
    'zn4pr.1759418103400',
    NULL
  );
INSERT INTO
  `tx` (
    `id`,
    `patient_id`,
    `c_o`,
    `hx`,
    `drug_hx`,
    `o_e`,
    `lab_inv`,
    `diag`,
    `rx`,
    `date_time`,
    `admission_status`,
    `dr_note`,
    `signed_by`,
    `bill`,
    `paid`,
    `to_balance`,
    `bill_to`,
    `session_id`,
    `rx_backup`
  )
VALUES
  (
    77,
    '22/2508/GOH',
    'aWl4VzFzdGJBZW9wcVNTYUxheVRuZz09fHFPUk9oUFMxNWFDUnRsbDJIdmw4U1oveFlDWEsrNmFJdDV6eGI4LzZwT1hia3h0YnV3ZkxNeVJMcHJFeFBIQUU=',
    'UnRlZlhhTnl6azZ4OFk1dklxM3Y1QT09fEJaOWNWVGhodm9HL1pWNDZBQTlHTHc9PQ==',
    'QjhkSzMwTms2RWlZUTYwUElBenFrZz09fCs2OTZ0dm1meTFUcjBKK1FvL3lGT1E9PQ==',
    'cC80SzZTM1ovdkRES2RXRFdCaXJrUT09fGIxRDdhcnhmQ3ZiRmpEYjlRQk1obUE9PQ==',
    'YVMvU2JMczRRSWNGaFNPWEdNeEhDdz09fHVoOFQxZWp1c0IrRVZ1MWlhV29Tc2c9PQ==',
    'ZmUvWjZBR01YS0VLU1ZtS1FiL3prdz09fGZtM0RmOUFJeUZ3S3pXdjRoSFcxcUE9PQ==',
    '[{\"drug_id\":\"TmVQY0d5TjM2ejFxVWl1dVlxdGR0Zz09fDJJbUZ4MzFiZ1NUNHlUN0x1dWpOaWc9PQ==\",\"drug_name\":\"TVFsd0pEWkUyRkJ6SEtTNm9zN1ViZz09fEVHUk1RTS93VW12bUVYOTBzamgweXVCeW9lUG9OTFkxQXpzd254MXRIcWM9\",\"dosage\":\"RmpScWUvSHd3YnZpVklYUTdSRUNQdz09fDJQZm0wUU14TDVhSVM5dExTRHB6N3RIV0FqMDZiejZqVmpLalBWaFJodjQ9\",\"quantity\":1,\"cp_pu\":0,\"sp_pu\":0}]',
    '2025-10-02 17:40:13',
    'admit-for-observation',
    'anlaeUd4WkRqTWJyODlHQ0hmeGNyQT09fHYyY0d5dWFaLzdRb3llWU5vRitwZEE9PQ==',
    'Doctor Abiodun Salako',
    0.00,
    0.00,
    0.00,
    NULL,
    'zn4pr.1759418103400',
    NULL
  );
INSERT INTO
  `tx` (
    `id`,
    `patient_id`,
    `c_o`,
    `hx`,
    `drug_hx`,
    `o_e`,
    `lab_inv`,
    `diag`,
    `rx`,
    `date_time`,
    `admission_status`,
    `dr_note`,
    `signed_by`,
    `bill`,
    `paid`,
    `to_balance`,
    `bill_to`,
    `session_id`,
    `rx_backup`
  )
VALUES
  (
    78,
    '7/2505/GOH',
    'TGxkNFlveDZxejV0V1ZWazZYYXUyZz09fDQ2NitoUlpmeGtUVCtKVG5uMzZ2cXVuemw2NGVvSkxlcWxZNVRPaHRGNGFDWXA5R1Y4ajZkK2Y2TWQwYXVBNVE=',
    'RitZdU9MNXJ2bnY1ZE5BanVBN0h6Zz09fG9BRGZkVzV4UEhTend6OXN0V1p2SkE9PQ==',
    'K1JFNDBvWlRuVHhmZitDRGUyZVhDUT09fEZGVW1WekRIK2JtVERuRFAycmNRQXc9PQ==',
    'SWFPZ05OdXpOdGRrRG5QUFNNWlFSdz09fGt1bGdrSFVHWVQzTVkyTFlTZ1owR1E9PQ==',
    'NlJpQk9jbzZIaHl6UlhWZDNUeDhNUT09fEVBSnBONXBYWnBYdCtXVmxKQ2ZlTUE9PQ==',
    'R3o2NzNWb3JYQlF1eWdVYjNISjB3dz09fFk5TUxZY3VWaHA4T3dKdzVLRE0zMVE9PQ==',
    '[{\"drug_id\":\"a2tRUkJaNldUT1FoRTUxaGxEWFh0dz09fDIwcG9rdjZaT2ExdjZIOU9oUmNSZ3c9PQ==\",\"drug_name\":\"K0xFODc1MnRnS0pRSm01MUc4b3FTZz09fGhvQmtYSCs4MnNUbXd4TDMvdjRhQWc9PQ==\",\"dosage\":\"Vm9tM25DMzZSNXBKZThaOHBoNXRQUT09fHRXaEpPaDhMd1N4U0p2dSs2Ylg4MUE9PQ==\",\"quantity\":18,\"cp_pu\":0,\"sp_pu\":0},{\"drug_id\":\"N1FLSlJrZHZTUjRlVGl5Y2Q3cGVSdz09fEhlMlpRY0NZeUIvbmtuRFozNVpMbmc9PQ==\",\"drug_name\":\"T1NKbVlhQ1huUnZXMVVPbFJIS2RZUT09fEdkQ3FPeWc2aFZjUGZta1BHTDJPTUE9PQ==\",\"dosage\":\"d1RTWGZFOENlVHRYb3FIRkdIMmR4UT09fERPamE3RytZQWkycDdHckdrZTVsNnc9PQ==\",\"quantity\":9,\"cp_pu\":0,\"sp_pu\":0},{\"drug_id\":\"ZG1MNTYyK0hlRTk1alF0M0J0SG1Wdz09fGdUZ1RaNlZwWWs1aUMwOGVJeUVUa3c9PQ==\",\"drug_name\":\"YldaQkRJN0trb1I0ZWdRdDZoZ0ZvQT09fEtFd0lsVFdQTG12MVB6cGo1Yy9MY2c9PQ==\",\"dosage\":\"dmJzK08rUGp4V0dvdUVWQVZDMHg4Zz09fEpLRnowVmJpQUd0WDhhdzcwZmFUSVE9PQ==\",\"quantity\":75,\"cp_pu\":0,\"sp_pu\":0}]',
    '2025-10-03 10:14:28',
    'Out-Patient',
    'YldBR0phd0UrUFFTdEdqbHpqclR1UT09fGt2TURkdFhSMTlKSmhsZDNKQm5aYWc9PQ==',
    'Doctor Abiodun Salako',
    5800.00,
    5800.00,
    0.00,
    'patient',
    '0su2m.1759482868397',
    NULL
  );
INSERT INTO
  `tx` (
    `id`,
    `patient_id`,
    `c_o`,
    `hx`,
    `drug_hx`,
    `o_e`,
    `lab_inv`,
    `diag`,
    `rx`,
    `date_time`,
    `admission_status`,
    `dr_note`,
    `signed_by`,
    `bill`,
    `paid`,
    `to_balance`,
    `bill_to`,
    `session_id`,
    `rx_backup`
  )
VALUES
  (
    79,
    '22/2508/GOH',
    'dHlscS9NQXk2NW9KaDlBRFJiU3NuQT09fDVTZkJMTWdVQVR2UWdsY3FLM2lqK1E9PQ==',
    'MTBoVUU2bWhpNkZ6ZGRVd3FpQi9TUT09fFNEZVJCUi9XMXZZb3M4YmlrdjdwUUE9PQ==',
    'dFJXUGhqK1NLZnptc25RVzZoUllidz09fDZhUzlLUVVwY3hLa3hJWDhLeHA4YVE9PQ==',
    'RlFQNi9TMkw1bjA4a0RXcDVIeTV0UT09fFdTNnhnZmY5ZVVWU2hCUzNwOWR0OUE9PQ==',
    'RnpuOUNWOFZQbjNBNVNxRUgwQ2dlUT09fFZmNzk1UjNLQ2VYVEpYTmYyR1pGaFE9PQ==',
    'eG1zeEhWMkNCbEJpc08zYVJ3eDc0QT09fHRCVVFpRUc3c3p2UkFqZlNzZ3kzdUE9PQ==',
    '[]',
    '2025-10-03 16:30:24',
    'discharged',
    'S3VZUGZjVWFwNGZMcGtTNE9UaFRaQT09fGhKYmdEdnlQTU5hVGd5KzJoNHltL0pNbzFsdVA5ZysyMllRWDBZMVFYc3JkYmU1WjF4NjBzaDRPeTg1TTVxM0U=',
    'Doctor Abiodun Salako',
    5375.00,
    5375.00,
    0.00,
    'patient',
    'zn4pr.1759418103400',
    NULL
  );
INSERT INTO
  `tx` (
    `id`,
    `patient_id`,
    `c_o`,
    `hx`,
    `drug_hx`,
    `o_e`,
    `lab_inv`,
    `diag`,
    `rx`,
    `date_time`,
    `admission_status`,
    `dr_note`,
    `signed_by`,
    `bill`,
    `paid`,
    `to_balance`,
    `bill_to`,
    `session_id`,
    `rx_backup`
  )
VALUES
  (
    80,
    '9/2507/GOH',
    'bnI2aENUZlAzVjhLT3VpWlpvVXVPUT09fHp0eEQyUS92MnNpcS9ZUE81NTdXWG5PdktnOG5HMFd3Q213eHJYVXl6Vkw5MWUxc01Lb2RaZ2dBdWR2RG1yU2g4bVV2K054emtFaXJVZnp6dFNIU2xIVXNINS9OTElsWXdOcnI4akZOSFZFPQ==',
    'OWQzcnBzNzNPUEZ5MmJMRVZndVJMZz09fGtqdFVxMGJVRkVyR01qQTZ5SkY5RFE9PQ==',
    'dUFDTy9aSzl3Mm1iWk5MVEU1SklPQT09fDlpb3RuTXE3MGE3L24zODJVaUNZaVE9PQ==',
    'TklSNm1RT25lUnJJZktGb1FzbmJ1QT09fDNJZGpMSGFuWENlY2ZhTzNJdzZrYXFXTHNjSERpYlA5V29WODJkZmdpOExCMEdWTCttbzlNczIzeW53ZjNwUzk2dzNjdFdnYWFrclhWNFBGZXJLTlJnVUhRODBhZzA1VWxybjQzQllHcU9iRm1zbTFYN1BCeUt4dmdTTEoxS3R4',
    'a29hQnJJWEg3U05qYVk0UG5WVkZuZz09fHVlSjA0SjdrQ3A0ZDJRMkJLWCtkd0E9PQ==',
    'Q3lKcG5tdVRnSm0xK0hQdUpWc1VHQT09fHhNdHIwVzQ1aVc3MHRmSGNsaUNTMUE9PQ==',
    '[{\"drug_id\":\"dzNTeEJQVU9YRlhkd0dKYkdXOVdsQT09fHZHb3hFdU1lUkE4Y3NpOG90TWZkVnc9PQ==\",\"drug_name\":\"VU9aK0Q4ZWRtQXVydFlQSzZwWk1hUT09fG1TZFhuUHYwdzRsLzFQWGh3M3lJUEE9PQ==\",\"dosage\":\"dDA2WjEvUnVPQ1lUdE1EWkNPckpEZz09fElPRjN6eFpGQk1mcGVvKzU4aUtVbmc9PQ==\",\"quantity\":9,\"cp_pu\":0,\"sp_pu\":10},{\"drug_id\":\"ZVYxa09qVzVEWXAwbjFyb1MrSzQ3UT09fCtja3o3ZDZLNVRvS25NZEhNa01YMHc9PQ==\",\"drug_name\":\"Wm1GS3ZYSEFxL1VzaXlGd0xQYjgzZz09fFlScDBITjhMWG8xMXl1cFN2UVZiNUE9PQ==\",\"dosage\":\"RVdiRFI2SGFwbWNFYzEwN3VQYTg0QT09fHAwUmFJSzJRSzh1bExyU3g0UTlmWXc9PQ==\",\"quantity\":27,\"cp_pu\":0,\"sp_pu\":13},{\"drug_id\":\"Zy8rNU1hQWFqR2VBaE85RTdmc2Q2Zz09fDh4ZlVmRllQY1F5ZmoxVElNN04wZmc9PQ==\",\"drug_name\":\"Y2VQNy83d3VjYWJKWXJRRUd2aFJTQT09fHpCSVFQdWF4OSszSWJacGlFLzlTUi9udUQxM3JvRHdTV0VsejdTc2REaDQ9\",\"dosage\":\"a25WSnByMXV5MVlzc3gva1QzSUF3QT09fGlOVUdHclVlN1lvMHNTKy9HRkVDclBGUGcybkNHNWRIdE5kSGVhSWc5eEE9\",\"quantity\":1,\"cp_pu\":0,\"sp_pu\":0}]',
    '2025-10-03 16:39:59',
    'admit-for-observation',
    'aFNNZTRQWDBBRk0yeVNmUURxUVRDdz09fE5GWEkvaXlJUEdnN1VCcklJb1NuNWc9PQ==',
    'Doctor Abiodun Salako',
    5526.57,
    5526.57,
    0.00,
    'patient',
    '1dlbz.1759505999985',
    NULL
  );
INSERT INTO
  `tx` (
    `id`,
    `patient_id`,
    `c_o`,
    `hx`,
    `drug_hx`,
    `o_e`,
    `lab_inv`,
    `diag`,
    `rx`,
    `date_time`,
    `admission_status`,
    `dr_note`,
    `signed_by`,
    `bill`,
    `paid`,
    `to_balance`,
    `bill_to`,
    `session_id`,
    `rx_backup`
  )
VALUES
  (
    81,
    '9/2507/GOH',
    'U3h1S0VGOHE0bGVScC9sLzhKYzRCZz09fEx2RDZyVklXSTJvZTVibFlGbk1OcWc9PQ==',
    'WDhRTlRjWHJ0NVVhY3A3dU9kc3I3UT09fEZwMGxES0xOTVZDb29leEQ3emJjWFE9PQ==',
    'cGxNK2NHdEFmbVFJdnYzQWtNa0g1Zz09fGhLZVNSM3JaUnNia2cyNGk5RWpzUGc9PQ==',
    'VDBtcG5JOXpXbG13RnVQUzlwOVcxQT09fGJhUlc5R3VrNm1DRUUyTEx2TzMvR0E9PQ==',
    'dHMwNDVzVlpyMVZrNWdYalh6UzJlZz09fG9qR05IRnIvcit5N2kxY1pGUXRQZHc9PQ==',
    'd2Y2b1gyR3J5ZkVkVzJKRG5LWVpiUT09fE5ZNE1Bd29ZSUtEVmVpOTdMK0llVlE9PQ==',
    '[{\"drug_id\":\"NHkxODlldHR1L0hJcVpUSXJZL0IrQT09fEdpRnB2bDdHQkhLdGxMQWNkQktYV1E9PQ==\",\"drug_name\":\"L0o2UWc1YTJELzVKRjRPdStLTkFiQT09fE1HbUFsNHhobTdQMXNnalh2bWt6eHV5ZjVweFhqYnUyWStlRnovWW1rQ1k9\",\"dosage\":\"RWNkQ0wvYjI1SDZaeXFYRG4xanRvZz09fFpaZWVJYnQwbGJFWmVYdXFJaTVLeURwMDdpY3BoK3BqaURGM0FwK2VCdVE9\",\"quantity\":1,\"cp_pu\":0,\"sp_pu\":1500}]',
    '2025-10-03 18:23:03',
    'admit-for-observation',
    'eWZidklsOCtqSFF5Zy9waERCbGJnZz09fE0vUWl4UzVaRjRtak1renlQVE1xVFE9PQ==',
    'Doctor Abiodun Salako',
    1612.50,
    1612.50,
    0.00,
    'patient',
    '1dlbz.1759505999985',
    NULL
  );
INSERT INTO
  `tx` (
    `id`,
    `patient_id`,
    `c_o`,
    `hx`,
    `drug_hx`,
    `o_e`,
    `lab_inv`,
    `diag`,
    `rx`,
    `date_time`,
    `admission_status`,
    `dr_note`,
    `signed_by`,
    `bill`,
    `paid`,
    `to_balance`,
    `bill_to`,
    `session_id`,
    `rx_backup`
  )
VALUES
  (
    82,
    '4/2504/GOH',
    'VUpKb214VCtibEJLUFhTK1JhNzZJQT09fGtDNmNSdDAycmYxMWJXazdQdzJ1VWc9PQ==',
    'QUZvSDJCRW5YV3JnR05TOHRKUkpyQT09fGliK1pMNVpnQVNwZW5VSlFkQW0zaXc9PQ==',
    'VXlHdWdKT0RvWkRsR2IrRUhlMzd6dz09fE1wNkd5RWhYMU9VOGNoaFpTSk00UkE9PQ==',
    'SnJ5VGk3eG51Mm85c0M5SnVmeCs5UT09fHR4T2F1YjlTZjlkUDhVVjhiUUd0NEE9PQ==',
    'SU1jSzU2cU5WcUxwZjdoM0FhUERGZz09fElCNVNFak5jN2lxTjlGVXJhRXZvWVE9PQ==',
    'WlNUSnk3L2RzNVEzL0Qxa2V0Qkhrdz09fFdZTFdqeTlKdGloL0Raa2ExaWVhUnc9PQ==',
    '[{\"drug_id\":\"ZEVzVVAyMEFEVmNHYmNnOGdjRm04UT09fHlKUS9hdmZHMllLeG9tK211S2tFY1E9PQ==\",\"drug_name\":\"ZXhHZU9tQ1hVdWsvbzZENW9xUTc0Zz09fGZFZVQ3Y2tSek5YQmtJNnhZMExSTjloeGliMG9DUGNPaW90WUNuWUNkbWc9\",\"dosage\":\"OTNBQkxuRFFjblpydUlRd1Y4aXp3dz09fE10YkwzSWFlbGsrODFBRGJhd05QOXRUOTdGYVRvcmVjNnVKenI1dnpTRkE9\",\"quantity\":1,\"cp_pu\":0,\"sp_pu\":1500},{\"drug_id\":\"clJNVEwrR0g2dGpNQndWSzdmaHdvUT09fEJzcm96VTI3Nm5SWThZNGY2VzNyS0E9PQ==\",\"drug_name\":\"bHgvWGhWa09xblRuWndHdGtJVVlGZz09fGtaMW9JcDlTeW10MU0rYld0TFJJRFE9PQ==\",\"dosage\":\"ZlBtV2RZOSs5U2t6SlpwbS82VmEvZz09fEN3WDVnODUwaW1RN0hudHZLUDhWVHc9PQ==\",\"quantity\":9,\"cp_pu\":0,\"sp_pu\":10},{\"drug_id\":\"UHpFSVFXbjRYMU41ZEZmSmdRbURmQT09fG8yN2VQUWdVb09IVDNzN21BS2lMV2c9PQ==\",\"drug_name\":\"SGxjcnp1cEVPQ1NOcW5Kdm1RME1WQT09fG5QWGJPdTJBWXYxTFBFRFl3YWVZU3c9PQ==\",\"dosage\":\"c2x3OFEwWVUyMlcyeXozakVjb2RMUT09fEZ3aXllWVpZN2cyWGgvN1pCL1g1ZXc9PQ==\",\"quantity\":18,\"cp_pu\":0,\"sp_pu\":13}]',
    '2025-10-04 07:13:16',
    'admit',
    'ekdpNGVoUC8zQkx4cFVPMmd1WGlxUT09fG9RM3JMcUkySWFiNVVCV2h6SGZpSWc9PQ==',
    'Doctor Abiodun Salako',
    1960.80,
    1960.80,
    0.00,
    'patient',
    'vbuke.1759558396759',
    NULL
  );
INSERT INTO
  `tx` (
    `id`,
    `patient_id`,
    `c_o`,
    `hx`,
    `drug_hx`,
    `o_e`,
    `lab_inv`,
    `diag`,
    `rx`,
    `date_time`,
    `admission_status`,
    `dr_note`,
    `signed_by`,
    `bill`,
    `paid`,
    `to_balance`,
    `bill_to`,
    `session_id`,
    `rx_backup`
  )
VALUES
  (
    83,
    '4/2504/GOH',
    'ejluTlYrejBhckF0ZE04cVF5VDhvQT09fGRnSmhLUVdPem1FeEU5aHZFSE9FWmc9PQ==',
    'Z0VkdllBUHEvRUNZdzd2K1NtR3BLUT09fDVCTktISVRHZ25ldHBvQktpZXRkSHc9PQ==',
    'RzFtMWh2RHpYSldGbG9zZGlpSW90Zz09fG9URUQydVBNTC95QVFUczJYc1pCcFE9PQ==',
    'ZU9Tak1vTmVaTTJWQSt5MlRpRElkQT09fHFqT3hJVnR5dS9BQTJMNm5ZQmpQblE9PQ==',
    'WXFkOHZJbnpXSVB0NXNXTEhra3N1UT09fHlGMGpKUEx6VURhb2lFdmRUY2hJQlE9PQ==',
    'alZUVmR4eXFqdXROSzFKMjZjWTVOUT09fDBTRk9ncVQ2dXorWGhGT2J3UnNod2c9PQ==',
    '[{\"drug_id\":\"cVNYUEpxR0k2K0wvWVJxSFVPYmVpZz09fHEvVlNUU09iU2MrNC9VZWFFU1hOS0E9PQ==\",\"drug_name\":\"N1dNSWlwMFhyM0FnMndiTHljYTRqUT09fFNsZ1Z4Q2FibWF0VlZVeTA1ZUE0amc9PQ==\",\"dosage\":\"Rks0SnZLTFlTTFlRQWs3TkpIVXppdz09fFQzZlArbFc1a2NaVmFNdzg3MER6SjRlVmN3WmdoNnE1cEF5K1J5aGdZS1E9\",\"quantity\":84,\"cp_pu\":0,\"sp_pu\":0}]',
    '2025-10-04 07:18:14',
    'discharged',
    'RkxuSXROM0tNdGI0WEJnSVoxUHFYUT09fHJIZ2s2VVVubmk3ZXh0MkZraER3ekE9PQ==',
    'Doctor Abiodun Salako',
    903.00,
    39.20,
    863.80,
    'patient',
    'vbuke.1759558396759',
    NULL
  );
INSERT INTO
  `tx` (
    `id`,
    `patient_id`,
    `c_o`,
    `hx`,
    `drug_hx`,
    `o_e`,
    `lab_inv`,
    `diag`,
    `rx`,
    `date_time`,
    `admission_status`,
    `dr_note`,
    `signed_by`,
    `bill`,
    `paid`,
    `to_balance`,
    `bill_to`,
    `session_id`,
    `rx_backup`
  )
VALUES
  (
    84,
    '12/2507/GOH',
    'L2p3TE5peG1RZGtRbFRnYTNaYU0vdz09fDdaSUZCTXlXVE45OXZxd0VHMVR5Unc9PQ==',
    'WXdobDFpWnEwTDluVzVVNnlhU3Nkdz09fHQ3QnNKOVV1amVoN1RjMTdZNEJmdWc9PQ==',
    'UkdZbDVtNlhsbFFyd05EZGdiNGNaQT09fDJrb0ViOU9TcUhvWkNOVmpkWUwva2c9PQ==',
    'OTNLNC9iYzcvTEQ0NjFLN2xhS0JMUT09fDNmcHNoL2RIaERGWkxKb0xLeEJDMGc9PQ==',
    'VnJzcG8xTmd5NUpEMldpeU1LWjlLdz09fE8yQzFsNmJVRjlKd3JsbUxCaTNiWkE9PQ==',
    'eTlVQjlpMFJqOURPWVBQaUJncEVPQT09fHl5TXN5bWNFbzFoVnNxRlVIVzJJV1E9PQ==',
    '[{\"drug_id\":\"NnJDampuZklxUFdLY2NKdzJBSHRydz09fERzR3ErZ3lYN0xsYmQ3MHk0SHczUXc9PQ==\",\"drug_name\":\"YlVqbzJWdEN6QnVOK2dVYXJMZ2RRUT09fDkyOWZxUzZ3RGJjWVUxK0d2cng3WEE9PQ==\",\"dosage\":\"NDc5RjJhTzZYY2dqNkFXRkc5RzNJQT09fE5leVcxRUk1SERBQU1zekpHZGdzTUE9PQ==\",\"quantity\":18,\"cp_pu\":0,\"sp_pu\":13}]',
    '2025-10-04 08:04:02',
    'Out-Patient',
    'WkRRL1IwaHNOd1hPZWxTbDRTc21PUT09fGpmcy90ZmE2T25VL3RqTzAyUHJ5V3c9PQ==',
    'Doctor Abiodun Salako',
    5626.55,
    0.00,
    -5626.55,
    'patient',
    'v2uoz.1759561442965',
    NULL
  );
INSERT INTO
  `tx` (
    `id`,
    `patient_id`,
    `c_o`,
    `hx`,
    `drug_hx`,
    `o_e`,
    `lab_inv`,
    `diag`,
    `rx`,
    `date_time`,
    `admission_status`,
    `dr_note`,
    `signed_by`,
    `bill`,
    `paid`,
    `to_balance`,
    `bill_to`,
    `session_id`,
    `rx_backup`
  )
VALUES
  (
    85,
    '12/2507/GOH',
    'R3I0NWRQQ0lOQ2pzOEQrcFNUUjJ3dz09fGlYdzkvWUd1V2gvdDlKN0pVYVZpTlE9PQ==',
    'L3lnN0hwd1dhZkpzQmxlZXlQdlRpUT09fDFpdlRDNXl6TTNkNU5iU3ZMNDYvUVE9PQ==',
    'eWFKeFVlUWVHL1o2WklCS0w0YVpndz09fForZlh1ZkM3OVlFcGZtNVgyS3U0bkE9PQ==',
    'VUpqbE1BLzVJVE5lcDhSdFRzcVQ3dz09fHEyQWtPOWx3OVR0RUhwRVRSSlBkaFE9PQ==',
    'RjMrU3dFM0k3TEdJVTNBRjJDVjJuZz09fGk4YWVHSDVmYTRlbXJlVFpFdGt1ZUE9PQ==',
    'T2dyTDVmUndRNUVPR3BYcEpaZUNEUT09fFNEM1JtY2FpY3VJUkhxaC95ejkyZGc9PQ==',
    '[{\"drug_id\":\"N291RldKYW9UajRoYmZFY2tQQnhrUT09fFVVdFU5MWJHT1RsU0s3YzJVaWRPYmc9PQ==\",\"drug_name\":\"KzVuQXZqRGhSeTBuc2IwYmcrcUtPZz09fENWWS96dHpUamNoNmRuRWlMOUh6enc9PQ==\",\"dosage\":\"WHplMmo4cXdhRzlxdDRCWFl5dDhjUT09fDR1bVFCSVdBWm93YnY3bGZDM3VieFZmbmFEV2VzbDNJald6T2VsRFFRTHc9\",\"quantity\":40,\"cp_pu\":0,\"sp_pu\":750}]',
    '2025-10-04 08:12:09',
    'Out-Patient',
    'M2Y4QUtSNmdXQ2RDSmRvcEtUVjdIdz09fE5kSWFaYVRJUGtDWmJLaUZVN1MwTlE9PQ==',
    'Doctor Abiodun Salako',
    2956.25,
    2956.25,
    0.00,
    'Loyola Farms',
    'v2uoz.1759561442965',
    NULL
  );
INSERT INTO
  `tx` (
    `id`,
    `patient_id`,
    `c_o`,
    `hx`,
    `drug_hx`,
    `o_e`,
    `lab_inv`,
    `diag`,
    `rx`,
    `date_time`,
    `admission_status`,
    `dr_note`,
    `signed_by`,
    `bill`,
    `paid`,
    `to_balance`,
    `bill_to`,
    `session_id`,
    `rx_backup`
  )
VALUES
  (
    86,
    '12/2507/GOH',
    'UGdGdUFFbjVVSTJqbis5L3F6dE54UT09fEVZbndZQ0F6VDZ2WlRYVXdRYXgwL2c9PQ==',
    'VkdIRXFlV3VxNWdPRzNSL0xjVzlvQT09fG5HVzdpbVY5bmI3Njk2aHRFR1RhNHc9PQ==',
    'UmVsWVJiclV2SStLZGRUeTFsTEpIdz09fFJTeWtIZ1VzYkljTzk4MnRPU05KeVE9PQ==',
    'MVVWbUVLTmJYWnFTUVhXb28zZjk0Zz09fEFoYnBjL1lReDdkVUI5ZElxdVNYL2c9PQ==',
    'NElwQ2ZYSXFJNTVEMkRaNm1nTjBRdz09fEI4TFU5blJPSTg5NUZ1WHk0NU5URXc9PQ==',
    'eldIdGpRTmpVVUNhR2lrME8yTU1zQT09fC9VZVZ6Zyt6eWJYK05vZHAxd1cvbXc9PQ==',
    '[]',
    '2025-10-04 08:16:20',
    'Out-Patient',
    'OTRGOExQbmJtcmNBeFg4bHJkTTZ4Zz09fFhyZXlQOHA4UmtZMGNjN3ZzMGV2VFE9PQ==',
    'Doctor Abiodun Salako',
    5375.00,
    5375.00,
    0.00,
    'Loyola Farms',
    'v2uoz.1759561442965',
    NULL
  );
INSERT INTO
  `tx` (
    `id`,
    `patient_id`,
    `c_o`,
    `hx`,
    `drug_hx`,
    `o_e`,
    `lab_inv`,
    `diag`,
    `rx`,
    `date_time`,
    `admission_status`,
    `dr_note`,
    `signed_by`,
    `bill`,
    `paid`,
    `to_balance`,
    `bill_to`,
    `session_id`,
    `rx_backup`
  )
VALUES
  (
    87,
    '22/2508/GOH',
    'a3NmZjFQSzYweWo5enlDTHlwVVViUT09fHlJcXRienF2MitUdHhIRkVjdEJzT2c9PQ==',
    'L29WNXhXUTRnN2t3NTVWVEYyRW1TQT09fGUrVVZyMjJwNTRDcDBlY1UxVmxxTjNMWmxCbElGU2ZjSS9iWWdpSWRFdGs9',
    'YitlaUxSZ3BPN0lwamp4RitkeXljdz09fGhYL2hNd08wUW9mMUJjTEFZOFFrcFE9PQ==',
    'eTg2ZmNhZUdXTGdvZFJHblJlM2VkQT09fCtOaDdyc0c1eVVLeTl4cHU3R0srRUV5dkU2SFJwRHBaVGEzckF5WjNpWFk9',
    'bnB5ZFV0eThodmhBWVp3VmlaZVpsdz09fDRWdHQyaXZ3TWFOTFc2NTdJblhNZlE9PQ==',
    'bjdqaDBpdjhvZFhENk1qNXRqN0lGZz09fHNQc3g1U1FQZG1pcUM3UWd4djRyb0E9PQ==',
    '[{\"drug_id\":\"N/A\",\"drug_name\":\"OXh6ZkhyTStHQThvcUdGY0gzSGZ3UT09fHpqTDZWM3U5ZEh4T0l2Y2M5ckY4Y0E9PQ==\",\"dosage\":\"eTNraXFxQWtLWDBJY0lEYm9GcWZTZz09fEhxcERQVUhvTUFIZzljMFdqVzR1NWc9PQ==\",\"quantity\":0,\"cp_pu\":null,\"sp_pu\":null}]',
    '2025-10-26 14:18:20',
    'Out-Patient',
    'MWpnWnorQ1Q5c2JIYmJlK1d5ZXkrUT09fG14MS9IU0RTUTNhNERHbVgrWGRvV1E9PQ==',
    'Doctor Abiodun Salako',
    0.00,
    0.00,
    0.00,
    NULL,
    'jh859.1761484700286',
    NULL
  );
INSERT INTO
  `tx` (
    `id`,
    `patient_id`,
    `c_o`,
    `hx`,
    `drug_hx`,
    `o_e`,
    `lab_inv`,
    `diag`,
    `rx`,
    `date_time`,
    `admission_status`,
    `dr_note`,
    `signed_by`,
    `bill`,
    `paid`,
    `to_balance`,
    `bill_to`,
    `session_id`,
    `rx_backup`
  )
VALUES
  (
    88,
    '22/2508/GOH',
    'RHdZdS9wUWJFL1M2aGpwcmwrUGhFZz09fHNXeHViMEFoZUQ1cnlFV3lXNjA0ek1lVVMzRnkyMXg2WWpsb2FueGtiS0E9',
    'ZnljTUlFSTZYMUtabG8rUTluY0w3dz09fHh3N1hGR2ZBQkg4bHdjMG5nNGRDOFdIb1dMck1YR09JWkRXaFNmbklEbFFxelo5dzZwRytpYzg3ejJXLy9aRHdJSVFJSjFaM09ENUNpNzVMWEVreHJRPT0=',
    'WUFERGp4WUhXZDZDZk13bVlLOUJCUT09fHJ0d3EvQnAwbEk5b1lTMEpVTFl4c2c9PQ==',
    'U3RnM3I5ZXIxM3JYVlhGMWVWSjlaZz09fE9yMnBZRFJKSDdOQVlLU0h1WWEzY2ZxRnZFK1NsSUpBUXNWZGMyZFJCa0VlWWtUQzY4SEZzK29la1hFcW9Vam4=',
    'Zi94WjhVRjAxZ1pseGlVR3Nvekx4dz09fHB5VFpST2lkVHhXem1VaXJTQWlQdlE9PQ==',
    'WldneU9jVEFwdU9jazZhcG1YbGpLZz09fGsvbEpLZEdvYW51Yis0UkU4aVRBTHc9PQ==',
    '[]',
    '2025-11-16 10:06:49',
    'admit-for-observation',
    'eDVuUHcweWRCTWNkSUd2RHZ0K1ZPUT09fGlDbE15OVJ1VXpRb3BieEZEbkxlcUI5cmp2SXRiSDhNWE13T2RZQ3dNSzQ9',
    'Doctor Abiodun Salako',
    0.00,
    0.00,
    0.00,
    NULL,
    'ue6ql.1763284009423',
    NULL
  );
INSERT INTO
  `tx` (
    `id`,
    `patient_id`,
    `c_o`,
    `hx`,
    `drug_hx`,
    `o_e`,
    `lab_inv`,
    `diag`,
    `rx`,
    `date_time`,
    `admission_status`,
    `dr_note`,
    `signed_by`,
    `bill`,
    `paid`,
    `to_balance`,
    `bill_to`,
    `session_id`,
    `rx_backup`
  )
VALUES
  (
    89,
    '22/2508/GOH',
    'RmFQb2wxczlVejN0VTloc21jYnM3Zz09fHB5ekNhQ3Z5RS9tQXZ5VE5SQjBtSXpLYmhzVjI0V0VCUktlaEljaHRQUjA9',
    'T1JteVJBTmw0SkV6WGdDVVAwTFN3dz09fElVYytNdHlNSjluUFFEU01NYWlFSkE9PQ==',
    'S2ZlSjFrSkxCVjVZZGU0UW95Q1lWZz09fFhPVW90SjdHTEozODRoczhjTG1pWVE9PQ==',
    'cGhlQlNWSzQ1a3R2anZEWjIxTmo5UT09fEJhMmU1M3JQUXA2cm5IUVZRb01nSVE9PQ==',
    'SUd2TFV2OUgvRW1uUWd5RU5yR2NYQT09fE54KzJqYTdFbllXSmFVQ3BYVUdpckE9PQ==',
    'cVhXMnBkREFJdmhlbkRlS3B3bmJoZz09fE9RWUtBT1JIMXRuQkF6YWhSM2VsYnc9PQ==',
    '[]',
    '2025-11-16 10:25:57',
    'observe',
    'bFdKN0tQWDZ1bkh5aldUcmdLR3VjQT09fGdod2FpdE5SbUNoTGRhVzE5WXh6MkpPZ3JYSGtPOEovdWx2MHArZnk3QjA9',
    'Doctor Abiodun Salako',
    0.00,
    0.00,
    0.00,
    NULL,
    'ue6ql.1763284009423',
    NULL
  );
INSERT INTO
  `tx` (
    `id`,
    `patient_id`,
    `c_o`,
    `hx`,
    `drug_hx`,
    `o_e`,
    `lab_inv`,
    `diag`,
    `rx`,
    `date_time`,
    `admission_status`,
    `dr_note`,
    `signed_by`,
    `bill`,
    `paid`,
    `to_balance`,
    `bill_to`,
    `session_id`,
    `rx_backup`
  )
VALUES
  (
    90,
    '19/2507/GOH',
    'TWJRdnJaU3ZUTjl3WnhNNVpwSlYwZz09fDg3MW1RM29MUlFrSEp0bG16M0ZRVWc9PQ==',
    'b3ZHMDFVbC9TTXQxZ2VHRm1aSjdFZz09fEFOb0hkWkREY3lnKzBuSDkzNlkwTFE9PQ==',
    'Y3YzaUNUdVZpZ1V4azllZXJiWFdpZz09fFNqOC9kYUMzVU5zZkJkbFo1MTNnWnc9PQ==',
    'eUg3QUpISk9nVm9pb09WY2d4ZnZwdz09fGlhNE1Rb09aampKT2ZTSTl0bEE4blE9PQ==',
    'NGt2czFMSVZZUmM1RXN3d2tZM1FOUT09fE5jR0h6RDlLakpKdGJNNml1YnNpQnc9PQ==',
    'YUcwcXpra3YvWUVVK1VLN1FVZllZUT09fGJnQTFyQVlPekx2WnVGTlFWcCtxWGc9PQ==',
    '[]',
    '2025-11-16 10:28:47',
    'Out-Patient',
    'dVZzb1o2aFRsSm0xUTRqODRyRjRnZz09fEFHaTdoZG9ZcHhDY0hYdDdNbHRhU3p3b21KWHFnZ1VrMWRiMWNobFAyeGc9',
    'Doctor Abiodun Salako',
    0.00,
    0.00,
    0.00,
    NULL,
    'rmlym.1763285327542',
    NULL
  );
INSERT INTO
  `tx` (
    `id`,
    `patient_id`,
    `c_o`,
    `hx`,
    `drug_hx`,
    `o_e`,
    `lab_inv`,
    `diag`,
    `rx`,
    `date_time`,
    `admission_status`,
    `dr_note`,
    `signed_by`,
    `bill`,
    `paid`,
    `to_balance`,
    `bill_to`,
    `session_id`,
    `rx_backup`
  )
VALUES
  (
    91,
    '19/2507/GOH',
    'NHlYS2tKTkF0NmtGWllXMEZLaWx3Zz09fHhMNWhDMEZGRlNTd2JEa0RUTGxOMUE9PQ==',
    'bk81ZStYM01XaEoxWGhrQ3puY2k1QT09fExaN3h3VDROT1hpQ3o2SHJNYnRUYmc9PQ==',
    'UWhkK2NNeEdjcVI5NUlvZ0V2bzVyZz09fEJwVlhZRTE4OEM0a1V3OTk2UmtPanc9PQ==',
    'dDNsd01JUXFuNm8xT2p5QUxMdDJEUT09fDRnVzA2Y1Y2YzlzWlpndHhOT0dxTnc9PQ==',
    'T1orVFJCMWpLdU4vcExxaFlJbDB1dz09fGo4UWYzK1ZTdXlVNWJJQVVsQ1NnTHc9PQ==',
    'cXRodnJSMjU2aVQ1YnBRRHVpV0E3Zz09fE5vaVRwVFBKS0tUbW5wcjE4WG8wRXc9PQ==',
    '[]',
    '2025-11-16 10:36:50',
    'admit',
    'WXNRZXhLMEhTYmErUWVnQXVWTVErUT09fFFKWkZSQlNIZWpoZGlFd0dDTHY3aFE9PQ==',
    'Doctor Abiodun Salako',
    0.00,
    0.00,
    0.00,
    NULL,
    'rmlym.1763285327542',
    NULL
  );
INSERT INTO
  `tx` (
    `id`,
    `patient_id`,
    `c_o`,
    `hx`,
    `drug_hx`,
    `o_e`,
    `lab_inv`,
    `diag`,
    `rx`,
    `date_time`,
    `admission_status`,
    `dr_note`,
    `signed_by`,
    `bill`,
    `paid`,
    `to_balance`,
    `bill_to`,
    `session_id`,
    `rx_backup`
  )
VALUES
  (
    92,
    '19/2507/GOH',
    'Z1N4NkV5cHNHVE5wSStLbDh0enB5dz09fFM3YnBrWEt3WkNZMDc0eDBkMEFtSFE9PQ==',
    'akhlVS9xQUlROFlMWkE0OHkyY2JHUT09fE5ib0x0UW42NThzMStwYzRLaTZXQ3c9PQ==',
    'a3ZRUHdLL2RKY0JiNllwTVphU0Y2Zz09fFZBRUJmVVBUTGhvSGhJVVZpWmNNYVE9PQ==',
    'VXZXb0VXWEJoNEk3NjVtaVM5U1gxdz09fFF1RnpWR0hYUzZLUkR0R3pmVGNGSkE9PQ==',
    'UGFwQStGNndjQUxyN0tPNFlyeWUxUT09fFpSV2F4d2JEQVorVXBLc3BHMXNmc3c9PQ==',
    'aW15QmtCSXdId2JzcTEydXllSEhkZz09fHByTElCYnF5ZGtObjVSSFhUcGJEeUE9PQ==',
    '[]',
    '2025-11-16 10:41:15',
    'admit',
    'ZFdhQnF3M0hNb3RtNHo3S1RTZGhhdz09fExCQWNwaHZpQWVDYWlrbzlmM0RzUEtaVFRaSVcvby8rdG5DS0wwQnJqK009',
    'Doctor Abiodun Salako',
    0.00,
    0.00,
    0.00,
    NULL,
    'rmlym.1763285327542',
    NULL
  );
INSERT INTO
  `tx` (
    `id`,
    `patient_id`,
    `c_o`,
    `hx`,
    `drug_hx`,
    `o_e`,
    `lab_inv`,
    `diag`,
    `rx`,
    `date_time`,
    `admission_status`,
    `dr_note`,
    `signed_by`,
    `bill`,
    `paid`,
    `to_balance`,
    `bill_to`,
    `session_id`,
    `rx_backup`
  )
VALUES
  (
    93,
    '19/2507/GOH',
    'ZmorL0s0TVViYTBBWGNyUFc1aDJ5dz09fGxib1lyQzMrby9GZVBabmNPcHpKS1E9PQ==',
    'V3NUdlpmOEU4UkJMbmduRVU4TXgydz09fEthd3ZpTDQvWVN5dld5amxuRG91WHc9PQ==',
    'U091aExoMG4vZ2VOSTBMNCtYbVdCZz09fFI0aTVoRXE3R2tCVzh4Z2ZQbG9pb3c9PQ==',
    'VGFaWHNYdXRMdWpxUnRNVm9VL05Vdz09fEsvN0tJdFliZnFCVFBZNURwb0puakE9PQ==',
    'YmRrNDQwaFo2THg5SzdlOUZuRkhhQT09fHdXM00zSU13bDF4UXhlK1d4STdxUGc9PQ==',
    'aXBHOW9pZXpVcXcxNklGc1k1L1JLUT09fERSUFZDaFFzbXZjZzRzTkZ4YXdvMUE9PQ==',
    '[]',
    '2025-11-16 10:43:12',
    'admit',
    'dlNtYlBnOG4zb0srejZQdVBsMzdmdz09fHk0TjZMMGtYckphUkVYSmNNbHFlWUczcnRZY21ZNHRYVU9UdzVyQmVFT3M9',
    'Doctor Abiodun Salako',
    0.00,
    0.00,
    0.00,
    NULL,
    'rmlym.1763285327542',
    NULL
  );
INSERT INTO
  `tx` (
    `id`,
    `patient_id`,
    `c_o`,
    `hx`,
    `drug_hx`,
    `o_e`,
    `lab_inv`,
    `diag`,
    `rx`,
    `date_time`,
    `admission_status`,
    `dr_note`,
    `signed_by`,
    `bill`,
    `paid`,
    `to_balance`,
    `bill_to`,
    `session_id`,
    `rx_backup`
  )
VALUES
  (
    94,
    '21/2508/GOH',
    'dXlHK3AwY3FPNVp2ajFJdEFrOXp5dz09fFhYYmVkNzZUWUhDZ2tLblZTY0ltNXc9PQ==',
    'ZXBJcnMrNk4xSXVXYThtVmhpeVhEdz09fE9Va2NGcVZOUDBmOFovd3lTcGlTV2c9PQ==',
    'bHlMc1hLODRQMkpTbFQxcTFYNlhoQT09fEcrRG83NW00L3FWTWdjV2xrSmV1SkE9PQ==',
    'ZU9odE9mcFRnaDA2UVl1MUM3UmtFZz09fC8rWWt1d1FpNGN6bGh1V0JFM29KY3c9PQ==',
    'd3d0SUl0NmxqZXRYbkJidmtsQ3luZz09fDZuZVlScG4waTBOR3VYZDRYem5LQnc9PQ==',
    'bmhhSHNBc2JWVkNRWVU0RHZ5SHd3QT09fGxwckROLzVCcmZCMTJGaUJ0MmVxT1E9PQ==',
    '[]',
    '2025-11-16 11:08:00',
    'Out-Patient',
    'QWxqUzV5MzZmWjh4VFpQVEE2QTM5QT09fExja2liSG9hY2dCY05TOTZ1NmdqQ0hzVmg0UUFFMERhdXBRaTlQdlY0TlE9',
    'Doctor Abiodun Salako',
    0.00,
    0.00,
    0.00,
    NULL,
    '7nbwk.1763287680296',
    NULL
  );
INSERT INTO
  `tx` (
    `id`,
    `patient_id`,
    `c_o`,
    `hx`,
    `drug_hx`,
    `o_e`,
    `lab_inv`,
    `diag`,
    `rx`,
    `date_time`,
    `admission_status`,
    `dr_note`,
    `signed_by`,
    `bill`,
    `paid`,
    `to_balance`,
    `bill_to`,
    `session_id`,
    `rx_backup`
  )
VALUES
  (
    95,
    '21/2508/GOH',
    'RzhhWkVLYS9UK2JOQjRpOFBQcFVudz09fDQwbk9lbTRYOTdUMWI2SUZOeUpyZVE9PQ==',
    'aE5TZzQwdGFrdnRUV1FCb056R3ZYdz09fE4zT2NSZWR0OGg2RGRodFROVVJwdWc9PQ==',
    'b0NWQ1hqbHRVa05nQ3ZRRmxyTUpXUT09fFJ5Z3ZwSjFIcWMranpJbFQvYnVkVWc9PQ==',
    'ZE8zMWdrVFhJU2gvaU5JdWhVRjQvZz09fERKTGVhNnFFR1RBV09KMFN3VjdTYWc9PQ==',
    'bWttYzl0enBGMkRMbTQwSXhXdVBNZz09fEJjOUZvak85ZldSOFZyVnhzU0FrWmc9PQ==',
    'Y292bFl4K1BUamxsbHlLeUFsaWlCUT09fElTMGZ0NjY5RHl0UTVqQkNTY3FmWkE9PQ==',
    '[]',
    '2025-11-16 11:09:17',
    'discharge',
    'Ujk4MG0zTVJNK3hzbGlyVXJFbm9Ddz09fFlrYUFOcTBnam51ZFV3U1BGY1M0QmZBbkEyVENtcFo0eDVhNlFUUVB4VWs9',
    'Doctor Abiodun Salako',
    0.00,
    0.00,
    0.00,
    NULL,
    '7nbwk.1763287680296',
    NULL
  );
INSERT INTO
  `tx` (
    `id`,
    `patient_id`,
    `c_o`,
    `hx`,
    `drug_hx`,
    `o_e`,
    `lab_inv`,
    `diag`,
    `rx`,
    `date_time`,
    `admission_status`,
    `dr_note`,
    `signed_by`,
    `bill`,
    `paid`,
    `to_balance`,
    `bill_to`,
    `session_id`,
    `rx_backup`
  )
VALUES
  (
    96,
    '18/2507/GOH',
    'bFBvNGg2VDRDR3JjS2QvOHlhaUxLdz09fFdlaWtINXpnbTJVdENsVGhlMXd6b3c9PQ==',
    'c1ZvTEJGT2NSZDNNc2FJc1Fvd01IZz09fDZHZU9TWUVjZ1dRVlp2TXpJa2R3bVE9PQ==',
    'aEJNa1N1Q0Z3cW9NUFc5clpiZnc0QT09fFJua1pWdmIrbHhkQ2JxRkVDMis2b2c9PQ==',
    'VEt5dytWbERxSzEvb2ViTlpDRkViQT09fExxbThmZ3A0YnZ2dUtuUThrSW4vRWtzSGRQTGlEbE9obkFWdWxjT0xEVER2Y05hRnljU3ZJNTBXMTlJKzYwdDFYZTA2NGNGaG5hUHZINURqWmliWWZnPT0=',
    'Y1d4MWJ5WHQyOWdCb1N1K0c0QitMUT09fGZZMVphVlhDdXZSNzhGV2JwOXNDbkE9PQ==',
    'MVNZb0V1ekJUcENwRUcyV1hIWkhzUT09fGNvU1NxT2p4N2VHRGVOQ2hCTDh2V3c9PQ==',
    '[{\"drug_id\":\"Q1VSMHlLcnJOWTNKWWxZOTlacEcxdz09fE9uOTRqcE8rTUVMS1JHL3Q3MWZER0E9PQ==\",\"drug_name\":\"RHVxNjBTcldTazlNMkJCcGVla3poUT09fERiNmphcndRNEJBQlg4djRBMUFveGc9PQ==\",\"dosage\":\"UitSUTYyQ2FPOExiNUJzcUpjaXI4QT09fEh3QWYwL0RWQ0ZSNGFDOXVzTE9FbEE9PQ==\",\"quantity\":18,\"cp_pu\":0,\"sp_pu\":13},{\"drug_id\":\"Sjg4aTk0azRUbU1wN1hTZG5QbjR3QT09fEtoUnJDZmNkNWVGUnBUb1phTjFkVEE9PQ==\",\"drug_name\":\"Z281VGFsakJSblF4MmQyNlJ5YVFBQT09fEpoM01GQjllY1hocUU5c1ZBc1VUa3c9PQ==\",\"dosage\":\"d3VnSlZQN0tyOTkzZkYvQXFTMGpJZz09fFNQZ2dvMzdnRjV6aWs0MWE3bDlzamxjRDhtckhHMXdkdkU2dDArSVFUT0U9\",\"quantity\":3,\"cp_pu\":0,\"sp_pu\":0},{\"drug_id\":\"c2VUbUlzbjk5VUZXSkpaMEtGaThndz09fGxIREFiMTc0OWt5RGVmUTFIcXhuZUE9PQ==\",\"drug_name\":\"SFF1NzljTDZubGF3cTBKT3JUd2NnZz09fDFYNUd2anA1RlU3KzVUaTdHZHNwbi9PYVJpYi90di9Xbk9kS3hKK001SWs9\",\"dosage\":\"cG5pbTlQd2xXaVE3MWtBSmZaaWF3QT09fHE5UDJyVHlNYzRoaDJCNjh3UHhoc2ltZWY5bjlGRlVWZUZvU3FMcjFpRFE9\",\"quantity\":1,\"cp_pu\":0,\"sp_pu\":1500}]',
    '2025-11-24 13:09:54',
    'admit',
    'ZTdzVkJKWTN1YVJ1YjBRd3hkdFA4UT09fDZ4aEhWTFBRTVh4RUd6WE1YVzZEd3c9PQ==',
    'Doctor Abiodun Salako',
    0.00,
    0.00,
    0.00,
    NULL,
    'r3j5n.1763986194296',
    NULL
  );
INSERT INTO
  `tx` (
    `id`,
    `patient_id`,
    `c_o`,
    `hx`,
    `drug_hx`,
    `o_e`,
    `lab_inv`,
    `diag`,
    `rx`,
    `date_time`,
    `admission_status`,
    `dr_note`,
    `signed_by`,
    `bill`,
    `paid`,
    `to_balance`,
    `bill_to`,
    `session_id`,
    `rx_backup`
  )
VALUES
  (
    97,
    '7/2505/GOH',
    'YXAyTGlJQ042ZVJUMUd0YkRTMmU4UT09fGdMVlpueERYa25IYnJ1WXJHZE9kL1E9PQ==',
    'WFRwZ3RNd041TzJ3SVAyMDNFN1l3QT09fHZNYWJqVEtmZ3BTeXNNNklkd0ZyWkE9PQ==',
    'NUdjVmdZSk0rMzRLVXBlWTYvY1VpZz09fGEveVJBSVUrVy92aW05U3FjcFlod0E9PQ==',
    'MDE5MHhOVCtwTXFNMmh1WVQveXhIUT09fDl1M3VSWFQxTEwrMDE5bm52eHJaelE9PQ==',
    'NklhVkxGWVlDei82RUE0ajZVekhidz09fG9rQWpKd1pUMzlHZU1LeFJIZ2wvcHc9PQ==',
    'SnZBRFBuemFoT0NTakcvREE1dWl2UT09fEozdFNIWEM1dG1OYmZ4OWFZZU1JcGc9PQ==',
    '[{\"drug_id\":\"czl4U0xpUTZmUG5LMEgrZE9hYU11dz09fHU0dFhpSENqUkc2dWRvSmVEajJrQmc9PQ==\",\"drug_name\":\"ekJ1ZUUvODJHWnNrazNVc0o2Y285Zz09fDUrMUhjYzdJZlZhUVgwbEtoK0FWK0piUER0bEhHWFhLNWJoUTJmbmYremM9\",\"dosage\":\"ZUR1dVpZNUZaRXpyMkE5bVhYMU1hdz09fE9lcWhXVjgweWJ0NldPNzJaL1gyMEE9PQ==\",\"quantity\":1,\"cp_pu\":0,\"sp_pu\":1500},{\"drug_id\":\"Wkg2YktEOU5ZSnVOcVVDbzU5KzJXZz09fG5aTUpKbXdaWHF4dTVpVnVBb1JpSVE9PQ==\",\"drug_name\":\"dXRUNWNkWnRQQkptRy9NekhJbmp5UT09fGNKRDArd3JiRHZ5c0RzNEp3NFNaTUM3ZXJ6Zm9xbzNKL09UY3NkSzY3TW89\",\"dosage\":\"ZkhGdG5qUkFqSUhSMzQ1SS9mR2JRZz09fFEvN3BNWUFTZS95bEFHSzMzQXVCYm02Mk9GVC9hNHFLYmsyR084UURpK2s9\",\"quantity\":1,\"cp_pu\":0,\"sp_pu\":1500}]',
    '2025-11-24 13:23:25',
    'admit',
    'RmhQS1JqOW5YdFplQXRsbWN6Q3VWZz09fHNET2dLTDlmSS9KYzZMNVlYMmZ5dlE9PQ==',
    'Doctor Abiodun Salako',
    0.00,
    0.00,
    0.00,
    NULL,
    'w2xlf.1763987005295',
    NULL
  );
INSERT INTO
  `tx` (
    `id`,
    `patient_id`,
    `c_o`,
    `hx`,
    `drug_hx`,
    `o_e`,
    `lab_inv`,
    `diag`,
    `rx`,
    `date_time`,
    `admission_status`,
    `dr_note`,
    `signed_by`,
    `bill`,
    `paid`,
    `to_balance`,
    `bill_to`,
    `session_id`,
    `rx_backup`
  )
VALUES
  (
    98,
    '7/2505/GOH',
    'VzQ1bFlobnhOdGtTYW1tYTVwNGJqUT09fEszcWR1UXR5alNrbVZpQTBXNW5MVEE9PQ==',
    'MjlOWWxHeFhhQkJ0Mm1aUnQ1QmE5dz09fFp6OSsrcE5sS3dSSkFZVW04bGI3Y0E9PQ==',
    'OFpSYXRGUjNGN1p4dENrNGtISnRRdz09fGFyQ2lic2N1L2U3Z1A5QXQ2NStaNlE9PQ==',
    'dEtQbkcvNnM1c3FzNkk3aDFvWGEyQT09fFpOTmxZRHcwRWpLaG5NV3JqazhVN0E9PQ==',
    'bTVHS0dMZGJwaGhIMEptcjZJRUs3dz09fGZ1dVVBaDI0MlZIRE9ZQUVQQVlFblE9PQ==',
    'OWtiVzB2OXpLRXFhZUE1Yk9GSXF1dz09fHk3UzZzZmRxQld2OHhFeE85MzBIcUE9PQ==',
    '[{\"drug_id\":\"R1RXTDFKVmZNRE5VK0l2UC84RFBFdz09fENrRlllWk8yV3g4SzJtSTBIV25ISkE9PQ==\",\"drug_name\":\"RU5jL0ZwYXpjdmdrUXZOSmJ2Zm80Zz09fDByVWh0UFIrUFVFL0dnWEtJS1UrcEE9PQ==\",\"dosage\":\"VlVocHhXRFZhSm9TenYwbDRob2MvQT09fHNVbitZRFprQXpkKythNVkwck0ydnc9PQ==\",\"quantity\":18,\"cp_pu\":0,\"sp_pu\":13}]',
    '2025-11-24 15:12:47',
    'admit',
    'dktOWng3VFhHcTFUT0dEZHJXRzRlZz09fDZhS1Z2d0gxWFdSeFRLdzhMWmsvVHc9PQ==',
    'Doctor Abiodun Salako',
    0.00,
    0.00,
    0.00,
    NULL,
    'w2xlf.1763987005295',
    NULL
  );
INSERT INTO
  `tx` (
    `id`,
    `patient_id`,
    `c_o`,
    `hx`,
    `drug_hx`,
    `o_e`,
    `lab_inv`,
    `diag`,
    `rx`,
    `date_time`,
    `admission_status`,
    `dr_note`,
    `signed_by`,
    `bill`,
    `paid`,
    `to_balance`,
    `bill_to`,
    `session_id`,
    `rx_backup`
  )
VALUES
  (
    99,
    '7/2505/GOH',
    'dDAxSmRDRmxvbXR6ZnhLbGlvU0pLdz09fGwxd2syTmxlcFR6cDFLUUxWYis4L2c9PQ==',
    'WTh5R0N1di8rS1dRNWIrWTdHUEJ3UT09fG5aa2N1YklSRmZPa0RxNGpqeXZFMVE9PQ==',
    'cC8zL1EyRDlZTnZndWxwL3loL1lDQT09fEFpYzNqU1ZCaVllS29qZUY1allDQ3c9PQ==',
    'SytkbmxKV2F4b0Y1OW9GYTg5MVBqQT09fFd2aENHN2N0dHlCUGZHck9xeldaaUE9PQ==',
    'TUkrckswZmFFSmZlWVEyVzBWbGpQQT09fGI1TG93dlZYZDdncW9CN2NEK0RjZlE9PQ==',
    'SE1xeTJpanhiaGxyU1RkZFNuTDJXdz09fGRSVlRqQ3FmeVQ1K2Q4MkoyQ1E5U1E9PQ==',
    '[{\"drug_id\":\"TmZCNTVqQ0RTYldsOEVrQzd2SUFQQT09fGV1UWx1WGl2QnozQnI0MFRELzdnQ2c9PQ==\",\"drug_name\":\"Tlh0NjM0VjQ0cU1pWVNDNlZFSTRIQT09fDZuUmxiVUxsdWt5eTlxanFOMnJNQjYvS0k0NEZJMit5VC9OeUpob0h4eVE9\",\"dosage\":\"cXAxclRaRlhuZ3NSSDlpY3RTak92QT09fHVvNUhnRjcvZzJxdTRXbGNleWhPa0JFdmFhY05YWEdmNTRycHduQlViekU9\",\"quantity\":200,\"cp_pu\":0,\"sp_pu\":250}]',
    '2025-11-24 15:58:57',
    'admit',
    'L2xHWVJNRUdYV1V6ZkgwZ3VOWVNMdz09fE12Y0theHhqNmVocWxwKzRjWEpZSkE9PQ==',
    'Doctor Abiodun Salako',
    0.00,
    0.00,
    0.00,
    NULL,
    'w2xlf.1763987005295',
    NULL
  );
INSERT INTO
  `tx` (
    `id`,
    `patient_id`,
    `c_o`,
    `hx`,
    `drug_hx`,
    `o_e`,
    `lab_inv`,
    `diag`,
    `rx`,
    `date_time`,
    `admission_status`,
    `dr_note`,
    `signed_by`,
    `bill`,
    `paid`,
    `to_balance`,
    `bill_to`,
    `session_id`,
    `rx_backup`
  )
VALUES
  (
    100,
    '7/2505/GOH',
    'c1lzendGcmpHZWJ5b2diUk93NEREUT09fFk2N2FYdGdhUzJINVNRVXBCQ2FXRGc9PQ==',
    'cndlRm9TRUI1bE9nUVFBSE8rMUwxZz09fHJwMEwrSHBFTmUwbENSU3FkWEtTVUE9PQ==',
    'YzVaT2FtcVdSeG4vQ3FYd1loanhHdz09fHoyTVZmNmdweXdETHA5N1VKenNDanc9PQ==',
    'OW9tWHVSd3d1bFA5UHFFZVEzMVpZUT09fE9DYmt1S3hUU0toUWx4WGs3SUVPK3c9PQ==',
    'U1dCQm1qeWI3N1R5OHN2MDZUNHBKZz09fGJrcjdqSFNXdXM4RSt0N1d1S2l2RUE9PQ==',
    'eWsvV3ZDN2JRTHhRczFSMlo0VDRMZz09fEZxdmc5aUNmdldpb2NBQlIvT1Y1cnc9PQ==',
    '[]',
    '2025-11-24 16:19:09',
    'observe',
    'ZDZKZHhaak9VZHpnUHNKbkhWbjQ1UT09fDloUGZCT3BlMkZ5cWJSSzBnd3lvVkE9PQ==',
    'Doctor Abiodun Salako',
    0.00,
    0.00,
    0.00,
    NULL,
    'w2xlf.1763987005295',
    NULL
  );
INSERT INTO
  `tx` (
    `id`,
    `patient_id`,
    `c_o`,
    `hx`,
    `drug_hx`,
    `o_e`,
    `lab_inv`,
    `diag`,
    `rx`,
    `date_time`,
    `admission_status`,
    `dr_note`,
    `signed_by`,
    `bill`,
    `paid`,
    `to_balance`,
    `bill_to`,
    `session_id`,
    `rx_backup`
  )
VALUES
  (
    101,
    '7/2505/GOH',
    'NExnZUhEQmdBWUF3TlRJUXFoMnJYUT09fEFxdXliQm9qenN3Y242WlJ5dkZlN0E9PQ==',
    'aG93MjN5ZmRwc0dWNXBIcEFVbDJ0Zz09fFRJL2F3Rm5DZTJaQjRQYm0rck1YQ2c9PQ==',
    'QUR5UlhWVzVMOWlaZ0loMFBGWDA5Zz09fFIzRDFEMXM1dlQrcE9VbUdrSkpmZGc9PQ==',
    'SHptUC9RelRPWkI1NXpQSjZDekNxdz09fDJ4aFBRQWs5djlxQUpwWHptZGZDNGc9PQ==',
    'RmJTWDFSQ2oyMXlCaDg0cUFkL1FMUT09fDd3NmhjYWtmYjNoWGlVdFRLZFBKaGc9PQ==',
    'QVRTNGxsSEhXNVowbGJNZHdtTkRtUT09fDBwSVA1MDQxbHdYdm1xcGJqaWlPT0E9PQ==',
    '[]',
    '2025-11-24 16:20:03',
    'admit',
    'TmNKTityTFZXVys1aVVhYTlrWGxXUT09fHFDUUxQZEVHaWI3bjRWcDl1WDVMbXc9PQ==',
    'Doctor Abiodun Salako',
    0.00,
    0.00,
    0.00,
    NULL,
    'w2xlf.1763987005295',
    NULL
  );
INSERT INTO
  `tx` (
    `id`,
    `patient_id`,
    `c_o`,
    `hx`,
    `drug_hx`,
    `o_e`,
    `lab_inv`,
    `diag`,
    `rx`,
    `date_time`,
    `admission_status`,
    `dr_note`,
    `signed_by`,
    `bill`,
    `paid`,
    `to_balance`,
    `bill_to`,
    `session_id`,
    `rx_backup`
  )
VALUES
  (
    102,
    '7/2505/GOH',
    'bUdtamlPWVhNOHkxakxMR25NYUFoUT09fEZGSG1BTXI4NkdmZmFrdkpUZXNVRGc9PQ==',
    'UkpGdFUzYS9nRCt3cldJczFJakdQdz09fDFMTWh2eFpDYXkyRUphWWhIMWJVS0E9PQ==',
    'ZnBsVkg3S3FCQllvVVBMbi9lV2pXQT09fGZpamhReENYSTdqbUUvSktjT2JDclE9PQ==',
    'Rm1aS24yWDlnMXpyUjByY1pESlV4QT09fHhmUlRDN2lPdmNXQ1RwL0E2UklnYnc9PQ==',
    'QmR6ZEFaNHU0OWUxMFZpSG5sbSt1dz09fDdtdUVSRjNESjRpZEhiZUppOE1ud3c9PQ==',
    'UHlySXEybDZVc2NGWDZuM0NMNnJBQT09fGJJVEFOcEcwdjJZRHBzUFlZaEhHbmc9PQ==',
    '[]',
    '2025-11-24 16:22:46',
    'discharge',
    'SGJUbGpHakVpb3FEdkE3TCs2THNWdz09fGNuL3Y2Z2VpRGFoby9lS2lyK1dTRVdDZjNybVVuZ2NwY3lZTzZxNk1abUE9',
    'Doctor Abiodun Salako',
    0.00,
    0.00,
    0.00,
    NULL,
    'w2xlf.1763987005295',
    NULL
  );
INSERT INTO
  `tx` (
    `id`,
    `patient_id`,
    `c_o`,
    `hx`,
    `drug_hx`,
    `o_e`,
    `lab_inv`,
    `diag`,
    `rx`,
    `date_time`,
    `admission_status`,
    `dr_note`,
    `signed_by`,
    `bill`,
    `paid`,
    `to_balance`,
    `bill_to`,
    `session_id`,
    `rx_backup`
  )
VALUES
  (
    103,
    '6/2504/GOH',
    'K3EvZEhab0ZPVkgrV2hJSys0bzBsdz09fGRacFVrY3k1V0xXVUFncStmbEJtUGNwN0Ztek1PWlF5WG9UcjA3cGlKdDA9',
    'SFllNzZSK0xJTHM2dHNLdUVzYVIrUT09fE1sYnRENGl0VDBGNURhSXJQVW84SUE9PQ==',
    'WjRtZ1YvbGQrUHFOZlJBeTRkU2VNUT09fGJTSTl5V3UwNkxmaEFWK3ZxY1pBSHc9PQ==',
    'NFpJSzhEYytjaXAxNURxRWFvN1lRQT09fHhOYkkrdk9ZSnp0UFg2Y00vTnJuSlE9PQ==',
    'Sk5Yd1cwYnBUQnorOGNicWhjYXdjQT09fFJ0T2l5cGttSVpQenU2M2VVRmxtQUE9PQ==',
    'T20wTHhwbHFPbk5xRUYxTmMxTGhPdz09fFM1Vi9mTVpDbkRkNzJwQlNTekFIMHc9PQ==',
    '[{\"drug_id\":\"L0RTcktzL2JJWE4ySEphMXBWS2tYZz09fGpjWUlIWFJmRERqR1FUZTI3blpBeVE9PQ==\",\"drug_name\":\"V0FnOE1GN05kVXBJS21ERnNJb2lMUT09fG1KNCtnWkgwTUlZeEJIakE1dWdDeTRjbi83SVpKUU8raS9TVnZVTlBvakk9\",\"dosage\":\"dEhRcGV5SEYrbHpxTlZFTFZoRTZkQT09fHk4azV1a0tRLzNxd0V5YUtTeHgvY0E9PQ==\",\"quantity\":1,\"cp_pu\":0,\"sp_pu\":1500},{\"drug_id\":\"RTBzSTZUay96dU9wd1BUMVkrN1E5QT09fEN0dkdxdXgzYTRCTzg5enZSaUtEbGc9PQ==\",\"drug_name\":\"TGp5azNtMkd1aHF6K25LK2ZEY2pTUT09fEdDS2lFMytGaHUvODh6OHcyQW5IaHlIbmVvdmRlemtWbEoxL25iMWZSY2s9\",\"dosage\":\"RHJxOXhjOTNpenFnVjV3VFBySXV6UT09fEZSSTRpQW1CaUF2L1lPOVpzSnRnTWtDRDltWFRvN1pEWnRrWjFpOHRXK2s9\",\"quantity\":1,\"cp_pu\":0,\"sp_pu\":1500},{\"drug_id\":\"bDlVbkYwcStURG1YSDBrMndld2hQUT09fHk1U0I0VmxVZ0FsamtnMVJMZHQ2bHc9PQ==\",\"drug_name\":\"amJBbE5Sa1pxWDBNUjVUUzFEekFrUT09fEw1RTNZWEVNclM2MXJibTdvNkNueEE9PQ==\",\"dosage\":\"a3BkRml1OGlIaC9aK1czWFRZWkRUZz09fC9HOW1wZW4wdjRDZmovZmJuSlpncFE9PQ==\",\"quantity\":30,\"cp_pu\":0,\"sp_pu\":13}]',
    '2025-11-25 09:39:15',
    'admit-for-observation',
    'ZWJPMzkwUzVuYTR1a0JuenBoOExZdz09fG1QNFZlUHU1b0Q2ZWZRZnRyZWsxb25RVmpVNlhoZStKaXlMQ2VJVFRFUVU9',
    'Doctor Abiodun Salako',
    0.00,
    0.00,
    0.00,
    NULL,
    '2nxj7.1764059955039',
    NULL
  );
INSERT INTO
  `tx` (
    `id`,
    `patient_id`,
    `c_o`,
    `hx`,
    `drug_hx`,
    `o_e`,
    `lab_inv`,
    `diag`,
    `rx`,
    `date_time`,
    `admission_status`,
    `dr_note`,
    `signed_by`,
    `bill`,
    `paid`,
    `to_balance`,
    `bill_to`,
    `session_id`,
    `rx_backup`
  )
VALUES
  (
    106,
    '9/2507/GOH',
    'Y2UyY3ErbWpCNTdjREZYblFsNnB0Zz09fEpMT1Yxc0JicVRpcVcyOGNsQkRKWWc9PQ==',
    'R0FiUlIyWDM2UTE0TmVuVDd6aHExQT09fGpWZE45cXFjRElCTXljUktOS3dPNWc9PQ==',
    'djR2RzVXUTRENVlGK0xYRlJVNGszdz09fDNXc0t3VitvbFlqOFVaZUxOc2VId3c9PQ==',
    'U0phR08wc2pUZ2dpVVJpdTNacXQzUT09fDdta21rRUlFTU5sb3hXaFNqemUxNFE9PQ==',
    'enlKZUg3c0wrVTNMOEQyazBSbEIzdz09fENrZ1VtUllXNzhIbzhtSHVydmt0WUE9PQ==',
    'U1h6WE8rOUtaOUxxZVptbDZlYWROdz09fGY2QktHdmJsZXBUb3ZuK3grcGlmMWc9PQ==',
    '[{\"drug_id\":\"Y1c0MWdFdnQrTkRmVytrSUtTK2lSUT09fEFjTkdweFFvalFEN1c3THRYdG92aEE9PQ==\",\"drug_name\":\"ZHpPQ041bW5nWGtveStQcnFNd29rQT09fGlSR1hvREplZXAxVW13aDB1Z3VVNkE9PQ==\",\"dosage\":\"b0gyaC94aDQ2eGFrei9ZUnB6MWh4QT09fENETnJ5MGEvVEo4Tk9HenFZelJKN1E9PQ==\",\"quantity\":9,\"cp_pu\":0,\"sp_pu\":13},{\"drug_id\":\"Q3pjZThla3hMN2QwQnFRYXpUb3lTZz09fHdXTmhuMXpJOXBVYm54cExvd0pmVWc9PQ==\",\"drug_name\":\"S2doK2Rac0Y3VTFQaHlwdWdIakd0dz09fDUzbHZFU0dJS1pSZFRWRHhqQk9qQmhrMW5TTEpNSWpVVkRPVlN2Z1plUE09\",\"dosage\":\"YXVRd1laaWQwMjJ3bmc3ZzlnRnRhQT09fC9tdy84bEFDeUN6aGtnVjdxQlNhTUVIYlpRSTdzdEl0RjR3WDJFOCtjZ2M9\",\"quantity\":1,\"cp_pu\":0,\"sp_pu\":1500},{\"drug_id\":\"RDltRlJ2eHlFenhocUZQcDRqcFQ2UT09fEI3QlZrbWFhdW5GMGxGZnJwT0YxVWc9PQ==\",\"drug_name\":\"eW9GTFZCbEI4Zkg5eU82bTdnMDUrQT09fFVhWndGdmpLYVovekh1UC9HT01VeVE9PQ==\",\"dosage\":\"ZlNPcGZGeUx5Rnp4SGo5b0hFa1Rmdz09fGwzbkJnOHdHczNwVG03RU1Bb2tFd1E9PQ==\",\"quantity\":9,\"cp_pu\":0,\"sp_pu\":10}]',
    '2025-11-25 10:17:55',
    'admit-for-observation',
    'U25VMW4yQlBoMGd6MkIvdUcybHk4UT09fHM3V0wycm4yTGN4MXJVaWlGa2pFalE9PQ==',
    'Doctor Abiodun Salako',
    0.00,
    0.00,
    0.00,
    NULL,
    'g211t.1764062275298',
    NULL
  );
INSERT INTO
  `tx` (
    `id`,
    `patient_id`,
    `c_o`,
    `hx`,
    `drug_hx`,
    `o_e`,
    `lab_inv`,
    `diag`,
    `rx`,
    `date_time`,
    `admission_status`,
    `dr_note`,
    `signed_by`,
    `bill`,
    `paid`,
    `to_balance`,
    `bill_to`,
    `session_id`,
    `rx_backup`
  )
VALUES
  (
    107,
    '12/2507/GOH',
    'L3QxZlZGR3pFazUwZ21FYUtuR1Ivdz09fG9ueTYxdUhTdEJzclY2UDNoSXhKTHZYU1p3ejVWSi9TdEZnL05zVWozSW89',
    'NU5zS1JDaVdSOXI3ajlzMjJ2ZWR5Zz09fHVrczZsUkI3dXRYUEFxL0ZTU1dTK1E9PQ==',
    'VEgySDUwY2Q3YzZRN0E5ZFY5UWhXUT09fHFxeFZBNlpGTm1KQXM0dk1uVXVPMXc9PQ==',
    'OWJkbm13TDA0SXZvc1k4QWRUNjR5dz09fHJodkIwMXZuc05Wb0FoeUF0V1R3cUE9PQ==',
    'ZHRjVHBPbmhEMUVHUUdCMitlQ24zUT09fEIrT0UwWFBySm01VEM5RTNPTlQzWlE9PQ==',
    'OWl2dlEwSVVCazNPaU5xMWlJaXRIUT09fExQOU1EWkYybWx5UTBOc2Vlb1AvTWc9PQ==',
    '[]',
    '2025-11-25 10:29:08',
    'admit-for-observation',
    'MCtxM0xqV0NRRGRPRE85WHBXSW5Udz09fHh6QzAxTXd0c0FjVnRLakx5bWovdlE9PQ==',
    'Doctor Abiodun Salako',
    0.00,
    0.00,
    0.00,
    NULL,
    'uexel.1764062948315',
    NULL
  );
INSERT INTO
  `tx` (
    `id`,
    `patient_id`,
    `c_o`,
    `hx`,
    `drug_hx`,
    `o_e`,
    `lab_inv`,
    `diag`,
    `rx`,
    `date_time`,
    `admission_status`,
    `dr_note`,
    `signed_by`,
    `bill`,
    `paid`,
    `to_balance`,
    `bill_to`,
    `session_id`,
    `rx_backup`
  )
VALUES
  (
    108,
    '6/2504/GOH',
    'bTc0dTNwZTdyTTNiNnM3Tk9UdkhJdz09fEI3emZmdVEzeHFBMmhETHRwVW0zQWc9PQ==',
    'L3pwaHZzbi9iMEkrcjg5ZDh6clozZz09fE9acGlQcGQvcHl2Z0dHK2FLcDE4UkE9PQ==',
    'NkJ1bkdQZU1idFZ0YVl3UGswbUdSUT09fEdLNHJvUFQ3ckhzQ1VLSlkwY1p3cFE9PQ==',
    'ZXhRa1FjZ1RvM01zUmZjaHp6RzdEdz09fHg1SW1WTDdVVEFRRk8zYktVSng0aGc9PQ==',
    'QTEwSlVpWTBFMkJlSXhBWWRLNmZSUT09fHQwdXJCdTArK3JUR2lQMHpWTmxsRmc9PQ==',
    'Mk9ReWFXaThHWUEyNWprTlBnTldvQT09fGtBMzh3dVVLR1p1bjhZUWlmYmpSeEE9PQ==',
    '[{\"drug_id\":\"anFZZmdidnlRVFZRa0dRZVJtMDJqUT09fFE1SXpMdGhiVVowUThUVnFaNWJNY1E9PQ==\",\"drug_name\":\"bTRkM1FMdkdHZXM0MnAzbGZJNXhHQT09fEkvNVhoQzJ6cXR1bi93NFFsVzIrUnc9PQ==\",\"dosage\":\"SW53TTJJajhEVHA5ZVgrdUx3OVVDZz09fEpwT1JyWm15SEUvY01jVDREbkVuZUE9PQ==\",\"quantity\":9,\"cp_pu\":0,\"sp_pu\":10}]',
    '2025-11-25 11:06:14',
    'admit',
    'ZytHNnJNdGlPajBtYlBVcnNneWJOdz09fHhUcTEra2lJb08waWxsMUJEbXRQL2c9PQ==',
    'Doctor Abiodun Salako',
    0.00,
    0.00,
    0.00,
    NULL,
    '2nxj7.1764059955039',
    NULL
  );
INSERT INTO
  `tx` (
    `id`,
    `patient_id`,
    `c_o`,
    `hx`,
    `drug_hx`,
    `o_e`,
    `lab_inv`,
    `diag`,
    `rx`,
    `date_time`,
    `admission_status`,
    `dr_note`,
    `signed_by`,
    `bill`,
    `paid`,
    `to_balance`,
    `bill_to`,
    `session_id`,
    `rx_backup`
  )
VALUES
  (
    109,
    '23/2510/GOH',
    'WUgvVUluMHFiRDh0WjJXNXZIc0VaZz09fHlFUGZ4dW4rSDVmY3M2ZThKbHRMS3I3WXdYTWxLTDFtdTY0Z2JQUTMwNXM9',
    'TVV5YXhsem9zcDBseHFseGxJMCs4Zz09fFN5R0pPRlB0dmhQUW5veW1pcURyNmRxcjUrNVcxVmJhVTJ2bG1qcEVPdGc9',
    'b3NoNXZ5Yk9zZm1ZT0x0YmNVRVZ1dz09fDJLTUczRm45Mm1mRnQ4K0FLWmZWWlE9PQ==',
    'NTNsK3liRTlRRTdDV3V6N1NxMnExUT09fFdoM0dwTWtPNW9pMWk0eEJMdXVkQWc9PQ==',
    'bDFUS0s2bXZydUZUZmYzczZNOU43UT09fE40MGtaMVZSOFZ1bk9GVVE0dndObnc9PQ==',
    'WHU3UXg1RFJGZUoyQTE3Q3VKMUZYQT09fHVTVUEyNEdMNzl4aDdYODE0NXRGamc9PQ==',
    '[]',
    '2025-12-24 16:20:15',
    'Out-Patient',
    'TkFxQVEzYzlqTkZuMWpkWkhucUpOdz09fGdYT0I0OWZOMjd5VEhsaU1RY1lXTmc9PQ==',
    'Doctor Abiodun Salako',
    0.00,
    0.00,
    0.00,
    NULL,
    '5o9dl.1766589615084',
    NULL
  );
INSERT INTO
  `tx` (
    `id`,
    `patient_id`,
    `c_o`,
    `hx`,
    `drug_hx`,
    `o_e`,
    `lab_inv`,
    `diag`,
    `rx`,
    `date_time`,
    `admission_status`,
    `dr_note`,
    `signed_by`,
    `bill`,
    `paid`,
    `to_balance`,
    `bill_to`,
    `session_id`,
    `rx_backup`
  )
VALUES
  (
    110,
    '23/2510/GOH',
    'RU8zQkJmN2VFY0FOaWpGTGVHSVRBQT09fGlEbHBONEJadXFXQ01EY3BpcjRweHpST3lLTGp2b0kyQ01CcnRkSTMyczA9',
    'L2pvK2lDcTYzZkVIMjRMejB1ZDhSZz09fG4zMEtxcFA0alo0OUU5Q3JOeWhpdEE9PQ==',
    'Z3FjbkNRcWE4SWs5dzJEQVlmMU5lQT09fDdHV3VDS3A3aGQ1ckVNaUIvSFM3WVE9PQ==',
    'djNSZXVMSk5GcHNObC9NUGdueGRzUT09fExYZDEwZnZHTVR5cjBxMGVZYlZ3a0E9PQ==',
    'ZHU3SG9URUVaQjFxcmtXeGxXaW5nQT09fEFtWE5xTGJKRkFsRm01emZMaWR2WEE9PQ==',
    'UzF0YXpwczFtRnhUY1VsR2lhRE5nUT09fEhRQVhBWXFwYUZiNnRQYXBvZkNwU2c9PQ==',
    '[{\"drug_id\":\"S2dtZ2FHOU1leWpxemNDYU5IeHYzdz09fHRVT2xvR1JSQUQybmI1Wk9hbHlxZnc9PQ==\",\"drug_name\":\"cG9BL2orUGdxTHVtT3daRWM0MmR6UT09fEljZmhxODhLLzhQd2hXbDRtMFNmM1E9PQ==\",\"dosage\":\"cHlkRnZuRXRzTlp4dDVaRTlYbHBQUT09fDRySTc0Y2ZTN3hiZmFWcTdXaUdNVWc9PQ==\",\"quantity\":18,\"cp_pu\":0,\"sp_pu\":13},{\"drug_id\":\"UlBSUktPN0xtQ2FaMjBxM2hQaSt3dz09fE84cHZ5S2VIVW41TmE0WU1vTEtMcmc9PQ==\",\"drug_name\":\"M1JvbWZLblB2T1BBNGRwTDlmcnQyZz09fE1kNXNIK204dFFBeWhKMmF0dDBVSTZwSUV6aWlxMkNCc2pIOVJFbkgwM2M9\",\"dosage\":\"VFgwOStxOHJlZVIySHN6Tm1udFFwUT09fDZRcDlSZmNLVTJxTzVqU1JYdkEvSDVyT1dMa0pmRDgrTS8vbkVxUElCZlU9\",\"quantity\":30,\"cp_pu\":0,\"sp_pu\":0}]',
    '2025-12-25 15:15:34',
    'admit-for-observation',
    'K0RLQVlEV0hTTnJjV2xvamFyall2dz09fDFpd3RNWG9iNjJuWUtyQUI1SXlOa0E9PQ==',
    'Doctor Abiodun Salako',
    234.00,
    234.00,
    0.00,
    'patient',
    'tzesl.1766672134843',
    NULL
  );
INSERT INTO
  `tx` (
    `id`,
    `patient_id`,
    `c_o`,
    `hx`,
    `drug_hx`,
    `o_e`,
    `lab_inv`,
    `diag`,
    `rx`,
    `date_time`,
    `admission_status`,
    `dr_note`,
    `signed_by`,
    `bill`,
    `paid`,
    `to_balance`,
    `bill_to`,
    `session_id`,
    `rx_backup`
  )
VALUES
  (
    111,
    '23/2510/GOH',
    'MzZaR0pvTW5odUUwY1UzeFA3NDRLUT09fHhrdFdqWUZYdmd5WWJaMHdJZ0Y4Vmc9PQ==',
    'aU5SY3JKYzUvb0o1clFxUGNzbDdLZz09fDFpUUFyZnJZdkhGd0MrK3k4Q2RzQUE9PQ==',
    'eTIveVR1VCtBVFB5eFZPTzcycmNGZz09fEVCaURKVDQxVnVraFpFT01YcVMvQUE9PQ==',
    'S3kvNlQyRmpONG42M2Zod1BJc0E4UT09fGJudFlhVHVxbW44VWVQNU9CTmJwWUE9PQ==',
    'bXB0QldxYjk0VlN6OW1pVnJISWdCQT09fGh3TmxwVUhUSWY0Ynk4d21rU2Uzbnc9PQ==',
    'di9pT3JGaEVFODE4K0gyb0NmODl0UT09fEZFYXZwNHRZUEhiVitaT3U3Tno4RkE9PQ==',
    '[{\"drug_id\":\"U3ovWVRvQ1lONzJZUU5ONm1aZTFqUT09fHFTQ2d1YjI1UGZEOWZLV2lzMkFGSlE9PQ==\",\"drug_name\":\"R1BrMEdMcjBwbjk3WjJWd1E0Z0l4UT09fDhINmNLaC9MMUZiamhrbWROWWZQWWc9PQ==\",\"dosage\":\"ZGYveXVaWGxBaXg0eVZOWEVJZjU4QT09fC9XeXFuclNCUFEvblEwd2ZyNVBxc2c9PQ==\",\"quantity\":9,\"cp_pu\":0,\"sp_pu\":10}]',
    '2025-12-25 17:56:22',
    'Out Patient',
    'YVVSU1lTSXh2SEZsM2NnbUp3K2M0dz09fFE3MzI0bGk3bFBHVjJ5VWNMZnY1bEE9PQ==',
    'Doctor Abiodun Salako',
    0.00,
    0.00,
    0.00,
    NULL,
    'tzesl.1766672134843',
    NULL
  );
INSERT INTO
  `tx` (
    `id`,
    `patient_id`,
    `c_o`,
    `hx`,
    `drug_hx`,
    `o_e`,
    `lab_inv`,
    `diag`,
    `rx`,
    `date_time`,
    `admission_status`,
    `dr_note`,
    `signed_by`,
    `bill`,
    `paid`,
    `to_balance`,
    `bill_to`,
    `session_id`,
    `rx_backup`
  )
VALUES
  (
    112,
    '13/2507/GOH',
    'UEJkOWszR3MyejRRR3F2TnJJVEhjdz09fHJWYWVZU0UrcWxjb0xCd3llOGNUNzRWNytEREpIbktJemZRSVl2Y05JVWdZOUcvSGdKaVl2enZwQmdzdlhSR1k=',
    'a3pLOWVHK2FxM1krQXlqcGVxd2h2UT09fEk5aFRab0o5ZHV1THY3dnpibTVGeEE9PQ==',
    'dlRxTVdqZUczeHlwMVAzMDFDTVZvUT09fE8vV1c3MnlucDVXSlZTN3REcTl5QWc9PQ==',
    'UkJDTW93Y2V0d1BMUlI0SFZTTWxPQT09fFhOT1FnNHBsbzhPNml2SUxRbHlXSWc9PQ==',
    'WjBCVW5vcEkyZ1JFQ0ZiL2JTaVhDQT09fGxCWXpnbzhVaGZxK2pMUE00RENqaUE9PQ==',
    'V1d1bzBlbXoyU2F1TG9zd05XNUVaUT09fHR3dXVROWJsM0VHMnJVUkoyT2Robmc9PQ==',
    '[]',
    '2025-12-25 21:23:28',
    'Out-Patient',
    'cWg1cnpWVXVNdzVlSmw5UzVIZTlZdz09fENyN0ZwQmdidEQyWWx0UnNVU2Z0SWljTzVqSmtJTXExYWxQZkdDTSs3Rms9',
    'Doctor Abiodun Salako',
    3500.00,
    1000.00,
    2500.00,
    'patient',
    'tyd9i.1766694208260',
    NULL
  );
INSERT INTO
  `tx` (
    `id`,
    `patient_id`,
    `c_o`,
    `hx`,
    `drug_hx`,
    `o_e`,
    `lab_inv`,
    `diag`,
    `rx`,
    `date_time`,
    `admission_status`,
    `dr_note`,
    `signed_by`,
    `bill`,
    `paid`,
    `to_balance`,
    `bill_to`,
    `session_id`,
    `rx_backup`
  )
VALUES
  (
    113,
    '13/2507/GOH',
    'cnkwQ0VmN2M2cjZvbFQzZ3ZSQkxMUT09fGNRSG12WTgwT0JxOEF4WlZlcGt6Z25kMWdXYkNwOWorZDhldVZZeUs1TCtTYWVjQUVEYjQ4Tko0QnF4QjEzV0piUlNzYUZSQ0xlcHIvd1JweWgvMGhodGxYN1NoeDNzTVNHTFJqMUVhUXFFPQ==',
    'SXA5QmM2dzNEWTA2OWwrZWYzeWViQT09fExFa0VYd0NuekNHOEcrRjFvOWJ1d1E9PQ==',
    'Zzdsazl6MDJ3R2ErSHNaOXRVajhBUT09fFhZeHk2SWJySnJwWEljMjhMeTRvREE9PQ==',
    'TGJSd2tZNGFzVk5RMkcyTU5qYUd3dz09fFYzQnhETzBFOW5yQWdvc09OL25nVS9Od0Zwa01UaHJvZVRVNTdUZVBpY2NFbnc3dTdEZHNlOGlZUkxLM2hZRWo=',
    'RjR3bzhmdTA3OFh2RDFRUGNIM1JJZz09fHdwS0FWYjNzeDlPQnBxb1RSRXp2bFE9PQ==',
    'dTYyV0ZraDYyVkw4OGpjODJwVnBhdz09fEo5eFdrYnVCSFhXMzhCOUVJWlgvSGc9PQ==',
    '[]',
    '2025-12-25 23:49:45',
    'admit',
    'NFFGemxjeEJPOThFQzdkbGQ3anMzUT09fFdIazFYL0c5L1R2Q3U0amJVdjE5MkE9PQ==',
    'Doctor Abiodun Salako',
    0.00,
    0.00,
    0.00,
    'patient',
    '4xb8g.1766702985237',
    NULL
  );
INSERT INTO
  `tx` (
    `id`,
    `patient_id`,
    `c_o`,
    `hx`,
    `drug_hx`,
    `o_e`,
    `lab_inv`,
    `diag`,
    `rx`,
    `date_time`,
    `admission_status`,
    `dr_note`,
    `signed_by`,
    `bill`,
    `paid`,
    `to_balance`,
    `bill_to`,
    `session_id`,
    `rx_backup`
  )
VALUES
  (
    114,
    '13/2507/GOH',
    'QS9GcTl4WlBQeWNtTGZJNVFGNGJ5dz09fGt2SDhqN2hmVmVYQTVxNzRHcG8xaHc9PQ==',
    'OGROVWtEbGhBRUMwazd5UU1pOG5vUT09fDY5VTd3UHZBZlc3SjFnSFI5TU9nU2c9PQ==',
    'aDhITFM5dnlSOUY5Wk1sTzNoU3F5UT09fHRXaHpXYTlLZ0FMckd3WDlvS2IvaEE9PQ==',
    'RUFoZVBtM0JnSTViWXBNYTI4NWdlUT09fEtlN2R3eFFsRmJwUTU4NER4MXVGRnc9PQ==',
    'ck9lU3B0MGxETFA3M1g1c3RyVWtLdz09fHUzZWRSQXEyMm9WSGdBWGFXN1RyaHc9PQ==',
    'R0l4TkFlTlRzeDJGYmZEeEhVQWd3UT09fFZCaGI1UC9ubWhtNHVqMFNWUGt0UGc9PQ==',
    '[{\"drug_id\":\"OENPVCsvMmpvNzYzS1JOeTYvRS9Ndz09fEhOcjZRR1VsZG9NRXU0T2ltbWcxT1E9PQ==\",\"drug_name\":\"d3M4S0RFNzRVblZWNGxkUERJK1hGZz09fDQ4UmxXK3oyVy9mTE9lUkw0RUQ0WVE9PQ==\",\"dosage\":\"b3AyQVZka0ZJanlDNkt6OHpBZjZqdz09fFVWRGlOdkJZd25VQi9FMjduUlVONWc9PQ==\",\"quantity\":9,\"cp_pu\":0,\"sp_pu\":13},{\"drug_id\":\"bGprem5RMjd6cmdBZFBUbDhpcXM4Zz09fHVXOXlETHI4ZG5zVS9BblpUZXRMYlE9PQ==\",\"drug_name\":\"NXR6OXBleE5PdXd2ek9XMWlqTWZCdz09fHUrSGluWWFISVhka3phODVPV0pDbVE9PQ==\",\"dosage\":\"UU1IcVZHRVJJU2ZYbDkyTlJ3RzhWZz09fExKV1lLdTdpblY3ODJhcVNaN24rWWc9PQ==\",\"quantity\":9,\"cp_pu\":0,\"sp_pu\":10},{\"drug_id\":\"T2h4cVNzUFhtaUU4RGRoMmRSSlM2Zz09fFZsaDErcUFyWkwvUVB5bTM1ODRxbkE9PQ==\",\"drug_name\":\"YjR6K2RreDlieFdXTEZweVdnVmJVdz09fDhOQU9EbzFOemZZclRJRlBZZisyVWc9PQ==\",\"dosage\":\"Y2ZMT2h4MG9UdEtOZXJ2VzNRakhMUT09fHQ4cU5pR04zQ252L1daRmQzY0VnY2htWGhmdjA3Q1o0b2FFL25ERnYvYWM9\",\"quantity\":6,\"cp_pu\":0,\"sp_pu\":0},{\"drug_id\":\"N/A\",\"drug_name\":\"eXZKVlRMNU4wek1tNC96eVMrNzZiUT09fHVIMTJrSGpwVEdTNk8wbGF1bDVsUFE9PQ==\",\"dosage\":\"RGlTdEQ1dk9ocmZ5WWphbjM4Tml6dz09fGpjcG9NK1dLUW56WEdhL2NYTkJub0E9PQ==\",\"quantity\":25,\"cp_pu\":null,\"sp_pu\":null}]',
    '2025-12-26 00:02:02',
    'admit',
    'bnRVQ29VbDdybjJucFJ1alpHZVliUT09fHl0L0dLT3dHWlVUS1B0bm10MlU5dFE9PQ==',
    'Doctor Abiodun Salako',
    0.00,
    0.00,
    0.00,
    NULL,
    '4xb8g.1766702985237',
    NULL
  );
INSERT INTO
  `tx` (
    `id`,
    `patient_id`,
    `c_o`,
    `hx`,
    `drug_hx`,
    `o_e`,
    `lab_inv`,
    `diag`,
    `rx`,
    `date_time`,
    `admission_status`,
    `dr_note`,
    `signed_by`,
    `bill`,
    `paid`,
    `to_balance`,
    `bill_to`,
    `session_id`,
    `rx_backup`
  )
VALUES
  (
    115,
    '22/2508/GOH',
    'cFpaV1pWOXdKaThoWDJnK3dBYS91UT09fGhiOFBzQTN1dURKa0lTUkdqa0wrcmc9PQ==',
    'YWZQS05VVDNEaW82SWQ1RmQvcFUzdz09fEp0Y3BlRThleDQwVnVmUVBZTWlFcGc9PQ==',
    'NHltNHdKc09yeEluSGJiNUxBSVV2dz09fDZUOGZTRnlOdHhITlBOM2Y3eDZLUHgwaEo0WGh3bHNiM0c1M3c4eFliT1E9',
    'STc2WjRXNE4rbWdDS2hnRmttZHNKQT09fHBSQnJ4UzB1TVhkN0F4US9IbjV0MHc9PQ==',
    'dklzN1dhdXBpcUhDWlhkVlJYRG1uZz09fGU2RmJtdERheWlKUzRDVFZqektOM1E9PQ==',
    'THQxZDF1REpHNXVmYlFpOUhlQ3dsZz09fHF2dm05Nk90eFoyVkVlWW0wdmJPZlE9PQ==',
    '[]',
    '2025-12-26 11:28:33',
    'Out-Patient',
    'aU9ZWDJjTGdkb1hUa2ZaeGMzaXlmZz09fExVb3NPR0syY20zOEdNVVFlTVVBU0E9PQ==',
    'Doctor Abiodun Salako',
    2000.00,
    0.00,
    2000.00,
    'patient',
    'h5otn.1766744913963',
    NULL
  );
INSERT INTO
  `tx` (
    `id`,
    `patient_id`,
    `c_o`,
    `hx`,
    `drug_hx`,
    `o_e`,
    `lab_inv`,
    `diag`,
    `rx`,
    `date_time`,
    `admission_status`,
    `dr_note`,
    `signed_by`,
    `bill`,
    `paid`,
    `to_balance`,
    `bill_to`,
    `session_id`,
    `rx_backup`
  )
VALUES
  (
    116,
    '22/2508/GOH',
    'UU1xQTh4L1k4OExCNXBZQ21TQkY4dz09fGV0d2ZJdXd4VVU2N0JkZUJOeFIwSmc9PQ==',
    'bkZsTXk3NjQzdjhvcThQYThTelFzdz09fERaa1luLzFqUEIvR2RkM094WnUxc3c9PQ==',
    'K2dYS0tjaUZMdzNiUEIzNzJCMzVrZz09fGlJTHRWZ0xZRWIrMXUyUmJ6VVc0M1E9PQ==',
    'aUNYTlovb1FnVjkwQXFTdkZJbldjUT09fFFNTHgvbEVkVmlMbG9MdjIrTlZXRXc9PQ==',
    'dnZEWE1DN0F3ck9rK2dZbW12SWZEZz09fEFXQWp5NzN1dFF3YlpPcDJEZkFZSnc9PQ==',
    'dTg0Y293eU9oK3NPb20wYmg4cEVzdz09fEwxU3BPbHZPNjlRMTBadDN2SkVkZ3c9PQ==',
    '[{\"drug_id\":\"N/A\",\"drug_name\":\"YkVuVVphU0F2T0ZKS0IzWVk4TUljZz09fGpBNG93aXo0NVk5Tk82SFZsRXhsRmQzZjBOR2ZVR2pXa1BBNEptcXlFdEU9\",\"dosage\":\"UFRQbkxYUkJVaTNieVM5aU90ZzZSQT09fDlBRXRLOHMrM3RsYVE4R1BxaURCcEkxT3JYcnpqb0sxNXJhRVZSUy9hREE9\",\"quantity\":1,\"cp_pu\":null,\"sp_pu\":null},{\"drug_id\":\"dkVWenBLSUdrb3NEOGQyNnZLRG1lZz09fFdnN0RyNEpnenZGOVlZU0xkQlVkeGc9PQ==\",\"drug_name\":\"cXZXL2sxbnczUWs2Znl4VWtaaG9ZZz09fGFUQ1laQnVUdlZueHIwd3BPcTd2NlE9PQ==\",\"dosage\":\"blVIdWRDbFRyRHlLMTh5alRMa29nQT09fGRhY2xHM3V0by9SMXUrQ1NuTEhRZE5CRUIwMTErOFFhb3ZHSmorMGZ1Zlk9\",\"quantity\":0,\"cp_pu\":0,\"sp_pu\":750},{\"drug_id\":\"WTNBdkFZN2htSFdPZ013OUpLNWlQZz09fFVRTVRMR1h5R1pBUHI4ZDhRKzNybGc9PQ==\",\"drug_name\":\"eXh5TXJDNDhtb3ZwVCsrc1RGY01Pdz09fE9mMldhc3dvSDJyRG5oYzNVc21aUWc9PQ==\",\"dosage\":\"Y1JqcGhGT09MbndMODdLYzJoNjJvdz09fHYxZDhnaXY5TjcwNkRzYUhMWkEzTWIyWG0yTGphMVhXcTZzdlVxakFHU1E9\",\"quantity\":1,\"cp_pu\":0,\"sp_pu\":0}]',
    '2025-12-26 11:45:31',
    'admit',
    'NDhLdFBiUU9HMkplaGUrVDNUQVF4UT09fHVKeE4yd0xvbFlMcHFjdFVKd2lkcWc9PQ==',
    'Doctor Abiodun Salako',
    4000.00,
    4000.00,
    0.00,
    'Loyola Farms',
    'h5otn.1766744913963',
    NULL
  );
INSERT INTO
  `tx` (
    `id`,
    `patient_id`,
    `c_o`,
    `hx`,
    `drug_hx`,
    `o_e`,
    `lab_inv`,
    `diag`,
    `rx`,
    `date_time`,
    `admission_status`,
    `dr_note`,
    `signed_by`,
    `bill`,
    `paid`,
    `to_balance`,
    `bill_to`,
    `session_id`,
    `rx_backup`
  )
VALUES
  (
    117,
    '21/2508/GOH',
    'YWxTOEJpMlRVd0ZBbStVaG5EK1FjZz09fEpqUVhuUmo1SlVQL2NweWREbThoSlE9PQ==',
    'NGhYV2NPVU1nUkxkb01raTJsL3Rpdz09fE96Tlg4bm1DU1dLN0tRT0xsNnRxdkE9PQ==',
    'YUM4S09jaGppV0RrSTZiN2tqRHE5UT09fFdrUkpDNlFqS1NjMjY0YUgzTDN5Wmc9PQ==',
    'MnU2UmJjYWZOR1ZpOGRKdjJ6RHRPQT09fGx3UnBhV3Y0ZG11VDF6ZDRGSW8rTnc9PQ==',
    'clJnMUw0TElJMy85dFhLbUNSU1dSdz09fENUeXlOd1NrV1lRMWZ3SlQzZi9OQ2c9PQ==',
    'ZzFsNTUvaG9CcTFQVkhEdEF2ZW9FUT09fFNUeCtiSXlnK2FGODV2NHZnY3hwN2c9PQ==',
    '[]',
    '2025-12-26 12:11:17',
    'Out-Patient',
    'NFZBY0Vna2RNTkQxbkh2bHp1M0k1UT09fFJGVDd6UUVrM1daRm5yYXU0SG5ZYW13Q2NIeFNWdnYvaUN3Uk02MjNiRkdnNGpNOVVadmlnTHE0N1Aydm40ZlM=',
    'Doctor Abiodun Salako',
    2000.00,
    0.00,
    2000.00,
    'patient',
    'fpu24.1766747477379',
    NULL
  );
INSERT INTO
  `tx` (
    `id`,
    `patient_id`,
    `c_o`,
    `hx`,
    `drug_hx`,
    `o_e`,
    `lab_inv`,
    `diag`,
    `rx`,
    `date_time`,
    `admission_status`,
    `dr_note`,
    `signed_by`,
    `bill`,
    `paid`,
    `to_balance`,
    `bill_to`,
    `session_id`,
    `rx_backup`
  )
VALUES
  (
    118,
    '24/2512/GOH',
    'SUtLeTRFQ3dqL3JWa281L25VUFhJQT09fFY2NGd0eVhOeFgxUmhlZEM2QTNXY25MQTVVVXpXRmJYd25lakZZUGxrTjg9',
    'WEd4bCt2Rm9Ebjd0ZlJSUmVqM1VsZz09fG94dkdsaVV4V0twU0dVR3ZhYzdRdUxOS25zK0tLRWFaSmJ5L2xZam5TeXBXUzZwU1N1VUVwTUF4YTZSL29LakpkWllaNFpoUWhxV3JqOVNmcXhtSFVzZlRzVzdjc0JOWE04VDZ2MlRDNFpNPQ==',
    'VU9ONzIxZjdlK3RzV2cxSWhCNWNvQT09fE9LUW1JWG1JNFREODhVWG9SUlkvTzN3WTNPem0zUFRHNEJmQk9wUnI1dy9qbWxTNEZPWUUwd2pLcFhNNlRXSDI2S1RTdzFUUGRubzJjWDN2UzRVYngzWVlnR1Erc2N3YU5pckpvbzIwQ29WaDNFUS9YYlFEOWZLTHd4OXNSQjNJN2tmekJva0doOW8vdThuS3pleS9ITU1oSnMxclRYa21EUzlvTzFsWG1Gcz0=',
    'bkZnaDhSZkdkRHI0dENIdzdvUDU4dz09fGpENGpXOW5LMzBhVHNsdkNJZ29xNTA3aU5jdVRyVmNOM3hyZU9UUGF6WHM9',
    'TFlqbWl5U1N4bldFTzM1cHY5V0ZxZz09fDJmc1hKSW45VnYxcG1nV1g3Q25vU2RnaEpNeFRTb2poeXRjbnkzRERxU1hHMzRyOWc1ZExudDY3TEpCamdid1I=',
    'eDFpUHgrYXNsQ2tpbVphOHBWc0tQZz09fEtESGl4T0FwYzdQYmN5bTUvNUhLbzRZZ1ZreUt5aUs1K1RIanVGWUx6Nzg9',
    '[{\"drug_id\":\"NWRYYXJFRWU5U1JQSG1ocHhOUHpOQT09fGVXeUNVajl2c2RFV3U1UFptU0I0UEE9PQ==\",\"drug_name\":\"Nmt1T2VYSjhXRTQxMVZ2VGZYL2VMdz09fGxrSmFWMVVpK2pUeThXZVZEVmtQUUJkRUl2aUtzN1FoaWVNUGlMc3d4ajQ9\",\"dosage\":\"Z0xDU2VDZ2VtYWZIMnBiRDhZRXpRQT09fFpjR2NZZDFadzIzL3hCSzdMV3pxYVE9PQ==\",\"quantity\":6,\"cp_pu\":0,\"sp_pu\":0},{\"drug_id\":\"Nm5zT2w3dUtrV1lBSGhSSG91MGR4Zz09fEU3NkRKY0xCN1NUd1VZSDRJU2pyK0E9PQ==\",\"drug_name\":\"blNGUEJWVWlYZENBUFpGbU1zYVFUdz09fFc4cy85Rm5LQzF6NExNWjdLVm9EMWc9PQ==\",\"dosage\":\"S1BxTmVseHZLV3g5Y0E2ZWpVVWlGdz09fHE1V1p3a2RtaVM0aTRkckh1OTVHRHc9PQ==\",\"quantity\":9,\"cp_pu\":0,\"sp_pu\":13}]',
    '2025-12-26 23:45:13',
    'admit',
    'QTNDUVY2aU5CUlJLK28yd25aVTFmQT09fGdxSW1JNms0RGZxS3hiWGRCRFMvMDFYOVBNNHdMaVJodnRiZ2ZlYkFpVGM9',
    'Doctor Abiodun Salako',
    0.00,
    0.00,
    0.00,
    'patient',
    'd17k2.1766789113857',
    NULL
  );
INSERT INTO
  `tx` (
    `id`,
    `patient_id`,
    `c_o`,
    `hx`,
    `drug_hx`,
    `o_e`,
    `lab_inv`,
    `diag`,
    `rx`,
    `date_time`,
    `admission_status`,
    `dr_note`,
    `signed_by`,
    `bill`,
    `paid`,
    `to_balance`,
    `bill_to`,
    `session_id`,
    `rx_backup`
  )
VALUES
  (
    119,
    '7/2505/GOH',
    'SzhJOWxJQVdZZ0dBaFNNS3BaSFFBdz09fE1qQWZic3o2Vyt1VGsrdWJuWFRXN3hUb2ZuMi9SZkVYN3JHc29YSFdUdnM9',
    'UnJrSkJCbUgycGNCL1B0dEplMnQxZz09fHd0WWdHT01UZHV4WlZqKy9KSENyanc9PQ==',
    'RkRjL2hGK0grSVlXbFpnN1ZxRFJXUT09fDV0Y292bnl3UmhFbnRrbGhaSXBKMlE9PQ==',
    'NE9QMk8xbTI4QTZWaDQzZVp4NXd2dz09fE1XOHcyT0NOakhRVEFEWTZNdm0wbEE9PQ==',
    'YlZMb2FDZjB0MzZlZUwvcVEycFB5Zz09fGRFbHZsZnNydnc2VlBGa1NidU10Tnc9PQ==',
    'Q001aGUzVUsrVWRiMDlINjR4ejZoUT09fEYxNlVhWHU3M3BGeUVSSVdMbkdiMkE9PQ==',
    '[{\"drug_id\":\"N2NLai9NajJNSkFXdkxMeEZrWUpNZz09fHBCNHRzdjJtN0doNzV2TmFBZG1zUXc9PQ==\",\"drug_name\":\"MUFKVjFUeGdyN2NtdnZQVFNDM20wUT09fDVieWJaSVJuMGgrQzFzbEZKbDV1YUE9PQ==\",\"dosage\":\"RW8zeGpiN2xzME5nWXhVY2hUaGhjZz09fE9kOVFQQnlLcTFRenExMG1vRFVldmc9PQ==\",\"quantity\":18,\"cp_pu\":0,\"sp_pu\":13},{\"drug_id\":\"UkVHMTFpQWozNEZIb0lqUThteVpqdz09fHF5NmZ2Y1h5bS9kNnpoZWpxZU9rYVE9PQ==\",\"drug_name\":\"K2ZEUDlnUVlDR1FOTnhoTnQyVCtvQT09fEJDUXpzZzZpU2d5aU5PSkUvMkJGSmc9PQ==\",\"dosage\":\"MVlrVy9QQnJ2UmNqL3lIZDBVc0huQT09fDBHT0Q1bnl5Z3RzOTVkelNGWmhhOHc9PQ==\",\"quantity\":9,\"cp_pu\":0,\"sp_pu\":10}]',
    '2026-01-04 17:59:29',
    'Out-Patient',
    'WkNZTjJJZXFZVVo0MmFqTUM2ZmdxQT09fHpIWWlOWWdDZHI0M3dLeHAvMmdqSFE9PQ==',
    'Doctor Abiodun Salako',
    2324.00,
    700.00,
    1624.00,
    'patient',
    '7zx93.1767545969441',
    NULL
  );
INSERT INTO
  `tx` (
    `id`,
    `patient_id`,
    `c_o`,
    `hx`,
    `drug_hx`,
    `o_e`,
    `lab_inv`,
    `diag`,
    `rx`,
    `date_time`,
    `admission_status`,
    `dr_note`,
    `signed_by`,
    `bill`,
    `paid`,
    `to_balance`,
    `bill_to`,
    `session_id`,
    `rx_backup`
  )
VALUES
  (
    120,
    '26/2601/GOH',
    'WnpncXhsU0svaUlYamlBdkVlSzY5QT09fDNicUtrNW5XeWpXV29iSjY2RUVTQjdWL0E1QWZKQ0krb2VmelVrMXJpWEU9',
    'S1pWR25LaWZWZldKdUptMmxZVGNxZz09fFVNRmhJK1IyVG9uclFVdzVrWTN5RWc9PQ==',
    'RXRFbnJtQytZcDE3S2tnUGJqbHlXQT09fEtVTGtuaUIzTU1VUTFra1pQNFY1akE9PQ==',
    'UFVHVHlqRWdBVG4velg0T3VOMXZGUT09fEJkN2lCS2RTUSt4NDdVSWRyWkdaZUE9PQ==',
    'a3BQTzhZOWViT1dOQmlGNXhlQno4Zz09fDVHMDRCUG9nMEVuVnl0TisvYjNrZmc9PQ==',
    'cEFNOVc4UnBvQjY5RmdDdEVMRkhMUT09fEtNZVdBR1RZeUtVcWF3YzNLQTRHMVE9PQ==',
    '[{\"drug_id\":\"Z0pCMm1tcmpjUkpQcWlaNTkvTjZxQT09fFprajNvWGhSbnBlUkhtNkRFL0V0OGc9PQ==\",\"drug_name\":\"dDl3VnFpMnFkM1N3ckpHczVwL0dRQT09fDVCM0dNVlpyTGVEY3J3MXA4bzVoQ1E9PQ==\",\"dosage\":\"UkhKNHd6Ynlld1RHRGpGdytJci90dz09fHZzckNsdlkzVThmdnVDaGxkU013alE9PQ==\",\"quantity\":18,\"cp_pu\":0,\"sp_pu\":13},{\"drug_id\":\"cW9oMkRwcVJCT2JnT2Qza0U4SnByUT09fG9HUG5NbXBkZk5wSkVFWkRsbjljYkE9PQ==\",\"drug_name\":\"ZkVRTUY2K2V4VTVXTXFaKysvT21DUT09fDR5TVNGNEEwbDdCZVlhU3RmSXBCODk3K2FRMzBqMnJVdHpGY0syWm1zUnM9\",\"dosage\":\"eXI0KzFKc3dNVFdYYjl3WmhQYzlNQT09fG1CWWRGMWxDamt2MXZkd01sdzZmbmc9PQ==\",\"quantity\":40,\"cp_pu\":0,\"sp_pu\":0}]',
    '2026-01-05 18:32:02',
    'Out-Patient',
    'M1RYWkQwNjlQcnhsamszaFpHOENiUT09fDZDZStHRXcyMU1sc0g0blpzUmFhRFE9PQ==',
    'Doctor Abiodun Salako',
    5234.00,
    3000.00,
    2234.00,
    'patient',
    'dydvm.1767634322927',
    NULL
  );

# ------------------------------------------------------------
# DATA DUMP FOR TABLE: vitals
# ------------------------------------------------------------

INSERT INTO
  `vitals` (
    `id`,
    `pt_id`,
    `age`,
    `gender`,
    `temp`,
    `pulse_rate`,
    `spo2`,
    `systolic`,
    `diastolic`,
    `Weight`,
    `height`,
    `bmi`,
    `date_time`,
    `resp_rate`,
    `session_id`
  )
VALUES
  (
    12,
    '12/2507/GOH',
    '25',
    'M',
    36.7,
    70,
    NULL,
    120,
    80,
    NULL,
    NULL,
    NULL,
    '2025-07-30 12:10:15',
    NULL,
    NULL
  );
INSERT INTO
  `vitals` (
    `id`,
    `pt_id`,
    `age`,
    `gender`,
    `temp`,
    `pulse_rate`,
    `spo2`,
    `systolic`,
    `diastolic`,
    `Weight`,
    `height`,
    `bmi`,
    `date_time`,
    `resp_rate`,
    `session_id`
  )
VALUES
  (
    13,
    '17/2507/GOH',
    '5 days',
    'F',
    36.7,
    80,
    18,
    120,
    80,
    NULL,
    NULL,
    NULL,
    '2025-07-30 15:28:54',
    NULL,
    NULL
  );
INSERT INTO
  `vitals` (
    `id`,
    `pt_id`,
    `age`,
    `gender`,
    `temp`,
    `pulse_rate`,
    `spo2`,
    `systolic`,
    `diastolic`,
    `Weight`,
    `height`,
    `bmi`,
    `date_time`,
    `resp_rate`,
    `session_id`
  )
VALUES
  (
    14,
    '20/2508/GOH',
    '28 years',
    'F',
    35.7,
    88,
    181,
    120,
    80,
    78,
    172,
    26,
    '2025-08-03 18:39:37',
    NULL,
    NULL
  );
INSERT INTO
  `vitals` (
    `id`,
    `pt_id`,
    `age`,
    `gender`,
    `temp`,
    `pulse_rate`,
    `spo2`,
    `systolic`,
    `diastolic`,
    `Weight`,
    `height`,
    `bmi`,
    `date_time`,
    `resp_rate`,
    `session_id`
  )
VALUES
  (
    15,
    '17/2507/GOH',
    '5 days',
    'F',
    36.6,
    68,
    18,
    120,
    80,
    NULL,
    NULL,
    NULL,
    '2025-08-09 23:53:00',
    NULL,
    NULL
  );
INSERT INTO
  `vitals` (
    `id`,
    `pt_id`,
    `age`,
    `gender`,
    `temp`,
    `pulse_rate`,
    `spo2`,
    `systolic`,
    `diastolic`,
    `Weight`,
    `height`,
    `bmi`,
    `date_time`,
    `resp_rate`,
    `session_id`
  )
VALUES
  (
    16,
    '19/2507/GOH',
    '25 years',
    'F',
    36.4,
    66,
    17,
    120,
    89,
    NULL,
    NULL,
    NULL,
    '2025-08-12 16:12:39',
    NULL,
    NULL
  );
INSERT INTO
  `vitals` (
    `id`,
    `pt_id`,
    `age`,
    `gender`,
    `temp`,
    `pulse_rate`,
    `spo2`,
    `systolic`,
    `diastolic`,
    `Weight`,
    `height`,
    `bmi`,
    `date_time`,
    `resp_rate`,
    `session_id`
  )
VALUES
  (
    17,
    '7/2505/GOH',
    '33',
    'M',
    37.9,
    89,
    22,
    150,
    100,
    89,
    188,
    25,
    '2025-08-12 16:30:37',
    NULL,
    NULL
  );
INSERT INTO
  `vitals` (
    `id`,
    `pt_id`,
    `age`,
    `gender`,
    `temp`,
    `pulse_rate`,
    `spo2`,
    `systolic`,
    `diastolic`,
    `Weight`,
    `height`,
    `bmi`,
    `date_time`,
    `resp_rate`,
    `session_id`
  )
VALUES
  (
    18,
    '11/2507/GOH',
    '16',
    'F',
    36.8,
    66,
    NULL,
    110,
    70,
    NULL,
    NULL,
    NULL,
    '2025-08-17 21:08:18',
    NULL,
    NULL
  );
INSERT INTO
  `vitals` (
    `id`,
    `pt_id`,
    `age`,
    `gender`,
    `temp`,
    `pulse_rate`,
    `spo2`,
    `systolic`,
    `diastolic`,
    `Weight`,
    `height`,
    `bmi`,
    `date_time`,
    `resp_rate`,
    `session_id`
  )
VALUES
  (
    19,
    '12/2507/GOH',
    '25',
    'M',
    36.8,
    NULL,
    NULL,
    110,
    80,
    NULL,
    NULL,
    NULL,
    '2025-08-22 01:51:20',
    NULL,
    NULL
  );
INSERT INTO
  `vitals` (
    `id`,
    `pt_id`,
    `age`,
    `gender`,
    `temp`,
    `pulse_rate`,
    `spo2`,
    `systolic`,
    `diastolic`,
    `Weight`,
    `height`,
    `bmi`,
    `date_time`,
    `resp_rate`,
    `session_id`
  )
VALUES
  (
    20,
    '12/2507/GOH',
    '25',
    'M',
    36.8,
    68,
    97,
    115,
    75,
    NULL,
    NULL,
    NULL,
    '2025-08-22 02:03:17',
    NULL,
    NULL
  );
INSERT INTO
  `vitals` (
    `id`,
    `pt_id`,
    `age`,
    `gender`,
    `temp`,
    `pulse_rate`,
    `spo2`,
    `systolic`,
    `diastolic`,
    `Weight`,
    `height`,
    `bmi`,
    `date_time`,
    `resp_rate`,
    `session_id`
  )
VALUES
  (
    21,
    '12/2507/GOH',
    '25',
    'M',
    37.8,
    64,
    98,
    140,
    89,
    78,
    146,
    37,
    '2025-08-22 07:26:08',
    NULL,
    NULL
  );
INSERT INTO
  `vitals` (
    `id`,
    `pt_id`,
    `age`,
    `gender`,
    `temp`,
    `pulse_rate`,
    `spo2`,
    `systolic`,
    `diastolic`,
    `Weight`,
    `height`,
    `bmi`,
    `date_time`,
    `resp_rate`,
    `session_id`
  )
VALUES
  (
    22,
    '19/2507/GOH',
    '25 years',
    'F',
    38.8,
    66,
    94,
    145,
    89,
    NULL,
    NULL,
    NULL,
    '2025-08-28 07:15:45',
    NULL,
    NULL
  );
INSERT INTO
  `vitals` (
    `id`,
    `pt_id`,
    `age`,
    `gender`,
    `temp`,
    `pulse_rate`,
    `spo2`,
    `systolic`,
    `diastolic`,
    `Weight`,
    `height`,
    `bmi`,
    `date_time`,
    `resp_rate`,
    `session_id`
  )
VALUES
  (
    23,
    '21/2508/GOH',
    '40 years',
    'M',
    37.9,
    86,
    90,
    170,
    110,
    NULL,
    NULL,
    NULL,
    '2025-08-28 07:34:12',
    NULL,
    NULL
  );
INSERT INTO
  `vitals` (
    `id`,
    `pt_id`,
    `age`,
    `gender`,
    `temp`,
    `pulse_rate`,
    `spo2`,
    `systolic`,
    `diastolic`,
    `Weight`,
    `height`,
    `bmi`,
    `date_time`,
    `resp_rate`,
    `session_id`
  )
VALUES
  (
    24,
    '11/2507/GOH',
    '16',
    'F',
    38.5,
    88,
    NULL,
    140,
    91,
    NULL,
    NULL,
    NULL,
    '2025-08-28 09:37:19',
    NULL,
    NULL
  );
INSERT INTO
  `vitals` (
    `id`,
    `pt_id`,
    `age`,
    `gender`,
    `temp`,
    `pulse_rate`,
    `spo2`,
    `systolic`,
    `diastolic`,
    `Weight`,
    `height`,
    `bmi`,
    `date_time`,
    `resp_rate`,
    `session_id`
  )
VALUES
  (
    25,
    '21/2508/GOH',
    '40 years',
    'M',
    37.1,
    82,
    NULL,
    165,
    105,
    NULL,
    NULL,
    NULL,
    '2025-08-28 10:46:48',
    NULL,
    NULL
  );
INSERT INTO
  `vitals` (
    `id`,
    `pt_id`,
    `age`,
    `gender`,
    `temp`,
    `pulse_rate`,
    `spo2`,
    `systolic`,
    `diastolic`,
    `Weight`,
    `height`,
    `bmi`,
    `date_time`,
    `resp_rate`,
    `session_id`
  )
VALUES
  (
    26,
    '18/2507/GOH',
    '22 years',
    'M',
    37.4,
    67,
    96,
    145,
    88,
    NULL,
    NULL,
    NULL,
    '2025-08-29 12:07:40',
    NULL,
    NULL
  );
INSERT INTO
  `vitals` (
    `id`,
    `pt_id`,
    `age`,
    `gender`,
    `temp`,
    `pulse_rate`,
    `spo2`,
    `systolic`,
    `diastolic`,
    `Weight`,
    `height`,
    `bmi`,
    `date_time`,
    `resp_rate`,
    `session_id`
  )
VALUES
  (
    27,
    '21/2508/GOH',
    '40 years',
    'M',
    36.7,
    84,
    98,
    155,
    100,
    NULL,
    NULL,
    NULL,
    '2025-08-29 12:53:03',
    NULL,
    NULL
  );
INSERT INTO
  `vitals` (
    `id`,
    `pt_id`,
    `age`,
    `gender`,
    `temp`,
    `pulse_rate`,
    `spo2`,
    `systolic`,
    `diastolic`,
    `Weight`,
    `height`,
    `bmi`,
    `date_time`,
    `resp_rate`,
    `session_id`
  )
VALUES
  (
    28,
    '21/2508/GOH',
    '40 years',
    'M',
    36.4,
    78,
    96,
    145,
    98,
    NULL,
    NULL,
    NULL,
    '2025-08-29 13:20:45',
    NULL,
    NULL
  );
INSERT INTO
  `vitals` (
    `id`,
    `pt_id`,
    `age`,
    `gender`,
    `temp`,
    `pulse_rate`,
    `spo2`,
    `systolic`,
    `diastolic`,
    `Weight`,
    `height`,
    `bmi`,
    `date_time`,
    `resp_rate`,
    `session_id`
  )
VALUES
  (
    29,
    '21/2508/GOH',
    '40 years',
    'M',
    36.7,
    78,
    97,
    139,
    98,
    NULL,
    NULL,
    NULL,
    '2025-08-29 13:50:44',
    NULL,
    NULL
  );
INSERT INTO
  `vitals` (
    `id`,
    `pt_id`,
    `age`,
    `gender`,
    `temp`,
    `pulse_rate`,
    `spo2`,
    `systolic`,
    `diastolic`,
    `Weight`,
    `height`,
    `bmi`,
    `date_time`,
    `resp_rate`,
    `session_id`
  )
VALUES
  (
    30,
    '19/2507/GOH',
    '25 years',
    'F',
    37.4,
    68,
    98,
    120,
    80,
    NULL,
    NULL,
    NULL,
    '2025-08-29 16:27:32',
    NULL,
    NULL
  );
INSERT INTO
  `vitals` (
    `id`,
    `pt_id`,
    `age`,
    `gender`,
    `temp`,
    `pulse_rate`,
    `spo2`,
    `systolic`,
    `diastolic`,
    `Weight`,
    `height`,
    `bmi`,
    `date_time`,
    `resp_rate`,
    `session_id`
  )
VALUES
  (
    31,
    '21/2508/GOH',
    '40 years',
    'M',
    37.4,
    68,
    98,
    150,
    95,
    80,
    179,
    25,
    '2025-08-30 04:36:10',
    NULL,
    NULL
  );
INSERT INTO
  `vitals` (
    `id`,
    `pt_id`,
    `age`,
    `gender`,
    `temp`,
    `pulse_rate`,
    `spo2`,
    `systolic`,
    `diastolic`,
    `Weight`,
    `height`,
    `bmi`,
    `date_time`,
    `resp_rate`,
    `session_id`
  )
VALUES
  (
    32,
    '21/2508/GOH',
    '40 years',
    'M',
    37.4,
    68,
    98,
    150,
    95,
    80,
    179,
    25,
    '2025-08-30 04:41:50',
    NULL,
    NULL
  );
INSERT INTO
  `vitals` (
    `id`,
    `pt_id`,
    `age`,
    `gender`,
    `temp`,
    `pulse_rate`,
    `spo2`,
    `systolic`,
    `diastolic`,
    `Weight`,
    `height`,
    `bmi`,
    `date_time`,
    `resp_rate`,
    `session_id`
  )
VALUES
  (
    33,
    '19/2507/GOH',
    '25 years',
    'F',
    37.6,
    68,
    98,
    145,
    90,
    NULL,
    NULL,
    NULL,
    '2025-08-31 11:59:15',
    NULL,
    NULL
  );
INSERT INTO
  `vitals` (
    `id`,
    `pt_id`,
    `age`,
    `gender`,
    `temp`,
    `pulse_rate`,
    `spo2`,
    `systolic`,
    `diastolic`,
    `Weight`,
    `height`,
    `bmi`,
    `date_time`,
    `resp_rate`,
    `session_id`
  )
VALUES
  (
    34,
    '21/2508/GOH',
    '40 years',
    'M',
    36.9,
    78,
    99,
    135,
    89,
    NULL,
    NULL,
    NULL,
    '2025-09-01 10:16:33',
    NULL,
    NULL
  );
INSERT INTO
  `vitals` (
    `id`,
    `pt_id`,
    `age`,
    `gender`,
    `temp`,
    `pulse_rate`,
    `spo2`,
    `systolic`,
    `diastolic`,
    `Weight`,
    `height`,
    `bmi`,
    `date_time`,
    `resp_rate`,
    `session_id`
  )
VALUES
  (
    35,
    '22/2508/GOH',
    '42 years',
    'M',
    36.4,
    68,
    98,
    138,
    88,
    NULL,
    NULL,
    NULL,
    '2025-09-06 15:07:55',
    NULL,
    NULL
  );
INSERT INTO
  `vitals` (
    `id`,
    `pt_id`,
    `age`,
    `gender`,
    `temp`,
    `pulse_rate`,
    `spo2`,
    `systolic`,
    `diastolic`,
    `Weight`,
    `height`,
    `bmi`,
    `date_time`,
    `resp_rate`,
    `session_id`
  )
VALUES
  (
    36,
    '21/2508/GOH',
    '40 years',
    'M',
    38.2,
    120,
    96,
    180,
    110,
    82,
    120,
    57,
    '2025-09-13 11:57:11',
    NULL,
    NULL
  );
INSERT INTO
  `vitals` (
    `id`,
    `pt_id`,
    `age`,
    `gender`,
    `temp`,
    `pulse_rate`,
    `spo2`,
    `systolic`,
    `diastolic`,
    `Weight`,
    `height`,
    `bmi`,
    `date_time`,
    `resp_rate`,
    `session_id`
  )
VALUES
  (
    37,
    '22/2508/GOH',
    '42 years',
    'M',
    37.8,
    68,
    98,
    145,
    80,
    NULL,
    NULL,
    NULL,
    '2025-09-14 08:51:43',
    NULL,
    NULL
  );
INSERT INTO
  `vitals` (
    `id`,
    `pt_id`,
    `age`,
    `gender`,
    `temp`,
    `pulse_rate`,
    `spo2`,
    `systolic`,
    `diastolic`,
    `Weight`,
    `height`,
    `bmi`,
    `date_time`,
    `resp_rate`,
    `session_id`
  )
VALUES
  (
    38,
    '21/2508/GOH',
    '40 years',
    'M',
    NULL,
    NULL,
    NULL,
    NULL,
    NULL,
    NULL,
    NULL,
    NULL,
    '2025-09-20 09:30:03',
    NULL,
    NULL
  );
INSERT INTO
  `vitals` (
    `id`,
    `pt_id`,
    `age`,
    `gender`,
    `temp`,
    `pulse_rate`,
    `spo2`,
    `systolic`,
    `diastolic`,
    `Weight`,
    `height`,
    `bmi`,
    `date_time`,
    `resp_rate`,
    `session_id`
  )
VALUES
  (
    39,
    '22/2508/GOH',
    '42 years',
    'M',
    35.6,
    78,
    19,
    140,
    85,
    NULL,
    NULL,
    NULL,
    '2025-09-20 10:31:01',
    98,
    NULL
  );
INSERT INTO
  `vitals` (
    `id`,
    `pt_id`,
    `age`,
    `gender`,
    `temp`,
    `pulse_rate`,
    `spo2`,
    `systolic`,
    `diastolic`,
    `Weight`,
    `height`,
    `bmi`,
    `date_time`,
    `resp_rate`,
    `session_id`
  )
VALUES
  (
    40,
    '22/2508/GOH',
    '42 years',
    'M',
    37.8,
    68,
    16,
    140,
    89,
    NULL,
    NULL,
    NULL,
    '2025-09-23 14:43:51',
    98,
    NULL
  );
INSERT INTO
  `vitals` (
    `id`,
    `pt_id`,
    `age`,
    `gender`,
    `temp`,
    `pulse_rate`,
    `spo2`,
    `systolic`,
    `diastolic`,
    `Weight`,
    `height`,
    `bmi`,
    `date_time`,
    `resp_rate`,
    `session_id`
  )
VALUES
  (
    41,
    '18/2507/GOH',
    '22 years',
    'M',
    34.6,
    69,
    92,
    130,
    70,
    NULL,
    NULL,
    NULL,
    '2025-09-26 07:16:37',
    18,
    NULL
  );
INSERT INTO
  `vitals` (
    `id`,
    `pt_id`,
    `age`,
    `gender`,
    `temp`,
    `pulse_rate`,
    `spo2`,
    `systolic`,
    `diastolic`,
    `Weight`,
    `height`,
    `bmi`,
    `date_time`,
    `resp_rate`,
    `session_id`
  )
VALUES
  (
    42,
    '22/2508/GOH',
    '42 years',
    'M',
    35.7,
    67,
    98,
    132,
    88,
    74,
    167,
    27,
    '2025-10-02 13:45:13',
    18,
    NULL
  );
INSERT INTO
  `vitals` (
    `id`,
    `pt_id`,
    `age`,
    `gender`,
    `temp`,
    `pulse_rate`,
    `spo2`,
    `systolic`,
    `diastolic`,
    `Weight`,
    `height`,
    `bmi`,
    `date_time`,
    `resp_rate`,
    `session_id`
  )
VALUES
  (
    43,
    '7/2505/GOH',
    '33',
    'M',
    38.7,
    66,
    98,
    125,
    70,
    75,
    175,
    24,
    '2025-10-03 09:54:57',
    18,
    NULL
  );
INSERT INTO
  `vitals` (
    `id`,
    `pt_id`,
    `age`,
    `gender`,
    `temp`,
    `pulse_rate`,
    `spo2`,
    `systolic`,
    `diastolic`,
    `Weight`,
    `height`,
    `bmi`,
    `date_time`,
    `resp_rate`,
    `session_id`
  )
VALUES
  (
    44,
    '6/2504/GOH',
    '44',
    'M',
    36.5,
    72,
    99,
    138,
    84,
    76,
    174,
    25,
    '2025-10-03 09:56:28',
    18,
    NULL
  );
INSERT INTO
  `vitals` (
    `id`,
    `pt_id`,
    `age`,
    `gender`,
    `temp`,
    `pulse_rate`,
    `spo2`,
    `systolic`,
    `diastolic`,
    `Weight`,
    `height`,
    `bmi`,
    `date_time`,
    `resp_rate`,
    `session_id`
  )
VALUES
  (
    45,
    '9/2507/GOH',
    '16',
    'F',
    37.8,
    66,
    99,
    96,
    65,
    37,
    144,
    18,
    '2025-10-03 16:32:53',
    18,
    NULL
  );
INSERT INTO
  `vitals` (
    `id`,
    `pt_id`,
    `age`,
    `gender`,
    `temp`,
    `pulse_rate`,
    `spo2`,
    `systolic`,
    `diastolic`,
    `Weight`,
    `height`,
    `bmi`,
    `date_time`,
    `resp_rate`,
    `session_id`
  )
VALUES
  (
    46,
    '4/2504/GOH',
    '0',
    'F',
    37.9,
    84,
    96,
    160,
    90,
    54,
    156,
    22,
    '2025-10-04 07:07:10',
    21,
    NULL
  );
INSERT INTO
  `vitals` (
    `id`,
    `pt_id`,
    `age`,
    `gender`,
    `temp`,
    `pulse_rate`,
    `spo2`,
    `systolic`,
    `diastolic`,
    `Weight`,
    `height`,
    `bmi`,
    `date_time`,
    `resp_rate`,
    `session_id`
  )
VALUES
  (
    47,
    '12/2507/GOH',
    '25',
    'M',
    34.8,
    68,
    98,
    120,
    75,
    64,
    168,
    23,
    '2025-10-04 08:01:41',
    20,
    NULL
  );
INSERT INTO
  `vitals` (
    `id`,
    `pt_id`,
    `age`,
    `gender`,
    `temp`,
    `pulse_rate`,
    `spo2`,
    `systolic`,
    `diastolic`,
    `Weight`,
    `height`,
    `bmi`,
    `date_time`,
    `resp_rate`,
    `session_id`
  )
VALUES
  (
    48,
    '22/2508/GOH',
    '42 years',
    'M',
    37.7,
    78,
    98,
    120,
    80,
    44,
    147,
    20,
    '2025-10-23 16:35:50',
    18,
    NULL
  );
INSERT INTO
  `vitals` (
    `id`,
    `pt_id`,
    `age`,
    `gender`,
    `temp`,
    `pulse_rate`,
    `spo2`,
    `systolic`,
    `diastolic`,
    `Weight`,
    `height`,
    `bmi`,
    `date_time`,
    `resp_rate`,
    `session_id`
  )
VALUES
  (
    49,
    '22/2508/GOH',
    '42 years',
    'M',
    36.8,
    78,
    99,
    155,
    95,
    78,
    188,
    22,
    '2025-11-16 10:01:22',
    18,
    NULL
  );
INSERT INTO
  `vitals` (
    `id`,
    `pt_id`,
    `age`,
    `gender`,
    `temp`,
    `pulse_rate`,
    `spo2`,
    `systolic`,
    `diastolic`,
    `Weight`,
    `height`,
    `bmi`,
    `date_time`,
    `resp_rate`,
    `session_id`
  )
VALUES
  (
    50,
    '19/2507/GOH',
    '25 years',
    'F',
    36.6,
    68,
    98,
    120,
    80,
    NULL,
    NULL,
    NULL,
    '2025-11-16 10:27:13',
    18,
    NULL
  );
INSERT INTO
  `vitals` (
    `id`,
    `pt_id`,
    `age`,
    `gender`,
    `temp`,
    `pulse_rate`,
    `spo2`,
    `systolic`,
    `diastolic`,
    `Weight`,
    `height`,
    `bmi`,
    `date_time`,
    `resp_rate`,
    `session_id`
  )
VALUES
  (
    51,
    '21/2508/GOH',
    '40 years',
    'M',
    36.8,
    72,
    96,
    168,
    100,
    NULL,
    NULL,
    NULL,
    '2025-11-16 11:06:49',
    20,
    NULL
  );
INSERT INTO
  `vitals` (
    `id`,
    `pt_id`,
    `age`,
    `gender`,
    `temp`,
    `pulse_rate`,
    `spo2`,
    `systolic`,
    `diastolic`,
    `Weight`,
    `height`,
    `bmi`,
    `date_time`,
    `resp_rate`,
    `session_id`
  )
VALUES
  (
    52,
    '18/2507/GOH',
    '22 years',
    'M',
    37.1,
    68,
    98,
    120,
    70,
    75,
    169,
    26,
    '2025-11-24 09:23:09',
    18,
    NULL
  );
INSERT INTO
  `vitals` (
    `id`,
    `pt_id`,
    `age`,
    `gender`,
    `temp`,
    `pulse_rate`,
    `spo2`,
    `systolic`,
    `diastolic`,
    `Weight`,
    `height`,
    `bmi`,
    `date_time`,
    `resp_rate`,
    `session_id`
  )
VALUES
  (
    53,
    '12/2507/GOH',
    '25',
    'M',
    38.6,
    66,
    98,
    100,
    60,
    56,
    154,
    24,
    '2025-11-25 10:27:55',
    18,
    NULL
  );
INSERT INTO
  `vitals` (
    `id`,
    `pt_id`,
    `age`,
    `gender`,
    `temp`,
    `pulse_rate`,
    `spo2`,
    `systolic`,
    `diastolic`,
    `Weight`,
    `height`,
    `bmi`,
    `date_time`,
    `resp_rate`,
    `session_id`
  )
VALUES
  (
    54,
    '11/2507/GOH',
    '16',
    'F',
    37.9,
    62,
    98,
    100,
    60,
    36,
    144,
    17,
    '2025-11-25 22:21:27',
    18,
    NULL
  );
INSERT INTO
  `vitals` (
    `id`,
    `pt_id`,
    `age`,
    `gender`,
    `temp`,
    `pulse_rate`,
    `spo2`,
    `systolic`,
    `diastolic`,
    `Weight`,
    `height`,
    `bmi`,
    `date_time`,
    `resp_rate`,
    `session_id`
  )
VALUES
  (
    55,
    '23/2510/GOH',
    '75 years',
    'F',
    35.7,
    68,
    96,
    180,
    100,
    85,
    168,
    30,
    '2025-11-26 15:55:30',
    18,
    NULL
  );
INSERT INTO
  `vitals` (
    `id`,
    `pt_id`,
    `age`,
    `gender`,
    `temp`,
    `pulse_rate`,
    `spo2`,
    `systolic`,
    `diastolic`,
    `Weight`,
    `height`,
    `bmi`,
    `date_time`,
    `resp_rate`,
    `session_id`
  )
VALUES
  (
    56,
    '6/2504/GOH',
    '44',
    'M',
    37.8,
    88,
    94,
    159,
    100,
    NULL,
    NULL,
    NULL,
    '2025-12-08 16:56:03',
    20,
    NULL
  );
INSERT INTO
  `vitals` (
    `id`,
    `pt_id`,
    `age`,
    `gender`,
    `temp`,
    `pulse_rate`,
    `spo2`,
    `systolic`,
    `diastolic`,
    `Weight`,
    `height`,
    `bmi`,
    `date_time`,
    `resp_rate`,
    `session_id`
  )
VALUES
  (
    57,
    '6/2504/GOH',
    '44',
    'M',
    37.0,
    78,
    96,
    145,
    95,
    NULL,
    NULL,
    NULL,
    '2025-12-08 17:37:06',
    70,
    NULL
  );
INSERT INTO
  `vitals` (
    `id`,
    `pt_id`,
    `age`,
    `gender`,
    `temp`,
    `pulse_rate`,
    `spo2`,
    `systolic`,
    `diastolic`,
    `Weight`,
    `height`,
    `bmi`,
    `date_time`,
    `resp_rate`,
    `session_id`
  )
VALUES
  (
    58,
    '6/2504/GOH',
    '44',
    'M',
    36.8,
    78,
    98,
    145,
    90,
    NULL,
    NULL,
    NULL,
    '2025-12-08 17:50:35',
    18,
    NULL
  );
INSERT INTO
  `vitals` (
    `id`,
    `pt_id`,
    `age`,
    `gender`,
    `temp`,
    `pulse_rate`,
    `spo2`,
    `systolic`,
    `diastolic`,
    `Weight`,
    `height`,
    `bmi`,
    `date_time`,
    `resp_rate`,
    `session_id`
  )
VALUES
  (
    59,
    '6/2504/GOH',
    '44',
    'M',
    36.7,
    68,
    96,
    140,
    90,
    NULL,
    NULL,
    NULL,
    '2025-12-08 18:02:19',
    19,
    NULL
  );
INSERT INTO
  `vitals` (
    `id`,
    `pt_id`,
    `age`,
    `gender`,
    `temp`,
    `pulse_rate`,
    `spo2`,
    `systolic`,
    `diastolic`,
    `Weight`,
    `height`,
    `bmi`,
    `date_time`,
    `resp_rate`,
    `session_id`
  )
VALUES
  (
    60,
    '6/2504/GOH',
    '44',
    'M',
    36.6,
    77,
    96,
    145,
    96,
    NULL,
    NULL,
    NULL,
    '2025-12-08 18:26:10',
    18,
    NULL
  );
INSERT INTO
  `vitals` (
    `id`,
    `pt_id`,
    `age`,
    `gender`,
    `temp`,
    `pulse_rate`,
    `spo2`,
    `systolic`,
    `diastolic`,
    `Weight`,
    `height`,
    `bmi`,
    `date_time`,
    `resp_rate`,
    `session_id`
  )
VALUES
  (
    61,
    '6/2504/GOH',
    '44',
    'M',
    36.6,
    70,
    97,
    145,
    90,
    NULL,
    NULL,
    NULL,
    '2025-12-08 18:29:54',
    18,
    '2nxj7.1764059955039'
  );
INSERT INTO
  `vitals` (
    `id`,
    `pt_id`,
    `age`,
    `gender`,
    `temp`,
    `pulse_rate`,
    `spo2`,
    `systolic`,
    `diastolic`,
    `Weight`,
    `height`,
    `bmi`,
    `date_time`,
    `resp_rate`,
    `session_id`
  )
VALUES
  (
    62,
    '6/2504/GOH',
    '44',
    'M',
    36.8,
    67,
    99,
    140,
    88,
    NULL,
    NULL,
    NULL,
    '2025-12-08 18:34:20',
    19,
    '2nxj7.1764059955039'
  );
INSERT INTO
  `vitals` (
    `id`,
    `pt_id`,
    `age`,
    `gender`,
    `temp`,
    `pulse_rate`,
    `spo2`,
    `systolic`,
    `diastolic`,
    `Weight`,
    `height`,
    `bmi`,
    `date_time`,
    `resp_rate`,
    `session_id`
  )
VALUES
  (
    63,
    '6/2504/GOH',
    '44',
    'M',
    36.6,
    68,
    97,
    135,
    85,
    NULL,
    NULL,
    NULL,
    '2025-12-08 19:38:37',
    18,
    '2nxj7.1764059955039'
  );
INSERT INTO
  `vitals` (
    `id`,
    `pt_id`,
    `age`,
    `gender`,
    `temp`,
    `pulse_rate`,
    `spo2`,
    `systolic`,
    `diastolic`,
    `Weight`,
    `height`,
    `bmi`,
    `date_time`,
    `resp_rate`,
    `session_id`
  )
VALUES
  (
    64,
    '23/2510/GOH',
    '75 years',
    'F',
    38.7,
    67,
    96,
    120,
    80,
    55,
    145,
    26,
    '2025-12-24 16:16:08',
    18,
    NULL
  );
INSERT INTO
  `vitals` (
    `id`,
    `pt_id`,
    `age`,
    `gender`,
    `temp`,
    `pulse_rate`,
    `spo2`,
    `systolic`,
    `diastolic`,
    `Weight`,
    `height`,
    `bmi`,
    `date_time`,
    `resp_rate`,
    `session_id`
  )
VALUES
  (
    65,
    '23/2510/GOH',
    '75 years',
    'F',
    36.7,
    88,
    98,
    145,
    96,
    55,
    153,
    23,
    '2025-12-25 08:07:42',
    18,
    NULL
  );
INSERT INTO
  `vitals` (
    `id`,
    `pt_id`,
    `age`,
    `gender`,
    `temp`,
    `pulse_rate`,
    `spo2`,
    `systolic`,
    `diastolic`,
    `Weight`,
    `height`,
    `bmi`,
    `date_time`,
    `resp_rate`,
    `session_id`
  )
VALUES
  (
    66,
    '13/2507/GOH',
    '2',
    'M',
    36.5,
    NULL,
    NULL,
    NULL,
    NULL,
    NULL,
    NULL,
    NULL,
    '2025-12-25 19:53:13',
    NULL,
    NULL
  );
INSERT INTO
  `vitals` (
    `id`,
    `pt_id`,
    `age`,
    `gender`,
    `temp`,
    `pulse_rate`,
    `spo2`,
    `systolic`,
    `diastolic`,
    `Weight`,
    `height`,
    `bmi`,
    `date_time`,
    `resp_rate`,
    `session_id`
  )
VALUES
  (
    67,
    '22/2508/GOH',
    '42 years',
    'M',
    36.5,
    69,
    95,
    120,
    75,
    70,
    170,
    24,
    '2025-12-26 08:58:06',
    18,
    NULL
  );
INSERT INTO
  `vitals` (
    `id`,
    `pt_id`,
    `age`,
    `gender`,
    `temp`,
    `pulse_rate`,
    `spo2`,
    `systolic`,
    `diastolic`,
    `Weight`,
    `height`,
    `bmi`,
    `date_time`,
    `resp_rate`,
    `session_id`
  )
VALUES
  (
    68,
    '21/2508/GOH',
    '40 years',
    'M',
    36.5,
    67,
    98,
    139,
    89,
    NULL,
    NULL,
    NULL,
    '2025-12-26 12:02:18',
    18,
    NULL
  );
INSERT INTO
  `vitals` (
    `id`,
    `pt_id`,
    `age`,
    `gender`,
    `temp`,
    `pulse_rate`,
    `spo2`,
    `systolic`,
    `diastolic`,
    `Weight`,
    `height`,
    `bmi`,
    `date_time`,
    `resp_rate`,
    `session_id`
  )
VALUES
  (
    69,
    '24/2512/GOH',
    '37 years',
    'F',
    37.8,
    78,
    98,
    110,
    75,
    66,
    165,
    24,
    '2025-12-26 22:13:22',
    18,
    NULL
  );
INSERT INTO
  `vitals` (
    `id`,
    `pt_id`,
    `age`,
    `gender`,
    `temp`,
    `pulse_rate`,
    `spo2`,
    `systolic`,
    `diastolic`,
    `Weight`,
    `height`,
    `bmi`,
    `date_time`,
    `resp_rate`,
    `session_id`
  )
VALUES
  (
    70,
    '7/2505/GOH',
    '33',
    'M',
    37.9,
    68,
    98,
    120,
    70,
    68,
    166,
    25,
    '2026-01-04 17:54:31',
    18,
    NULL
  );
INSERT INTO
  `vitals` (
    `id`,
    `pt_id`,
    `age`,
    `gender`,
    `temp`,
    `pulse_rate`,
    `spo2`,
    `systolic`,
    `diastolic`,
    `Weight`,
    `height`,
    `bmi`,
    `date_time`,
    `resp_rate`,
    `session_id`
  )
VALUES
  (
    71,
    '26/2601/GOH',
    '37 years',
    'F',
    38.6,
    68,
    99,
    120,
    80,
    78,
    170,
    27,
    '2026-01-05 18:28:02',
    18,
    NULL
  );

# ------------------------------------------------------------
# DATA DUMP FOR TABLE: wallet_transactions
# ------------------------------------------------------------


# ------------------------------------------------------------
# DATA DUMP FOR TABLE: wallets
# ------------------------------------------------------------


# ------------------------------------------------------------
# TRIGGER DUMP FOR: consultation_queue_monthly
# ------------------------------------------------------------

DROP TRIGGER IF EXISTS consultation_queue_monthly;
DELIMITER ;;
CREATE TRIGGER consultation_queue_monthly 
    AFTER UPDATE ON consultation_queue 
    FOR EACH ROW 
    BEGIN
      DECLARE current_month VARCHAR(7);
      
      -- Only count when status changes from 'waiting' to 'attended'
      IF OLD.status = 'waiting' AND NEW.status = 'attended' THEN
        SET current_month = LOWER(DATE_FORMAT(NOW(), '%b'));

        CASE
          WHEN current_month = 'jan' THEN
            UPDATE monthly_table_counters SET jan = jan + 1 WHERE table_name = 'consultations';
          WHEN current_month = 'feb' THEN
            UPDATE monthly_table_counters SET feb = feb + 1 WHERE table_name = 'consultations';
          WHEN current_month = 'mar' THEN
            UPDATE monthly_table_counters SET mar = mar + 1 WHERE table_name = 'consultations';
          WHEN current_month = 'apr' THEN
            UPDATE monthly_table_counters SET apr = apr + 1 WHERE table_name = 'consultations';
          WHEN current_month = 'may' THEN
            UPDATE monthly_table_counters SET may = may + 1 WHERE table_name = 'consultations';
          WHEN current_month = 'jun' THEN
            UPDATE monthly_table_counters SET jun = jun + 1 WHERE table_name = 'consultations';
          WHEN current_month = 'jul' THEN
            UPDATE monthly_table_counters SET jul = jul + 1 WHERE table_name = 'consultations';
          WHEN current_month = 'aug' THEN
            UPDATE monthly_table_counters SET aug = aug + 1 WHERE table_name = 'consultations';
          WHEN current_month = 'sep' THEN
            UPDATE monthly_table_counters SET sep = sep + 1 WHERE table_name = 'consultations';
          WHEN current_month = 'oct' THEN
            UPDATE monthly_table_counters SET oct = oct + 1 WHERE table_name = 'consultations';
          WHEN current_month = 'nov' THEN
            UPDATE monthly_table_counters SET nov = nov + 1 WHERE table_name = 'consultations';
          WHEN current_month = 'dec' THEN
            UPDATE monthly_table_counters SET decem = decem + 1 WHERE table_name = 'consultations';
        END CASE;
      END IF;
    END;;
DELIMITER ;

# ------------------------------------------------------------
# TRIGGER DUMP FOR: consultation_queue_counter
# ------------------------------------------------------------

DROP TRIGGER IF EXISTS consultation_queue_counter;
DELIMITER ;;
CREATE TRIGGER consultation_queue_counter 
    AFTER UPDATE ON consultation_queue 
    FOR EACH ROW 
    BEGIN
      DECLARE current_month VARCHAR(7);
      
      -- Only count when status changes from 'waiting' to 'attended'
      IF OLD.status = 'waiting' AND NEW.status = 'attended' THEN
        SET current_month = DATE_FORMAT(NOW(), '%Y-%m');

        IF EXISTS (
          SELECT 1
          FROM counters
          WHERE table_name = 'consultations' AND month_year = current_month
        ) THEN
          UPDATE counters
          SET total_count = total_count + 1
          WHERE table_name = 'consultations' AND month_year = current_month;
        ELSE
          INSERT INTO counters (table_name, month_year, total_count)
          VALUES ('consultations', current_month, 1);
        END IF;
      END IF;
    END;;
DELIMITER ;

# ------------------------------------------------------------
# TRIGGER DUMP FOR: PT_after_insert
# ------------------------------------------------------------

DROP TRIGGER IF EXISTS PT_after_insert;
DELIMITER ;;
CREATE TRIGGER PT_after_insert 
AFTER INSERT ON patients 
FOR EACH ROW 
BEGIN
    DECLARE current_month VARCHAR(7);
    
    SET current_month = LOWER(DATE_FORMAT(NOW(), '%b'));

    CASE
        WHEN current_month = 'jan' THEN
            UPDATE monthly_table_counters SET jan = jan + 1 WHERE table_name = 'patients';
        WHEN current_month = 'feb' THEN
            UPDATE monthly_table_counters SET feb = feb + 1 WHERE table_name = 'patients';
        WHEN current_month = 'mar' THEN
            UPDATE monthly_table_counters SET mar = mar + 1 WHERE table_name = 'patients';
        WHEN current_month = 'apr' THEN
            UPDATE monthly_table_counters SET apr = apr + 1 WHERE table_name = 'patients';
        WHEN current_month = 'may' THEN
            UPDATE monthly_table_counters SET may = may + 1 WHERE table_name = 'patients';
        WHEN current_month = 'jun' THEN
            UPDATE monthly_table_counters SET jun = jun + 1 WHERE table_name = 'patients';
        WHEN current_month = 'jul' THEN
            UPDATE monthly_table_counters SET jul = jul + 1 WHERE table_name = 'patients';
        WHEN current_month = 'aug' THEN
            UPDATE monthly_table_counters SET aug = aug + 1 WHERE table_name = 'patients';
        WHEN current_month = 'sep' THEN
            UPDATE monthly_table_counters SET sep = sep + 1 WHERE table_name = 'patients';
        WHEN current_month = 'oct' THEN
            UPDATE monthly_table_counters SET oct = oct + 1 WHERE table_name = 'patients';
        WHEN current_month = 'nov' THEN
            UPDATE monthly_table_counters SET nov = nov + 1 WHERE table_name = 'patients';
        WHEN current_month = 'dec' THEN
            UPDATE monthly_table_counters SET decem = decem + 1 WHERE table_name = 'patients';
    END CASE;
END;;
DELIMITER ;

# ------------------------------------------------------------
# TRIGGER DUMP FOR: pt_counter
# ------------------------------------------------------------

DROP TRIGGER IF EXISTS pt_counter;
DELIMITER ;;
CREATE TRIGGER pt_counter 
AFTER INSERT ON patients 
FOR EACH ROW 
BEGIN
    DECLARE current_month VARCHAR(7);
    
    SET current_month = DATE_FORMAT(NOW(), '%Y-%m');

    IF EXISTS (
        SELECT 1
        FROM counters
        WHERE table_name = 'patients' AND month_year = current_month
    ) THEN
        UPDATE counters
        SET total_count = total_count + 1
        WHERE table_name = 'patients' AND month_year = current_month;
    ELSE
        INSERT INTO counters (table_name, month_year, total_count)
        VALUES ('patients', current_month, 1);
    END IF;
END;;
DELIMITER ;

# ------------------------------------------------------------
# TRIGGER DUMP FOR: tx_after_insert
# ------------------------------------------------------------

DROP TRIGGER IF EXISTS tx_after_insert;
DELIMITER ;;
CREATE TRIGGER tx_after_insert 
AFTER INSERT ON tx 
FOR EACH ROW 
BEGIN
    DECLARE current_month VARCHAR(7);
    
    SET current_month = LOWER(DATE_FORMAT(NOW(), '%b'));

    CASE
        WHEN current_month = 'jan' THEN
            UPDATE monthly_table_counters SET jan = jan + 1 WHERE table_name = 'tx';
        WHEN current_month = 'feb' THEN
            UPDATE monthly_table_counters SET feb = feb + 1 WHERE table_name = 'tx';
        WHEN current_month = 'mar' THEN
            UPDATE monthly_table_counters SET mar = mar + 1 WHERE table_name = 'tx';
        WHEN current_month = 'apr' THEN
            UPDATE monthly_table_counters SET apr = apr + 1 WHERE table_name = 'tx';
        WHEN current_month = 'may' THEN
            UPDATE monthly_table_counters SET may = may + 1 WHERE table_name = 'tx';
        WHEN current_month = 'jun' THEN
            UPDATE monthly_table_counters SET jun = jun + 1 WHERE table_name = 'tx';
        WHEN current_month = 'jul' THEN
            UPDATE monthly_table_counters SET jul = jul + 1 WHERE table_name = 'tx';
        WHEN current_month = 'aug' THEN
            UPDATE monthly_table_counters SET aug = aug + 1 WHERE table_name = 'tx';
        WHEN current_month = 'sep' THEN
            UPDATE monthly_table_counters SET sep = sep + 1 WHERE table_name = 'tx';
        WHEN current_month = 'oct' THEN
            UPDATE monthly_table_counters SET oct = oct + 1 WHERE table_name = 'tx';
        WHEN current_month = 'nov' THEN
            UPDATE monthly_table_counters SET nov = nov + 1 WHERE table_name = 'tx';
        WHEN current_month = 'dec' THEN
            UPDATE monthly_table_counters SET decem = decem + 1 WHERE table_name = 'tx';
    END CASE;
END;;
DELIMITER ;

# ------------------------------------------------------------
# TRIGGER DUMP FOR: tx_counter
# ------------------------------------------------------------

DROP TRIGGER IF EXISTS tx_counter;
DELIMITER ;;
CREATE TRIGGER tx_counter 
AFTER INSERT ON tx 
FOR EACH ROW 
BEGIN
    DECLARE current_month VARCHAR(7);
    
    SET current_month = DATE_FORMAT(NOW(), '%Y-%m');

    IF EXISTS (
        SELECT 1
        FROM counters
        WHERE table_name = 'tx' AND month_year = current_month
    ) THEN
        UPDATE counters
        SET total_count = total_count + 1
        WHERE table_name = 'tx' AND month_year = current_month;
    ELSE
        INSERT INTO counters (table_name, month_year, total_count)
        VALUES ('tx', current_month, 1);
    END IF;
END;;
DELIMITER ;

