INSERT INTO
  `inventories` (
    `id`,
    `item_name`,
    `unit_quantities`,
    `store_quantities`,
    `cp_pu`,
    `sp_pu`,
    `item_type`,
    `item_class`,
    `low_stock_threshold`,
    `branch_id`,
    `updated_by`,
    `date_time`,
    `last_restock_quantity`,
    `revision`,
    `origin_device_id`,
    `deleted_at`,
    `sync_status`,
    `last_modified`
  )
VALUES
  (
    616,
    'ENCEPHABOL SYR 120MLS',
    0,
    0,
    0.00,
    0.00,
    'syrup_drug',
    'General Drug',
    10,
    1,
    'system',
    '2025-07-07 09:59:21',
    0,
    1,
    NULL,
    NULL,
    0,
    '2025-11-08 13:38:48'
  );
INSERT INTO
  `inventories` (
    `id`,
    `item_name`,
    `unit_quantities`,
    `store_quantities`,
    `cp_pu`,
    `sp_pu`,
    `item_type`,
    `item_class`,
    `low_stock_threshold`,
    `branch_id`,
    `updated_by`,
    `date_time`,
    `last_restock_quantity`,
    `revision`,
    `origin_device_id`,
    `deleted_at`,
    `sync_status`,
    `last_modified`
  )
VALUES
  (
    617,
    'ENCEPHABOL SYR 200MLS',
    0,
    0,
    0.00,
    0.00,
    'syrup_drug',
    'General Drug',
    10,
    1,
    'system',
    '2025-07-07 09:59:21',
    0,
    1,
    NULL,
    NULL,
    0,
    '2025-11-08 13:38:48'
  );
INSERT INTO
  `inventories` (
    `id`,
    `item_name`,
    `unit_quantities`,
    `store_quantities`,
    `cp_pu`,
    `sp_pu`,
    `item_type`,
    `item_class`,
    `low_stock_threshold`,
    `branch_id`,
    `updated_by`,
    `date_time`,
    `last_restock_quantity`,
    `revision`,
    `origin_device_id`,
    `deleted_at`,
    `sync_status`,
    `last_modified`
  )
VALUES
  (
    618,
    'ENCEPHABOL TAB',
    0,
    0,
    0.00,
    0.00,
    'card_drug',
    'General Drug',
    10,
    1,
    'system',
    '2025-07-07 09:59:21',
    0,
    1,
    NULL,
    NULL,
    0,
    '2025-11-08 13:38:48'
  );
INSERT INTO
  `inventories` (
    `id`,
    `item_name`,
    `unit_quantities`,
    `store_quantities`,
    `cp_pu`,
    `sp_pu`,
    `item_type`,
    `item_class`,
    `low_stock_threshold`,
    `branch_id`,
    `updated_by`,
    `date_time`,
    `last_restock_quantity`,
    `revision`,
    `origin_device_id`,
    `deleted_at`,
    `sync_status`,
    `last_modified`
  )
VALUES
  (
    619,
    'ENDIX G CREAM',
    0,
    0,
    0.00,
    0.00,
    'gel_cream',
    'antifungi cream',
    10,
    1,
    'system',
    '2025-07-07 09:59:21',
    0,
    1,
    NULL,
    NULL,
    0,
    '2025-11-08 13:38:48'
  );
INSERT INTO
  `inventories` (
    `id`,
    `item_name`,
    `unit_quantities`,
    `store_quantities`,
    `cp_pu`,
    `sp_pu`,
    `item_type`,
    `item_class`,
    `low_stock_threshold`,
    `branch_id`,
    `updated_by`,
    `date_time`,
    `last_restock_quantity`,
    `revision`,
    `origin_device_id`,
    `deleted_at`,
    `sync_status`,
    `last_modified`
  )
VALUES
  (
    620,
    'ENHANCIN 375MG TAB',
    0,
    0,
    0.00,
    0.00,
    'card_drug',
    'antibiotics',
    10,
    1,
    'system',
    '2025-07-07 09:59:21',
    0,
    1,
    NULL,
    NULL,
    0,
    '2025-11-08 13:38:48'
  );
INSERT INTO
  `inventories` (
    `id`,
    `item_name`,
    `unit_quantities`,
    `store_quantities`,
    `cp_pu`,
    `sp_pu`,
    `item_type`,
    `item_class`,
    `low_stock_threshold`,
    `branch_id`,
    `updated_by`,
    `date_time`,
    `last_restock_quantity`,
    `revision`,
    `origin_device_id`,
    `deleted_at`,
    `sync_status`,
    `last_modified`
  )
VALUES
  (
    621,
    'ENHANCIN 625MG TAB',
    0,
    0,
    0.00,
    0.00,
    'card_drug',
    'antibiotics',
    10,
    1,
    'system',
    '2025-07-07 09:59:21',
    0,
    1,
    NULL,
    NULL,
    0,
    '2025-11-08 13:38:48'
  );
INSERT INTO
  `inventories` (
    `id`,
    `item_name`,
    `unit_quantities`,
    `store_quantities`,
    `cp_pu`,
    `sp_pu`,
    `item_type`,
    `item_class`,
    `low_stock_threshold`,
    `branch_id`,
    `updated_by`,
    `date_time`,
    `last_restock_quantity`,
    `revision`,
    `origin_device_id`,
    `deleted_at`,
    `sync_status`,
    `last_modified`
  )
VALUES
  (
    622,
    'ENZOR MENINGITIS VACCINE',
    0,
    0,
    0.00,
    0.00,
    'injection',
    'General Drug',
    10,
    1,
    'system',
    '2025-07-07 09:59:21',
    0,
    1,
    NULL,
    NULL,
    0,
    '2025-11-08 13:38:48'
  );
INSERT INTO
  `inventories` (
    `id`,
    `item_name`,
    `unit_quantities`,
    `store_quantities`,
    `cp_pu`,
    `sp_pu`,
    `item_type`,
    `item_class`,
    `low_stock_threshold`,
    `branch_id`,
    `updated_by`,
    `date_time`,
    `last_restock_quantity`,
    `revision`,
    `origin_device_id`,
    `deleted_at`,
    `sync_status`,
    `last_modified`
  )
VALUES
  (
    623,
    'Epiderm cream',
    0,
    0,
    0.00,
    0.00,
    'gel_cream',
    'antifungi cream',
    10,
    1,
    'system',
    '2025-07-07 09:59:21',
    0,
    1,
    NULL,
    NULL,
    0,
    '2025-11-08 13:38:48'
  );
INSERT INTO
  `inventories` (
    `id`,
    `item_name`,
    `unit_quantities`,
    `store_quantities`,
    `cp_pu`,
    `sp_pu`,
    `item_type`,
    `item_class`,
    `low_stock_threshold`,
    `branch_id`,
    `updated_by`,
    `date_time`,
    `last_restock_quantity`,
    `revision`,
    `origin_device_id`,
    `deleted_at`,
    `sync_status`,
    `last_modified`
  )
VALUES
  (
    624,
    'EPILEM TAB 200MG (SODIUM VALPORATE)',
    0,
    0,
    0.00,
    0.00,
    'card_drug',
    'General Drug',
    10,
    1,
    'system',
    '2025-07-07 09:59:21',
    0,
    1,
    NULL,
    NULL,
    0,
    '2025-11-08 13:38:48'
  );
INSERT INTO
  `inventories` (
    `id`,
    `item_name`,
    `unit_quantities`,
    `store_quantities`,
    `cp_pu`,
    `sp_pu`,
    `item_type`,
    `item_class`,
    `low_stock_threshold`,
    `branch_id`,
    `updated_by`,
    `date_time`,
    `last_restock_quantity`,
    `revision`,
    `origin_device_id`,
    `deleted_at`,
    `sync_status`,
    `last_modified`
  )
VALUES
  (
    625,
    'ERGOT INJ',
    0,
    0,
    0.00,
    0.00,
    'injection',
    'General Drug',
    10,
    1,
    'system',
    '2025-07-07 09:59:21',
    0,
    1,
    NULL,
    NULL,
    0,
    '2025-11-08 13:38:48'
  );
INSERT INTO
  `inventories` (
    `id`,
    `item_name`,
    `unit_quantities`,
    `store_quantities`,
    `cp_pu`,
    `sp_pu`,
    `item_type`,
    `item_class`,
    `low_stock_threshold`,
    `branch_id`,
    `updated_by`,
    `date_time`,
    `last_restock_quantity`,
    `revision`,
    `origin_device_id`,
    `deleted_at`,
    `sync_status`,
    `last_modified`
  )
VALUES
  (
    626,
    'ERGOTAB',
    0,
    0,
    0.00,
    0.00,
    'card_drug',
    'General Drug',
    10,
    1,
    'system',
    '2025-07-07 09:59:21',
    0,
    1,
    NULL,
    NULL,
    0,
    '2025-11-08 13:38:48'
  );
INSERT INTO
  `inventories` (
    `id`,
    `item_name`,
    `unit_quantities`,
    `store_quantities`,
    `cp_pu`,
    `sp_pu`,
    `item_type`,
    `item_class`,
    `low_stock_threshold`,
    `branch_id`,
    `updated_by`,
    `date_time`,
    `last_restock_quantity`,
    `revision`,
    `origin_device_id`,
    `deleted_at`,
    `sync_status`,
    `last_modified`
  )
VALUES
  (
    627,
    'ERYTHROMYCIN 125MG/5ML SUSPENSION',
    0,
    0,
    0.00,
    0.00,
    'syrup_drug',
    'antibiotics',
    10,
    1,
    'system',
    '2025-07-07 09:59:21',
    0,
    1,
    NULL,
    NULL,
    0,
    '2025-11-08 13:38:48'
  );
INSERT INTO
  `inventories` (
    `id`,
    `item_name`,
    `unit_quantities`,
    `store_quantities`,
    `cp_pu`,
    `sp_pu`,
    `item_type`,
    `item_class`,
    `low_stock_threshold`,
    `branch_id`,
    `updated_by`,
    `date_time`,
    `last_restock_quantity`,
    `revision`,
    `origin_device_id`,
    `deleted_at`,
    `sync_status`,
    `last_modified`
  )
VALUES
  (
    628,
    'ERYTHROMYCIN 250MG TAB',
    0,
    0,
    0.00,
    0.00,
    'card_drug',
    'antibiotics',
    10,
    1,
    'system',
    '2025-07-07 09:59:21',
    0,
    1,
    NULL,
    NULL,
    0,
    '2025-11-08 13:38:48'
  );
INSERT INTO
  `inventories` (
    `id`,
    `item_name`,
    `unit_quantities`,
    `store_quantities`,
    `cp_pu`,
    `sp_pu`,
    `item_type`,
    `item_class`,
    `low_stock_threshold`,
    `branch_id`,
    `updated_by`,
    `date_time`,
    `last_restock_quantity`,
    `revision`,
    `origin_device_id`,
    `deleted_at`,
    `sync_status`,
    `last_modified`
  )
VALUES
  (
    629,
    'ERYTHROMYCIN 500MG TAB',
    0,
    0,
    0.00,
    0.00,
    'card_drug',
    'antibiotics',
    10,
    1,
    'system',
    '2025-07-07 09:59:21',
    0,
    1,
    NULL,
    NULL,
    0,
    '2025-11-08 13:38:48'
  );
INSERT INTO
  `inventories` (
    `id`,
    `item_name`,
    `unit_quantities`,
    `store_quantities`,
    `cp_pu`,
    `sp_pu`,
    `item_type`,
    `item_class`,
    `low_stock_threshold`,
    `branch_id`,
    `updated_by`,
    `date_time`,
    `last_restock_quantity`,
    `revision`,
    `origin_device_id`,
    `deleted_at`,
    `sync_status`,
    `last_modified`
  )
VALUES
  (
    630,
    'ERYTHROMYCIN CREAM 4% 30MG',
    0,
    0,
    0.00,
    0.00,
    'gel_cream',
    'antibiotics',
    10,
    1,
    'system',
    '2025-07-07 09:59:21',
    0,
    1,
    NULL,
    NULL,
    0,
    '2025-11-08 13:38:48'
  );
INSERT INTO
  `inventories` (
    `id`,
    `item_name`,
    `unit_quantities`,
    `store_quantities`,
    `cp_pu`,
    `sp_pu`,
    `item_type`,
    `item_class`,
    `low_stock_threshold`,
    `branch_id`,
    `updated_by`,
    `date_time`,
    `last_restock_quantity`,
    `revision`,
    `origin_device_id`,
    `deleted_at`,
    `sync_status`,
    `last_modified`
  )
VALUES
  (
    631,
    'Erythromycine syrup',
    0,
    0,
    0.00,
    0.00,
    'syrup_drug',
    'antibiotics',
    10,
    1,
    'system',
    '2025-07-07 09:59:21',
    0,
    1,
    NULL,
    NULL,
    0,
    '2025-11-08 13:38:48'
  );
INSERT INTO
  `inventories` (
    `id`,
    `item_name`,
    `unit_quantities`,
    `store_quantities`,
    `cp_pu`,
    `sp_pu`,
    `item_type`,
    `item_class`,
    `low_stock_threshold`,
    `branch_id`,
    `updated_by`,
    `date_time`,
    `last_restock_quantity`,
    `revision`,
    `origin_device_id`,
    `deleted_at`,
    `sync_status`,
    `last_modified`
  )
VALUES
  (
    632,
    'ERYTHROPOETIN 2000IU',
    0,
    0,
    0.00,
    0.00,
    'injection',
    'General Drug',
    10,
    1,
    'system',
    '2025-07-07 09:59:21',
    0,
    1,
    NULL,
    NULL,
    0,
    '2025-11-08 13:38:48'
  );
INSERT INTO
  `inventories` (
    `id`,
    `item_name`,
    `unit_quantities`,
    `store_quantities`,
    `cp_pu`,
    `sp_pu`,
    `item_type`,
    `item_class`,
    `low_stock_threshold`,
    `branch_id`,
    `updated_by`,
    `date_time`,
    `last_restock_quantity`,
    `revision`,
    `origin_device_id`,
    `deleted_at`,
    `sync_status`,
    `last_modified`
  )
VALUES
  (
    633,
    'ESIDEX 25MG TAB',
    0,
    0,
    0.00,
    0.00,
    'card_drug',
    'anti-hypertensive',
    10,
    1,
    'system',
    '2025-07-07 09:59:21',
    0,
    1,
    NULL,
    NULL,
    0,
    '2025-11-08 13:38:48'
  );
INSERT INTO
  `inventories` (
    `id`,
    `item_name`,
    `unit_quantities`,
    `store_quantities`,
    `cp_pu`,
    `sp_pu`,
    `item_type`,
    `item_class`,
    `low_stock_threshold`,
    `branch_id`,
    `updated_by`,
    `date_time`,
    `last_restock_quantity`,
    `revision`,
    `origin_device_id`,
    `deleted_at`,
    `sync_status`,
    `last_modified`
  )
VALUES
  (
    634,
    'ESSENTIAL FORTE CAP',
    0,
    0,
    0.00,
    0.00,
    'card_drug',
    'nutritional-supliment',
    10,
    1,
    'system',
    '2025-07-07 09:59:21',
    0,
    1,
    NULL,
    NULL,
    0,
    '2025-11-08 13:38:48'
  );
INSERT INTO
  `inventories` (
    `id`,
    `item_name`,
    `unit_quantities`,
    `store_quantities`,
    `cp_pu`,
    `sp_pu`,
    `item_type`,
    `item_class`,
    `low_stock_threshold`,
    `branch_id`,
    `updated_by`,
    `date_time`,
    `last_restock_quantity`,
    `revision`,
    `origin_device_id`,
    `deleted_at`,
    `sync_status`,
    `last_modified`
  )
VALUES
  (
    635,
    'ETHAMBUTOL 400MG TAB',
    0,
    0,
    0.00,
    0.00,
    'card_drug',
    'General Drug',
    10,
    1,
    'system',
    '2025-07-07 09:59:21',
    0,
    1,
    NULL,
    NULL,
    0,
    '2025-11-08 13:38:48'
  );
INSERT INTO
  `inventories` (
    `id`,
    `item_name`,
    `unit_quantities`,
    `store_quantities`,
    `cp_pu`,
    `sp_pu`,
    `item_type`,
    `item_class`,
    `low_stock_threshold`,
    `branch_id`,
    `updated_by`,
    `date_time`,
    `last_restock_quantity`,
    `revision`,
    `origin_device_id`,
    `deleted_at`,
    `sync_status`,
    `last_modified`
  )
VALUES
  (
    636,
    'ETOVIT CAPSEL 200MG CAP',
    0,
    0,
    0.00,
    0.00,
    'card_drug',
    'nutritional-supliment',
    10,
    1,
    'system',
    '2025-07-07 09:59:21',
    0,
    1,
    NULL,
    NULL,
    0,
    '2025-11-08 13:38:48'
  );
INSERT INTO
  `inventories` (
    `id`,
    `item_name`,
    `unit_quantities`,
    `store_quantities`,
    `cp_pu`,
    `sp_pu`,
    `item_type`,
    `item_class`,
    `low_stock_threshold`,
    `branch_id`,
    `updated_by`,
    `date_time`,
    `last_restock_quantity`,
    `revision`,
    `origin_device_id`,
    `deleted_at`,
    `sync_status`,
    `last_modified`
  )
VALUES
  (
    637,
    'EUCADIE 12.5MG TAB',
    0,
    0,
    0.00,
    0.00,
    'card_drug',
    'anti-hypertensive',
    10,
    1,
    'system',
    '2025-07-07 09:59:21',
    0,
    1,
    NULL,
    NULL,
    0,
    '2025-11-08 13:38:48'
  );
INSERT INTO
  `inventories` (
    `id`,
    `item_name`,
    `unit_quantities`,
    `store_quantities`,
    `cp_pu`,
    `sp_pu`,
    `item_type`,
    `item_class`,
    `low_stock_threshold`,
    `branch_id`,
    `updated_by`,
    `date_time`,
    `last_restock_quantity`,
    `revision`,
    `origin_device_id`,
    `deleted_at`,
    `sync_status`,
    `last_modified`
  )
VALUES
  (
    638,
    'EUCADIE 25MG TAB',
    0,
    0,
    0.00,
    0.00,
    'card_drug',
    'anti-hypertensive',
    10,
    1,
    'system',
    '2025-07-07 09:59:21',
    0,
    1,
    NULL,
    NULL,
    0,
    '2025-11-08 13:38:48'
  );
INSERT INTO
  `inventories` (
    `id`,
    `item_name`,
    `unit_quantities`,
    `store_quantities`,
    `cp_pu`,
    `sp_pu`,
    `item_type`,
    `item_class`,
    `low_stock_threshold`,
    `branch_id`,
    `updated_by`,
    `date_time`,
    `last_restock_quantity`,
    `revision`,
    `origin_device_id`,
    `deleted_at`,
    `sync_status`,
    `last_modified`
  )
VALUES
  (
    639,
    'EVACAIN CREAM',
    0,
    0,
    0.00,
    0.00,
    'gel_cream',
    'General Drug',
    10,
    1,
    'system',
    '2025-07-07 09:59:21',
    0,
    1,
    NULL,
    NULL,
    0,
    '2025-11-08 13:38:48'
  );
INSERT INTO
  `inventories` (
    `id`,
    `item_name`,
    `unit_quantities`,
    `store_quantities`,
    `cp_pu`,
    `sp_pu`,
    `item_type`,
    `item_class`,
    `low_stock_threshold`,
    `branch_id`,
    `updated_by`,
    `date_time`,
    `last_restock_quantity`,
    `revision`,
    `origin_device_id`,
    `deleted_at`,
    `sync_status`,
    `last_modified`
  )
VALUES
  (
    640,
    'EVENING PRIME ROSE CAP',
    0,
    0,
    0.00,
    0.00,
    'card_drug',
    'nutritional-supliment',
    10,
    1,
    'system',
    '2025-07-07 09:59:21',
    0,
    1,
    NULL,
    NULL,
    0,
    '2025-11-08 13:38:48'
  );
INSERT INTO
  `inventories` (
    `id`,
    `item_name`,
    `unit_quantities`,
    `store_quantities`,
    `cp_pu`,
    `sp_pu`,
    `item_type`,
    `item_class`,
    `low_stock_threshold`,
    `branch_id`,
    `updated_by`,
    `date_time`,
    `last_restock_quantity`,
    `revision`,
    `origin_device_id`,
    `deleted_at`,
    `sync_status`,
    `last_modified`
  )
VALUES
  (
    641,
    'EVITON MULTIVIT CAPSEL',
    0,
    0,
    0.00,
    0.00,
    'card_drug',
    'nutritional-supliment',
    10,
    1,
    'system',
    '2025-07-07 09:59:21',
    0,
    1,
    NULL,
    NULL,
    0,
    '2025-11-08 13:38:48'
  );
INSERT INTO
  `inventories` (
    `id`,
    `item_name`,
    `unit_quantities`,
    `store_quantities`,
    `cp_pu`,
    `sp_pu`,
    `item_type`,
    `item_class`,
    `low_stock_threshold`,
    `branch_id`,
    `updated_by`,
    `date_time`,
    `last_restock_quantity`,
    `revision`,
    `origin_device_id`,
    `deleted_at`,
    `sync_status`,
    `last_modified`
  )
VALUES
  (
    642,
    'Exploin (adult)',
    0,
    0,
    0.00,
    0.00,
    'card_drug',
    'General Drug',
    10,
    1,
    'system',
    '2025-07-07 09:59:21',
    0,
    1,
    NULL,
    NULL,
    0,
    '2025-11-08 13:38:48'
  );
INSERT INTO
  `inventories` (
    `id`,
    `item_name`,
    `unit_quantities`,
    `store_quantities`,
    `cp_pu`,
    `sp_pu`,
    `item_type`,
    `item_class`,
    `low_stock_threshold`,
    `branch_id`,
    `updated_by`,
    `date_time`,
    `last_restock_quantity`,
    `revision`,
    `origin_device_id`,
    `deleted_at`,
    `sync_status`,
    `last_modified`
  )
VALUES
  (
    643,
    'EXTORGE (AMLODIPINE/VALSARTAN) 10MG/12.5MG/160 TAB',
    0,
    0,
    0.00,
    0.00,
    'card_drug',
    'anti-hypertensive',
    10,
    1,
    'system',
    '2025-07-07 09:59:21',
    0,
    1,
    NULL,
    NULL,
    0,
    '2025-11-08 13:38:48'
  );
INSERT INTO
  `inventories` (
    `id`,
    `item_name`,
    `unit_quantities`,
    `store_quantities`,
    `cp_pu`,
    `sp_pu`,
    `item_type`,
    `item_class`,
    `low_stock_threshold`,
    `branch_id`,
    `updated_by`,
    `date_time`,
    `last_restock_quantity`,
    `revision`,
    `origin_device_id`,
    `deleted_at`,
    `sync_status`,
    `last_modified`
  )
VALUES
  (
    644,
    'EXTORGE (AMLODIPINE/VALSARTAN) 10MG/5MG/160 TAB',
    0,
    0,
    0.00,
    0.00,
    'card_drug',
    'anti-hypertensive',
    10,
    1,
    'system',
    '2025-07-07 09:59:21',
    0,
    1,
    NULL,
    NULL,
    0,
    '2025-11-08 13:38:48'
  );
INSERT INTO
  `inventories` (
    `id`,
    `item_name`,
    `unit_quantities`,
    `store_quantities`,
    `cp_pu`,
    `sp_pu`,
    `item_type`,
    `item_class`,
    `low_stock_threshold`,
    `branch_id`,
    `updated_by`,
    `date_time`,
    `last_restock_quantity`,
    `revision`,
    `origin_device_id`,
    `deleted_at`,
    `sync_status`,
    `last_modified`
  )
VALUES
  (
    645,
    'EXTORGE (AMLODIPINE/VALSARTAN) 5MG/12.5MG/160 TAB',
    0,
    0,
    0.00,
    0.00,
    'card_drug',
    'anti-hypertensive',
    10,
    1,
    'system',
    '2025-07-07 09:59:21',
    0,
    1,
    NULL,
    NULL,
    0,
    '2025-11-08 13:38:48'
  );
INSERT INTO
  `inventories` (
    `id`,
    `item_name`,
    `unit_quantities`,
    `store_quantities`,
    `cp_pu`,
    `sp_pu`,
    `item_type`,
    `item_class`,
    `low_stock_threshold`,
    `branch_id`,
    `updated_by`,
    `date_time`,
    `last_restock_quantity`,
    `revision`,
    `origin_device_id`,
    `deleted_at`,
    `sync_status`,
    `last_modified`
  )
VALUES
  (
    646,
    'EXTORGE (AMLODIPINE/VALSARTAN) 5MG/5MG/160 TAB',
    0,
    0,
    0.00,
    0.00,
    'card_drug',
    'anti-hypertensive',
    10,
    1,
    'system',
    '2025-07-07 09:59:21',
    0,
    1,
    NULL,
    NULL,
    0,
    '2025-11-08 13:38:48'
  );
INSERT INTO
  `inventories` (
    `id`,
    `item_name`,
    `unit_quantities`,
    `store_quantities`,
    `cp_pu`,
    `sp_pu`,
    `item_type`,
    `item_class`,
    `low_stock_threshold`,
    `branch_id`,
    `updated_by`,
    `date_time`,
    `last_restock_quantity`,
    `revision`,
    `origin_device_id`,
    `deleted_at`,
    `sync_status`,
    `last_modified`
  )
VALUES
  (
    647,
    'FAMOTIDINE 20MG TAB',
    0,
    0,
    0.00,
    0.00,
    'card_drug',
    'General Drug',
    10,
    1,
    'system',
    '2025-07-07 09:59:21',
    0,
    1,
    NULL,
    NULL,
    0,
    '2025-11-08 13:38:48'
  );
INSERT INTO
  `inventories` (
    `id`,
    `item_name`,
    `unit_quantities`,
    `store_quantities`,
    `cp_pu`,
    `sp_pu`,
    `item_type`,
    `item_class`,
    `low_stock_threshold`,
    `branch_id`,
    `updated_by`,
    `date_time`,
    `last_restock_quantity`,
    `revision`,
    `origin_device_id`,
    `deleted_at`,
    `sync_status`,
    `last_modified`
  )
VALUES
  (
    648,
    'FAMOTIDINE 40MG (MOTIDAL) TAB',
    0,
    0,
    0.00,
    0.00,
    'card_drug',
    'General Drug',
    10,
    1,
    'system',
    '2025-07-07 09:59:21',
    0,
    1,
    NULL,
    NULL,
    0,
    '2025-11-08 13:38:48'
  );
INSERT INTO
  `inventories` (
    `id`,
    `item_name`,
    `unit_quantities`,
    `store_quantities`,
    `cp_pu`,
    `sp_pu`,
    `item_type`,
    `item_class`,
    `low_stock_threshold`,
    `branch_id`,
    `updated_by`,
    `date_time`,
    `last_restock_quantity`,
    `revision`,
    `origin_device_id`,
    `deleted_at`,
    `sync_status`,
    `last_modified`
  )
VALUES
  (
    649,
    'FANSIDAR(S.P.) 125MG TAB',
    0,
    0,
    0.00,
    0.00,
    'card_drug',
    'General Drug',
    10,
    1,
    'system',
    '2025-07-07 09:59:21',
    0,
    1,
    NULL,
    NULL,
    0,
    '2025-11-08 13:38:48'
  );
INSERT INTO
  `inventories` (
    `id`,
    `item_name`,
    `unit_quantities`,
    `store_quantities`,
    `cp_pu`,
    `sp_pu`,
    `item_type`,
    `item_class`,
    `low_stock_threshold`,
    `branch_id`,
    `updated_by`,
    `date_time`,
    `last_restock_quantity`,
    `revision`,
    `origin_device_id`,
    `deleted_at`,
    `sync_status`,
    `last_modified`
  )
VALUES
  (
    650,
    'FANSIDAR 2.5MG/2ML INJ',
    0,
    0,
    0.00,
    0.00,
    'injection',
    'General Drug',
    10,
    1,
    'system',
    '2025-07-07 09:59:21',
    0,
    1,
    NULL,
    NULL,
    0,
    '2025-11-08 13:38:48'
  );
INSERT INTO
  `inventories` (
    `id`,
    `item_name`,
    `unit_quantities`,
    `store_quantities`,
    `cp_pu`,
    `sp_pu`,
    `item_type`,
    `item_class`,
    `low_stock_threshold`,
    `branch_id`,
    `updated_by`,
    `date_time`,
    `last_restock_quantity`,
    `revision`,
    `origin_device_id`,
    `deleted_at`,
    `sync_status`,
    `last_modified`
  )
VALUES
  (
    651,
    'FANSIDAR INJ 525MG',
    0,
    0,
    0.00,
    0.00,
    'injection',
    'General Drug',
    10,
    1,
    'system',
    '2025-07-07 09:59:21',
    0,
    1,
    NULL,
    NULL,
    0,
    '2025-11-08 13:38:48'
  );
INSERT INTO
  `inventories` (
    `id`,
    `item_name`,
    `unit_quantities`,
    `store_quantities`,
    `cp_pu`,
    `sp_pu`,
    `item_type`,
    `item_class`,
    `low_stock_threshold`,
    `branch_id`,
    `updated_by`,
    `date_time`,
    `last_restock_quantity`,
    `revision`,
    `origin_device_id`,
    `deleted_at`,
    `sync_status`,
    `last_modified`
  )
VALUES
  (
    652,
    'FANSIDAR SUSP 525MG/5ML',
    0,
    0,
    0.00,
    0.00,
    'syrup_drug',
    'General Drug',
    10,
    1,
    'system',
    '2025-07-07 09:59:21',
    0,
    1,
    NULL,
    NULL,
    0,
    '2025-11-08 13:38:48'
  );
INSERT INTO
  `inventories` (
    `id`,
    `item_name`,
    `unit_quantities`,
    `store_quantities`,
    `cp_pu`,
    `sp_pu`,
    `item_type`,
    `item_class`,
    `low_stock_threshold`,
    `branch_id`,
    `updated_by`,
    `date_time`,
    `last_restock_quantity`,
    `revision`,
    `origin_device_id`,
    `deleted_at`,
    `sync_status`,
    `last_modified`
  )
VALUES
  (
    653,
    'TINIDAZOLE 500MG TAB (FASGYN)',
    0,
    0,
    0.00,
    0.00,
    'card_drug',
    'antibiotics',
    10,
    1,
    'system',
    '2025-07-07 09:59:21',
    0,
    1,
    NULL,
    NULL,
    0,
    '2025-11-08 13:38:48'
  );
INSERT INTO
  `inventories` (
    `id`,
    `item_name`,
    `unit_quantities`,
    `store_quantities`,
    `cp_pu`,
    `sp_pu`,
    `item_type`,
    `item_class`,
    `low_stock_threshold`,
    `branch_id`,
    `updated_by`,
    `date_time`,
    `last_restock_quantity`,
    `revision`,
    `origin_device_id`,
    `deleted_at`,
    `sync_status`,
    `last_modified`
  )
VALUES
  (
    654,
    'Feeding tube',
    0,
    0,
    0.00,
    0.00,
    'medical_consumables',
    'consumables',
    10,
    1,
    'system',
    '2025-07-07 09:59:21',
    0,
    1,
    NULL,
    NULL,
    0,
    '2025-11-08 13:38:48'
  );
INSERT INTO
  `inventories` (
    `id`,
    `item_name`,
    `unit_quantities`,
    `store_quantities`,
    `cp_pu`,
    `sp_pu`,
    `item_type`,
    `item_class`,
    `low_stock_threshold`,
    `branch_id`,
    `updated_by`,
    `date_time`,
    `last_restock_quantity`,
    `revision`,
    `origin_device_id`,
    `deleted_at`,
    `sync_status`,
    `last_modified`
  )
VALUES
  (
    655,
    'FELDENE GEL',
    0,
    0,
    0.00,
    0.00,
    'gel_cream',
    'anagelsic',
    10,
    1,
    'system',
    '2025-07-07 09:59:21',
    0,
    1,
    NULL,
    NULL,
    0,
    '2025-11-08 13:38:48'
  );
INSERT INTO
  `inventories` (
    `id`,
    `item_name`,
    `unit_quantities`,
    `store_quantities`,
    `cp_pu`,
    `sp_pu`,
    `item_type`,
    `item_class`,
    `low_stock_threshold`,
    `branch_id`,
    `updated_by`,
    `date_time`,
    `last_restock_quantity`,
    `revision`,
    `origin_device_id`,
    `deleted_at`,
    `sync_status`,
    `last_modified`
  )
VALUES
  (
    656,
    'FELDENE INJ 20MG',
    0,
    0,
    0.00,
    0.00,
    'injection',
    'anagelsic',
    10,
    1,
    'system',
    '2025-07-07 09:59:21',
    0,
    1,
    NULL,
    NULL,
    0,
    '2025-11-08 13:38:48'
  );
INSERT INTO
  `inventories` (
    `id`,
    `item_name`,
    `unit_quantities`,
    `store_quantities`,
    `cp_pu`,
    `sp_pu`,
    `item_type`,
    `item_class`,
    `low_stock_threshold`,
    `branch_id`,
    `updated_by`,
    `date_time`,
    `last_restock_quantity`,
    `revision`,
    `origin_device_id`,
    `deleted_at`,
    `sync_status`,
    `last_modified`
  )
VALUES
  (
    657,
    'FEOFOL (FERROUS + FOLIC ACID) TAB',
    0,
    0,
    0.00,
    0.00,
    'card_drug',
    'hematinics',
    10,
    1,
    'system',
    '2025-07-07 09:59:21',
    0,
    1,
    NULL,
    NULL,
    0,
    '2025-11-08 13:38:48'
  );
INSERT INTO
  `inventories` (
    `id`,
    `item_name`,
    `unit_quantities`,
    `store_quantities`,
    `cp_pu`,
    `sp_pu`,
    `item_type`,
    `item_class`,
    `low_stock_threshold`,
    `branch_id`,
    `updated_by`,
    `date_time`,
    `last_restock_quantity`,
    `revision`,
    `origin_device_id`,
    `deleted_at`,
    `sync_status`,
    `last_modified`
  )
VALUES
  (
    658,
    'Ferobin capsule',
    0,
    0,
    0.00,
    0.00,
    'card_drug',
    'hematinics',
    10,
    1,
    'system',
    '2025-07-07 09:59:21',
    0,
    1,
    NULL,
    NULL,
    0,
    '2025-11-08 13:38:48'
  );
INSERT INTO
  `inventories` (
    `id`,
    `item_name`,
    `unit_quantities`,
    `store_quantities`,
    `cp_pu`,
    `sp_pu`,
    `item_type`,
    `item_class`,
    `low_stock_threshold`,
    `branch_id`,
    `updated_by`,
    `date_time`,
    `last_restock_quantity`,
    `revision`,
    `origin_device_id`,
    `deleted_at`,
    `sync_status`,
    `last_modified`
  )
VALUES
  (
    659,
    'Ferobin plain',
    0,
    0,
    0.00,
    0.00,
    'card_drug',
    'hematinics',
    10,
    1,
    'system',
    '2025-07-07 09:59:21',
    0,
    1,
    NULL,
    NULL,
    0,
    '2025-11-08 13:38:48'
  );
INSERT INTO
  `inventories` (
    `id`,
    `item_name`,
    `unit_quantities`,
    `store_quantities`,
    `cp_pu`,
    `sp_pu`,
    `item_type`,
    `item_class`,
    `low_stock_threshold`,
    `branch_id`,
    `updated_by`,
    `date_time`,
    `last_restock_quantity`,
    `revision`,
    `origin_device_id`,
    `deleted_at`,
    `sync_status`,
    `last_modified`
  )
VALUES
  (
    660,
    'Ferobin plus',
    0,
    0,
    0.00,
    0.00,
    'card_drug',
    'hematinics',
    10,
    1,
    'system',
    '2025-07-07 09:59:21',
    0,
    1,
    NULL,
    NULL,
    0,
    '2025-11-08 13:38:48'
  );
INSERT INTO
  `inventories` (
    `id`,
    `item_name`,
    `unit_quantities`,
    `store_quantities`,
    `cp_pu`,
    `sp_pu`,
    `item_type`,
    `item_class`,
    `low_stock_threshold`,
    `branch_id`,
    `updated_by`,
    `date_time`,
    `last_restock_quantity`,
    `revision`,
    `origin_device_id`,
    `deleted_at`,
    `sync_status`,
    `last_modified`
  )
VALUES
  (
    661,
    'FERROGLOBIN 200ML SYR',
    0,
    0,
    0.00,
    0.00,
    'syrup_drug',
    'hematinics',
    10,
    1,
    'system',
    '2025-07-07 09:59:21',
    0,
    1,
    NULL,
    NULL,
    0,
    '2025-11-08 13:38:48'
  );
INSERT INTO
  `inventories` (
    `id`,
    `item_name`,
    `unit_quantities`,
    `store_quantities`,
    `cp_pu`,
    `sp_pu`,
    `item_type`,
    `item_class`,
    `low_stock_threshold`,
    `branch_id`,
    `updated_by`,
    `date_time`,
    `last_restock_quantity`,
    `revision`,
    `origin_device_id`,
    `deleted_at`,
    `sync_status`,
    `last_modified`
  )
VALUES
  (
    662,
    'FERROLAB-12',
    0,
    0,
    0.00,
    0.00,
    'syrup_drug',
    'hematinics',
    10,
    1,
    'system',
    '2025-07-07 09:59:21',
    0,
    1,
    NULL,
    NULL,
    0,
    '2025-11-08 13:38:48'
  );
INSERT INTO
  `inventories` (
    `id`,
    `item_name`,
    `unit_quantities`,
    `store_quantities`,
    `cp_pu`,
    `sp_pu`,
    `item_type`,
    `item_class`,
    `low_stock_threshold`,
    `branch_id`,
    `updated_by`,
    `date_time`,
    `last_restock_quantity`,
    `revision`,
    `origin_device_id`,
    `deleted_at`,
    `sync_status`,
    `last_modified`
  )
VALUES
  (
    663,
    'FERROUS FUMARATE',
    0,
    0,
    0.00,
    0.00,
    'card_drug',
    'hematinics',
    10,
    1,
    'system',
    '2025-07-07 09:59:21',
    0,
    1,
    NULL,
    NULL,
    0,
    '2025-11-08 13:38:48'
  );
INSERT INTO
  `inventories` (
    `id`,
    `item_name`,
    `unit_quantities`,
    `store_quantities`,
    `cp_pu`,
    `sp_pu`,
    `item_type`,
    `item_class`,
    `low_stock_threshold`,
    `branch_id`,
    `updated_by`,
    `date_time`,
    `last_restock_quantity`,
    `revision`,
    `origin_device_id`,
    `deleted_at`,
    `sync_status`,
    `last_modified`
  )
VALUES
  (
    664,
    'FERROUS GLUCONATE 30MG',
    0,
    0,
    0.00,
    0.00,
    'card_drug',
    'hematinics',
    10,
    1,
    'system',
    '2025-07-07 09:59:21',
    0,
    1,
    NULL,
    NULL,
    0,
    '2025-11-08 13:38:48'
  );
INSERT INTO
  `inventories` (
    `id`,
    `item_name`,
    `unit_quantities`,
    `store_quantities`,
    `cp_pu`,
    `sp_pu`,
    `item_type`,
    `item_class`,
    `low_stock_threshold`,
    `branch_id`,
    `updated_by`,
    `date_time`,
    `last_restock_quantity`,
    `revision`,
    `origin_device_id`,
    `deleted_at`,
    `sync_status`,
    `last_modified`
  )
VALUES
  (
    665,
    'FIACYL 400MG TAB',
    0,
    0,
    0.00,
    0.00,
    'card_drug',
    'General Drug',
    10,
    1,
    'system',
    '2025-07-07 09:59:21',
    0,
    1,
    NULL,
    NULL,
    0,
    '2025-11-08 13:38:48'
  );
INSERT INTO
  `inventories` (
    `id`,
    `item_name`,
    `unit_quantities`,
    `store_quantities`,
    `cp_pu`,
    `sp_pu`,
    `item_type`,
    `item_class`,
    `low_stock_threshold`,
    `branch_id`,
    `updated_by`,
    `date_time`,
    `last_restock_quantity`,
    `revision`,
    `origin_device_id`,
    `deleted_at`,
    `sync_status`,
    `last_modified`
  )
VALUES
  (
    666,
    'FIACYL SUSP',
    0,
    0,
    0.00,
    0.00,
    'syrup_drug',
    'General Drug',
    10,
    1,
    'system',
    '2025-07-07 09:59:21',
    0,
    1,
    NULL,
    NULL,
    0,
    '2025-11-08 13:38:48'
  );
INSERT INTO
  `inventories` (
    `id`,
    `item_name`,
    `unit_quantities`,
    `store_quantities`,
    `cp_pu`,
    `sp_pu`,
    `item_type`,
    `item_class`,
    `low_stock_threshold`,
    `branch_id`,
    `updated_by`,
    `date_time`,
    `last_restock_quantity`,
    `revision`,
    `origin_device_id`,
    `deleted_at`,
    `sync_status`,
    `last_modified`
  )
VALUES
  (
    667,
    'Fiesta',
    0,
    0,
    0.00,
    0.00,
    'card_drug',
    'contraceptive',
    10,
    1,
    'system',
    '2025-07-07 09:59:21',
    0,
    1,
    NULL,
    NULL,
    0,
    '2025-11-08 13:38:48'
  );
INSERT INTO
  `inventories` (
    `id`,
    `item_name`,
    `unit_quantities`,
    `store_quantities`,
    `cp_pu`,
    `sp_pu`,
    `item_type`,
    `item_class`,
    `low_stock_threshold`,
    `branch_id`,
    `updated_by`,
    `date_time`,
    `last_restock_quantity`,
    `revision`,
    `origin_device_id`,
    `deleted_at`,
    `sync_status`,
    `last_modified`
  )
VALUES
  (
    668,
    'FIMAZOL 200MG TAB',
    0,
    0,
    0.00,
    0.00,
    'card_drug',
    'antifungi oral',
    10,
    1,
    'system',
    '2025-07-07 09:59:21',
    0,
    1,
    NULL,
    NULL,
    0,
    '2025-11-08 13:38:48'
  );
INSERT INTO
  `inventories` (
    `id`,
    `item_name`,
    `unit_quantities`,
    `store_quantities`,
    `cp_pu`,
    `sp_pu`,
    `item_type`,
    `item_class`,
    `low_stock_threshold`,
    `branch_id`,
    `updated_by`,
    `date_time`,
    `last_restock_quantity`,
    `revision`,
    `origin_device_id`,
    `deleted_at`,
    `sync_status`,
    `last_modified`
  )
VALUES
  (
    669,
    'FLOXOTIDE ACCUHALER',
    0,
    0,
    0.00,
    0.00,
    'card_drug',
    'General Drug',
    10,
    1,
    'system',
    '2025-07-07 09:59:21',
    0,
    1,
    NULL,
    NULL,
    0,
    '2025-11-08 13:38:48'
  );
INSERT INTO
  `inventories` (
    `id`,
    `item_name`,
    `unit_quantities`,
    `store_quantities`,
    `cp_pu`,
    `sp_pu`,
    `item_type`,
    `item_class`,
    `low_stock_threshold`,
    `branch_id`,
    `updated_by`,
    `date_time`,
    `last_restock_quantity`,
    `revision`,
    `origin_device_id`,
    `deleted_at`,
    `sync_status`,
    `last_modified`
  )
VALUES
  (
    670,
    'FLUAXAPEN 125MG TAB',
    0,
    0,
    0.00,
    0.00,
    'card_drug',
    'antibiotics',
    10,
    1,
    'system',
    '2025-07-07 09:59:21',
    0,
    1,
    NULL,
    NULL,
    0,
    '2025-11-08 13:38:48'
  );
INSERT INTO
  `inventories` (
    `id`,
    `item_name`,
    `unit_quantities`,
    `store_quantities`,
    `cp_pu`,
    `sp_pu`,
    `item_type`,
    `item_class`,
    `low_stock_threshold`,
    `branch_id`,
    `updated_by`,
    `date_time`,
    `last_restock_quantity`,
    `revision`,
    `origin_device_id`,
    `deleted_at`,
    `sync_status`,
    `last_modified`
  )
VALUES
  (
    671,
    'FLUAXAPEN 125MG/5ML',
    0,
    0,
    0.00,
    0.00,
    'syrup_drug',
    'antibiotics',
    10,
    1,
    'system',
    '2025-07-07 09:59:21',
    0,
    1,
    NULL,
    NULL,
    0,
    '2025-11-08 13:38:48'
  );
INSERT INTO
  `inventories` (
    `id`,
    `item_name`,
    `unit_quantities`,
    `store_quantities`,
    `cp_pu`,
    `sp_pu`,
    `item_type`,
    `item_class`,
    `low_stock_threshold`,
    `branch_id`,
    `updated_by`,
    `date_time`,
    `last_restock_quantity`,
    `revision`,
    `origin_device_id`,
    `deleted_at`,
    `sync_status`,
    `last_modified`
  )
VALUES
  (
    672,
    'Fluconazole',
    0,
    0,
    0.00,
    0.00,
    'card_drug',
    'antifungi oral',
    10,
    1,
    'system',
    '2025-07-07 09:59:21',
    0,
    1,
    NULL,
    NULL,
    0,
    '2025-11-08 13:38:48'
  );
INSERT INTO
  `inventories` (
    `id`,
    `item_name`,
    `unit_quantities`,
    `store_quantities`,
    `cp_pu`,
    `sp_pu`,
    `item_type`,
    `item_class`,
    `low_stock_threshold`,
    `branch_id`,
    `updated_by`,
    `date_time`,
    `last_restock_quantity`,
    `revision`,
    `origin_device_id`,
    `deleted_at`,
    `sync_status`,
    `last_modified`
  )
VALUES
  (
    673,
    'FLUCONAZOLE 10MG/1ML SYRUP',
    0,
    0,
    0.00,
    0.00,
    'syrup_drug',
    'antifungi oral',
    10,
    1,
    'system',
    '2025-07-07 09:59:21',
    0,
    1,
    NULL,
    NULL,
    0,
    '2025-11-08 13:38:48'
  );
INSERT INTO
  `inventories` (
    `id`,
    `item_name`,
    `unit_quantities`,
    `store_quantities`,
    `cp_pu`,
    `sp_pu`,
    `item_type`,
    `item_class`,
    `low_stock_threshold`,
    `branch_id`,
    `updated_by`,
    `date_time`,
    `last_restock_quantity`,
    `revision`,
    `origin_device_id`,
    `deleted_at`,
    `sync_status`,
    `last_modified`
  )
VALUES
  (
    674,
    'FLUCONAZOLE 150MG',
    0,
    0,
    0.00,
    0.00,
    'card_drug',
    'antifungi oral',
    10,
    1,
    'system',
    '2025-07-07 09:59:21',
    0,
    1,
    NULL,
    NULL,
    0,
    '2025-11-08 13:38:48'
  );
INSERT INTO
  `inventories` (
    `id`,
    `item_name`,
    `unit_quantities`,
    `store_quantities`,
    `cp_pu`,
    `sp_pu`,
    `item_type`,
    `item_class`,
    `low_stock_threshold`,
    `branch_id`,
    `updated_by`,
    `date_time`,
    `last_restock_quantity`,
    `revision`,
    `origin_device_id`,
    `deleted_at`,
    `sync_status`,
    `last_modified`
  )
VALUES
  (
    675,
    'FLUCONAZOLE 50MG',
    0,
    0,
    0.00,
    0.00,
    'card_drug',
    'antifungi oral',
    10,
    1,
    'system',
    '2025-07-07 09:59:21',
    0,
    1,
    NULL,
    NULL,
    0,
    '2025-11-08 13:38:48'
  );
INSERT INTO
  `inventories` (
    `id`,
    `item_name`,
    `unit_quantities`,
    `store_quantities`,
    `cp_pu`,
    `sp_pu`,
    `item_type`,
    `item_class`,
    `low_stock_threshold`,
    `branch_id`,
    `updated_by`,
    `date_time`,
    `last_restock_quantity`,
    `revision`,
    `origin_device_id`,
    `deleted_at`,
    `sync_status`,
    `last_modified`
  )
VALUES
  (
    676,
    'Fluconazole cream',
    0,
    0,
    0.00,
    0.00,
    'gel_cream',
    'antifungi cream',
    10,
    1,
    'system',
    '2025-07-07 09:59:21',
    0,
    1,
    NULL,
    NULL,
    0,
    '2025-11-08 13:38:48'
  );
INSERT INTO
  `inventories` (
    `id`,
    `item_name`,
    `unit_quantities`,
    `store_quantities`,
    `cp_pu`,
    `sp_pu`,
    `item_type`,
    `item_class`,
    `low_stock_threshold`,
    `branch_id`,
    `updated_by`,
    `date_time`,
    `last_restock_quantity`,
    `revision`,
    `origin_device_id`,
    `deleted_at`,
    `sync_status`,
    `last_modified`
  )
VALUES
  (
    677,
    'FOLIC ACID SYR',
    0,
    0,
    0.00,
    0.00,
    'syrup_drug',
    'hematinics',
    10,
    1,
    'system',
    '2025-07-07 09:59:21',
    0,
    1,
    NULL,
    NULL,
    0,
    '2025-11-08 13:38:48'
  );
INSERT INTO
  `inventories` (
    `id`,
    `item_name`,
    `unit_quantities`,
    `store_quantities`,
    `cp_pu`,
    `sp_pu`,
    `item_type`,
    `item_class`,
    `low_stock_threshold`,
    `branch_id`,
    `updated_by`,
    `date_time`,
    `last_restock_quantity`,
    `revision`,
    `origin_device_id`,
    `deleted_at`,
    `sync_status`,
    `last_modified`
  )
VALUES
  (
    678,
    'FOLIC ACID TAB',
    0,
    0,
    0.00,
    0.00,
    'card_drug',
    'hematinics',
    10,
    1,
    'system',
    '2025-07-07 09:59:21',
    0,
    1,
    NULL,
    NULL,
    0,
    '2025-11-08 13:38:48'
  );
INSERT INTO
  `inventories` (
    `id`,
    `item_name`,
    `unit_quantities`,
    `store_quantities`,
    `cp_pu`,
    `sp_pu`,
    `item_type`,
    `item_class`,
    `low_stock_threshold`,
    `branch_id`,
    `updated_by`,
    `date_time`,
    `last_restock_quantity`,
    `revision`,
    `origin_device_id`,
    `deleted_at`,
    `sync_status`,
    `last_modified`
  )
VALUES
  (
    679,
    'Fortes B',
    0,
    0,
    0.00,
    0.00,
    'card_drug',
    'General Drug',
    10,
    1,
    'system',
    '2025-07-07 09:59:21',
    0,
    1,
    NULL,
    NULL,
    0,
    '2025-11-08 13:38:48'
  );
INSERT INTO
  `inventories` (
    `id`,
    `item_name`,
    `unit_quantities`,
    `store_quantities`,
    `cp_pu`,
    `sp_pu`,
    `item_type`,
    `item_class`,
    `low_stock_threshold`,
    `branch_id`,
    `updated_by`,
    `date_time`,
    `last_restock_quantity`,
    `revision`,
    `origin_device_id`,
    `deleted_at`,
    `sync_status`,
    `last_modified`
  )
VALUES
  (
    680,
    'FORTUM 1G INJ',
    0,
    0,
    0.00,
    0.00,
    'injection',
    'antibiotics',
    10,
    1,
    'system',
    '2025-07-07 09:59:21',
    0,
    1,
    NULL,
    NULL,
    0,
    '2025-11-08 13:38:48'
  );
INSERT INTO
  `inventories` (
    `id`,
    `item_name`,
    `unit_quantities`,
    `store_quantities`,
    `cp_pu`,
    `sp_pu`,
    `item_type`,
    `item_class`,
    `low_stock_threshold`,
    `branch_id`,
    `updated_by`,
    `date_time`,
    `last_restock_quantity`,
    `revision`,
    `origin_device_id`,
    `deleted_at`,
    `sync_status`,
    `last_modified`
  )
VALUES
  (
    681,
    'FORTWIN 30MG (PENTAZOCINE)',
    0,
    0,
    0.00,
    0.00,
    'injection',
    'anaesthesia',
    10,
    1,
    'system',
    '2025-07-07 09:59:21',
    0,
    1,
    NULL,
    NULL,
    0,
    '2025-11-08 13:38:48'
  );
INSERT INTO
  `inventories` (
    `id`,
    `item_name`,
    `unit_quantities`,
    `store_quantities`,
    `cp_pu`,
    `sp_pu`,
    `item_type`,
    `item_class`,
    `low_stock_threshold`,
    `branch_id`,
    `updated_by`,
    `date_time`,
    `last_restock_quantity`,
    `revision`,
    `origin_device_id`,
    `deleted_at`,
    `sync_status`,
    `last_modified`
  )
VALUES
  (
    682,
    'FRUSEMIDE INJ 20MG',
    0,
    0,
    0.00,
    0.00,
    'injection',
    'General Drug',
    10,
    1,
    'system',
    '2025-07-07 09:59:21',
    0,
    1,
    NULL,
    NULL,
    0,
    '2025-11-08 13:38:48'
  );
INSERT INTO
  `inventories` (
    `id`,
    `item_name`,
    `unit_quantities`,
    `store_quantities`,
    `cp_pu`,
    `sp_pu`,
    `item_type`,
    `item_class`,
    `low_stock_threshold`,
    `branch_id`,
    `updated_by`,
    `date_time`,
    `last_restock_quantity`,
    `revision`,
    `origin_device_id`,
    `deleted_at`,
    `sync_status`,
    `last_modified`
  )
VALUES
  (
    683,
    'Funbact A',
    0,
    0,
    0.00,
    0.00,
    'gel_cream',
    'antifungi cream',
    10,
    1,
    'system',
    '2025-07-07 09:59:21',
    0,
    1,
    NULL,
    NULL,
    0,
    '2025-11-08 13:38:48'
  );
INSERT INTO
  `inventories` (
    `id`,
    `item_name`,
    `unit_quantities`,
    `store_quantities`,
    `cp_pu`,
    `sp_pu`,
    `item_type`,
    `item_class`,
    `low_stock_threshold`,
    `branch_id`,
    `updated_by`,
    `date_time`,
    `last_restock_quantity`,
    `revision`,
    `origin_device_id`,
    `deleted_at`,
    `sync_status`,
    `last_modified`
  )
VALUES
  (
    684,
    'FUNGISOLVE POWDER 20MG',
    0,
    0,
    0.00,
    0.00,
    'card_drug',
    'antifungi cream',
    10,
    1,
    'system',
    '2025-07-07 09:59:21',
    0,
    1,
    NULL,
    NULL,
    0,
    '2025-11-08 13:38:48'
  );
INSERT INTO
  `inventories` (
    `id`,
    `item_name`,
    `unit_quantities`,
    `store_quantities`,
    `cp_pu`,
    `sp_pu`,
    `item_type`,
    `item_class`,
    `low_stock_threshold`,
    `branch_id`,
    `updated_by`,
    `date_time`,
    `last_restock_quantity`,
    `revision`,
    `origin_device_id`,
    `deleted_at`,
    `sync_status`,
    `last_modified`
  )
VALUES
  (
    685,
    'Furosemide tab',
    0,
    0,
    0.00,
    0.00,
    'card_drug',
    'General Drug',
    10,
    1,
    'system',
    '2025-07-07 09:59:21',
    0,
    1,
    NULL,
    NULL,
    0,
    '2025-11-08 13:38:48'
  );
INSERT INTO
  `inventories` (
    `id`,
    `item_name`,
    `unit_quantities`,
    `store_quantities`,
    `cp_pu`,
    `sp_pu`,
    `item_type`,
    `item_class`,
    `low_stock_threshold`,
    `branch_id`,
    `updated_by`,
    `date_time`,
    `last_restock_quantity`,
    `revision`,
    `origin_device_id`,
    `deleted_at`,
    `sync_status`,
    `last_modified`
  )
VALUES
  (
    686,
    'GACIRON EYE DROP',
    0,
    0,
    0.00,
    0.00,
    'gel_cream',
    'General Drug',
    10,
    1,
    'system',
    '2025-07-07 09:59:21',
    0,
    1,
    NULL,
    NULL,
    0,
    '2025-11-08 13:38:48'
  );
INSERT INTO
  `inventories` (
    `id`,
    `item_name`,
    `unit_quantities`,
    `store_quantities`,
    `cp_pu`,
    `sp_pu`,
    `item_type`,
    `item_class`,
    `low_stock_threshold`,
    `branch_id`,
    `updated_by`,
    `date_time`,
    `last_restock_quantity`,
    `revision`,
    `origin_device_id`,
    `deleted_at`,
    `sync_status`,
    `last_modified`
  )
VALUES
  (
    687,
    'GALVUS MET 50/1000',
    0,
    0,
    0.00,
    0.00,
    'card_drug',
    'General Drug',
    10,
    1,
    'system',
    '2025-07-07 09:59:21',
    0,
    1,
    NULL,
    NULL,
    0,
    '2025-11-08 13:38:48'
  );
INSERT INTO
  `inventories` (
    `id`,
    `item_name`,
    `unit_quantities`,
    `store_quantities`,
    `cp_pu`,
    `sp_pu`,
    `item_type`,
    `item_class`,
    `low_stock_threshold`,
    `branch_id`,
    `updated_by`,
    `date_time`,
    `last_restock_quantity`,
    `revision`,
    `origin_device_id`,
    `deleted_at`,
    `sync_status`,
    `last_modified`
  )
VALUES
  (
    688,
    'Gascol syrup',
    0,
    0,
    0.00,
    0.00,
    'syrup_drug',
    'General Drug',
    10,
    1,
    'system',
    '2025-07-07 09:59:21',
    0,
    1,
    NULL,
    NULL,
    0,
    '2025-11-08 13:38:48'
  );
INSERT INTO
  `inventories` (
    `id`,
    `item_name`,
    `unit_quantities`,
    `store_quantities`,
    `cp_pu`,
    `sp_pu`,
    `item_type`,
    `item_class`,
    `low_stock_threshold`,
    `branch_id`,
    `updated_by`,
    `date_time`,
    `last_restock_quantity`,
    `revision`,
    `origin_device_id`,
    `deleted_at`,
    `sync_status`,
    `last_modified`
  )
VALUES
  (
    689,
    'Gascol tab',
    0,
    0,
    0.00,
    0.00,
    'card_drug',
    'General Drug',
    10,
    1,
    'system',
    '2025-07-07 09:59:21',
    0,
    1,
    NULL,
    NULL,
    0,
    '2025-11-08 13:38:48'
  );
INSERT INTO
  `inventories` (
    `id`,
    `item_name`,
    `unit_quantities`,
    `store_quantities`,
    `cp_pu`,
    `sp_pu`,
    `item_type`,
    `item_class`,
    `low_stock_threshold`,
    `branch_id`,
    `updated_by`,
    `date_time`,
    `last_restock_quantity`,
    `revision`,
    `origin_device_id`,
    `deleted_at`,
    `sync_status`,
    `last_modified`
  )
VALUES
  (
    690,
    'Gauze bandage',
    0,
    0,
    0.00,
    0.00,
    'medical_consumables',
    'consumables',
    10,
    1,
    'system',
    '2025-07-07 09:59:21',
    0,
    1,
    NULL,
    NULL,
    0,
    '2025-11-08 13:38:48'
  );
INSERT INTO
  `inventories` (
    `id`,
    `item_name`,
    `unit_quantities`,
    `store_quantities`,
    `cp_pu`,
    `sp_pu`,
    `item_type`,
    `item_class`,
    `low_stock_threshold`,
    `branch_id`,
    `updated_by`,
    `date_time`,
    `last_restock_quantity`,
    `revision`,
    `origin_device_id`,
    `deleted_at`,
    `sync_status`,
    `last_modified`
  )
VALUES
  (
    691,
    'Gecrol (big)',
    0,
    0,
    0.00,
    0.00,
    'card_drug',
    'General Drug',
    10,
    1,
    'system',
    '2025-07-07 09:59:21',
    0,
    1,
    NULL,
    NULL,
    0,
    '2025-11-08 13:38:48'
  );
INSERT INTO
  `inventories` (
    `id`,
    `item_name`,
    `unit_quantities`,
    `store_quantities`,
    `cp_pu`,
    `sp_pu`,
    `item_type`,
    `item_class`,
    `low_stock_threshold`,
    `branch_id`,
    `updated_by`,
    `date_time`,
    `last_restock_quantity`,
    `revision`,
    `origin_device_id`,
    `deleted_at`,
    `sync_status`,
    `last_modified`
  )
VALUES
  (
    692,
    'Gecrol(small)',
    0,
    0,
    0.00,
    0.00,
    'card_drug',
    'General Drug',
    10,
    1,
    'system',
    '2025-07-07 09:59:21',
    0,
    1,
    NULL,
    NULL,
    0,
    '2025-11-08 13:38:48'
  );
INSERT INTO
  `inventories` (
    `id`,
    `item_name`,
    `unit_quantities`,
    `store_quantities`,
    `cp_pu`,
    `sp_pu`,
    `item_type`,
    `item_class`,
    `low_stock_threshold`,
    `branch_id`,
    `updated_by`,
    `date_time`,
    `last_restock_quantity`,
    `revision`,
    `origin_device_id`,
    `deleted_at`,
    `sync_status`,
    `last_modified`
  )
VALUES
  (
    693,
    'Gelucil',
    0,
    0,
    0.00,
    0.00,
    'card_drug',
    'General Drug',
    10,
    1,
    'system',
    '2025-07-07 09:59:21',
    0,
    1,
    NULL,
    NULL,
    0,
    '2025-11-08 13:38:48'
  );
INSERT INTO
  `inventories` (
    `id`,
    `item_name`,
    `unit_quantities`,
    `store_quantities`,
    `cp_pu`,
    `sp_pu`,
    `item_type`,
    `item_class`,
    `low_stock_threshold`,
    `branch_id`,
    `updated_by`,
    `date_time`,
    `last_restock_quantity`,
    `revision`,
    `origin_device_id`,
    `deleted_at`,
    `sync_status`,
    `last_modified`
  )
VALUES
  (
    694,
    'Gentamicin eye/ear drop',
    0,
    0,
    0.00,
    0.00,
    'gel_cream',
    'General Drug',
    10,
    1,
    'system',
    '2025-07-07 09:59:21',
    0,
    1,
    NULL,
    NULL,
    0,
    '2025-11-08 13:38:48'
  );
INSERT INTO
  `inventories` (
    `id`,
    `item_name`,
    `unit_quantities`,
    `store_quantities`,
    `cp_pu`,
    `sp_pu`,
    `item_type`,
    `item_class`,
    `low_stock_threshold`,
    `branch_id`,
    `updated_by`,
    `date_time`,
    `last_restock_quantity`,
    `revision`,
    `origin_device_id`,
    `deleted_at`,
    `sync_status`,
    `last_modified`
  )
VALUES
  (
    695,
    'GENTAMYCIN 280MG INJ',
    0,
    0,
    0.00,
    0.00,
    'injection',
    'antibiotics',
    10,
    1,
    'system',
    '2025-07-07 09:59:21',
    0,
    1,
    NULL,
    NULL,
    0,
    '2025-11-08 13:38:48'
  );
INSERT INTO
  `inventories` (
    `id`,
    `item_name`,
    `unit_quantities`,
    `store_quantities`,
    `cp_pu`,
    `sp_pu`,
    `item_type`,
    `item_class`,
    `low_stock_threshold`,
    `branch_id`,
    `updated_by`,
    `date_time`,
    `last_restock_quantity`,
    `revision`,
    `origin_device_id`,
    `deleted_at`,
    `sync_status`,
    `last_modified`
  )
VALUES
  (
    696,
    'GENTAMYCIN CREAM 15G',
    0,
    0,
    0.00,
    0.00,
    'gel_cream',
    'antibiotics',
    10,
    1,
    'system',
    '2025-07-07 09:59:21',
    0,
    1,
    NULL,
    NULL,
    0,
    '2025-11-08 13:38:48'
  );
INSERT INTO
  `inventories` (
    `id`,
    `item_name`,
    `unit_quantities`,
    `store_quantities`,
    `cp_pu`,
    `sp_pu`,
    `item_type`,
    `item_class`,
    `low_stock_threshold`,
    `branch_id`,
    `updated_by`,
    `date_time`,
    `last_restock_quantity`,
    `revision`,
    `origin_device_id`,
    `deleted_at`,
    `sync_status`,
    `last_modified`
  )
VALUES
  (
    697,
    'Gentamycin Inj',
    0,
    0,
    0.00,
    0.00,
    'injection',
    'antibiotics',
    10,
    1,
    'system',
    '2025-07-07 09:59:21',
    0,
    1,
    NULL,
    NULL,
    0,
    '2025-11-08 13:38:48'
  );
INSERT INTO
  `inventories` (
    `id`,
    `item_name`,
    `unit_quantities`,
    `store_quantities`,
    `cp_pu`,
    `sp_pu`,
    `item_type`,
    `item_class`,
    `low_stock_threshold`,
    `branch_id`,
    `updated_by`,
    `date_time`,
    `last_restock_quantity`,
    `revision`,
    `origin_device_id`,
    `deleted_at`,
    `sync_status`,
    `last_modified`
  )
VALUES
  (
    698,
    'GENTAMYCIN OINTMENT',
    0,
    0,
    0.00,
    0.00,
    'gel_cream',
    'antibiotics',
    10,
    1,
    'system',
    '2025-07-07 09:59:21',
    0,
    1,
    NULL,
    NULL,
    0,
    '2025-11-08 13:38:48'
  );
INSERT INTO
  `inventories` (
    `id`,
    `item_name`,
    `unit_quantities`,
    `store_quantities`,
    `cp_pu`,
    `sp_pu`,
    `item_type`,
    `item_class`,
    `low_stock_threshold`,
    `branch_id`,
    `updated_by`,
    `date_time`,
    `last_restock_quantity`,
    `revision`,
    `origin_device_id`,
    `deleted_at`,
    `sync_status`,
    `last_modified`
  )
VALUES
  (
    699,
    'GENTIVAC B ADULT HEPATITIS VACCINE',
    0,
    0,
    0.00,
    0.00,
    'injection',
    'General Drug',
    10,
    1,
    'system',
    '2025-07-07 09:59:21',
    0,
    1,
    NULL,
    NULL,
    0,
    '2025-11-08 13:38:48'
  );
INSERT INTO
  `inventories` (
    `id`,
    `item_name`,
    `unit_quantities`,
    `store_quantities`,
    `cp_pu`,
    `sp_pu`,
    `item_type`,
    `item_class`,
    `low_stock_threshold`,
    `branch_id`,
    `updated_by`,
    `date_time`,
    `last_restock_quantity`,
    `revision`,
    `origin_device_id`,
    `deleted_at`,
    `sync_status`,
    `last_modified`
  )
VALUES
  (
    700,
    'GERIATRIC PHARMATHON',
    0,
    0,
    0.00,
    0.00,
    'card_drug',
    'nutritional-supliment',
    10,
    1,
    'system',
    '2025-07-07 09:59:21',
    0,
    1,
    NULL,
    NULL,
    0,
    '2025-11-08 13:38:48'
  );
INSERT INTO
  `inventories` (
    `id`,
    `item_name`,
    `unit_quantities`,
    `store_quantities`,
    `cp_pu`,
    `sp_pu`,
    `item_type`,
    `item_class`,
    `low_stock_threshold`,
    `branch_id`,
    `updated_by`,
    `date_time`,
    `last_restock_quantity`,
    `revision`,
    `origin_device_id`,
    `deleted_at`,
    `sync_status`,
    `last_modified`
  )
VALUES
  (
    701,
    'GESTID (ANTASID) TAB',
    0,
    0,
    0.00,
    0.00,
    'card_drug',
    'General Drug',
    10,
    1,
    'system',
    '2025-07-07 09:59:21',
    0,
    1,
    NULL,
    NULL,
    0,
    '2025-11-08 13:38:48'
  );
INSERT INTO
  `inventories` (
    `id`,
    `item_name`,
    `unit_quantities`,
    `store_quantities`,
    `cp_pu`,
    `sp_pu`,
    `item_type`,
    `item_class`,
    `low_stock_threshold`,
    `branch_id`,
    `updated_by`,
    `date_time`,
    `last_restock_quantity`,
    `revision`,
    `origin_device_id`,
    `deleted_at`,
    `sync_status`,
    `last_modified`
  )
VALUES
  (
    702,
    'GESTID 200MG/5ML',
    0,
    0,
    0.00,
    0.00,
    'syrup_drug',
    'General Drug',
    10,
    1,
    'system',
    '2025-07-07 09:59:21',
    0,
    1,
    NULL,
    NULL,
    0,
    '2025-11-08 13:38:48'
  );
INSERT INTO
  `inventories` (
    `id`,
    `item_name`,
    `unit_quantities`,
    `store_quantities`,
    `cp_pu`,
    `sp_pu`,
    `item_type`,
    `item_class`,
    `low_stock_threshold`,
    `branch_id`,
    `updated_by`,
    `date_time`,
    `last_restock_quantity`,
    `revision`,
    `origin_device_id`,
    `deleted_at`,
    `sync_status`,
    `last_modified`
  )
VALUES
  (
    703,
    'GESTID 200ML SYR',
    0,
    0,
    0.00,
    0.00,
    'syrup_drug',
    'General Drug',
    10,
    1,
    'system',
    '2025-07-07 09:59:21',
    0,
    1,
    NULL,
    NULL,
    0,
    '2025-11-08 13:38:48'
  );
INSERT INTO
  `inventories` (
    `id`,
    `item_name`,
    `unit_quantities`,
    `store_quantities`,
    `cp_pu`,
    `sp_pu`,
    `item_type`,
    `item_class`,
    `low_stock_threshold`,
    `branch_id`,
    `updated_by`,
    `date_time`,
    `last_restock_quantity`,
    `revision`,
    `origin_device_id`,
    `deleted_at`,
    `sync_status`,
    `last_modified`
  )
VALUES
  (
    704,
    'GESTONE 50MG INJ',
    0,
    0,
    0.00,
    0.00,
    'injection',
    'General Drug',
    10,
    1,
    'system',
    '2025-07-07 09:59:21',
    0,
    1,
    NULL,
    NULL,
    0,
    '2025-11-08 13:38:48'
  );
INSERT INTO
  `inventories` (
    `id`,
    `item_name`,
    `unit_quantities`,
    `store_quantities`,
    `cp_pu`,
    `sp_pu`,
    `item_type`,
    `item_class`,
    `low_stock_threshold`,
    `branch_id`,
    `updated_by`,
    `date_time`,
    `last_restock_quantity`,
    `revision`,
    `origin_device_id`,
    `deleted_at`,
    `sync_status`,
    `last_modified`
  )
VALUES
  (
    705,
    'Giving set',
    0,
    0,
    0.00,
    0.00,
    'medical_consumables',
    'consumables',
    10,
    1,
    'system',
    '2025-07-07 09:59:21',
    0,
    1,
    NULL,
    NULL,
    0,
    '2025-11-08 13:38:48'
  );
INSERT INTO
  `inventories` (
    `id`,
    `item_name`,
    `unit_quantities`,
    `store_quantities`,
    `cp_pu`,
    `sp_pu`,
    `item_type`,
    `item_class`,
    `low_stock_threshold`,
    `branch_id`,
    `updated_by`,
    `date_time`,
    `last_restock_quantity`,
    `revision`,
    `origin_device_id`,
    `deleted_at`,
    `sync_status`,
    `last_modified`
  )
VALUES
  (
    706,
    'GLIBENCLAMIDE 5MG (DIATAB) TAB',
    0,
    0,
    0.00,
    0.00,
    'card_drug',
    'General Drug',
    10,
    1,
    'system',
    '2025-07-07 09:59:21',
    0,
    1,
    NULL,
    NULL,
    0,
    '2025-11-08 13:38:48'
  );
INSERT INTO
  `inventories` (
    `id`,
    `item_name`,
    `unit_quantities`,
    `store_quantities`,
    `cp_pu`,
    `sp_pu`,
    `item_type`,
    `item_class`,
    `low_stock_threshold`,
    `branch_id`,
    `updated_by`,
    `date_time`,
    `last_restock_quantity`,
    `revision`,
    `origin_device_id`,
    `deleted_at`,
    `sync_status`,
    `last_modified`
  )
VALUES
  (
    707,
    'GLIMEPIRIDE 2MG (MEPIRYL) TAB',
    0,
    0,
    0.00,
    0.00,
    'card_drug',
    'General Drug',
    10,
    1,
    'system',
    '2025-07-07 09:59:21',
    0,
    1,
    NULL,
    NULL,
    0,
    '2025-11-08 13:38:48'
  );
INSERT INTO
  `inventories` (
    `id`,
    `item_name`,
    `unit_quantities`,
    `store_quantities`,
    `cp_pu`,
    `sp_pu`,
    `item_type`,
    `item_class`,
    `low_stock_threshold`,
    `branch_id`,
    `updated_by`,
    `date_time`,
    `last_restock_quantity`,
    `revision`,
    `origin_device_id`,
    `deleted_at`,
    `sync_status`,
    `last_modified`
  )
VALUES
  (
    708,
    'GLUCOPHAGE 500MG TAB',
    0,
    0,
    0.00,
    0.00,
    'card_drug',
    'General Drug',
    10,
    1,
    'system',
    '2025-07-07 09:59:21',
    0,
    1,
    NULL,
    NULL,
    0,
    '2025-11-08 13:38:48'
  );
INSERT INTO
  `inventories` (
    `id`,
    `item_name`,
    `unit_quantities`,
    `store_quantities`,
    `cp_pu`,
    `sp_pu`,
    `item_type`,
    `item_class`,
    `low_stock_threshold`,
    `branch_id`,
    `updated_by`,
    `date_time`,
    `last_restock_quantity`,
    `revision`,
    `origin_device_id`,
    `deleted_at`,
    `sync_status`,
    `last_modified`
  )
VALUES
  (
    709,
    'Glucose',
    0,
    0,
    0.00,
    0.00,
    'card_drug',
    'General Drug',
    10,
    1,
    'system',
    '2025-07-07 09:59:21',
    0,
    1,
    NULL,
    NULL,
    0,
    '2025-11-08 13:38:48'
  );
INSERT INTO
  `inventories` (
    `id`,
    `item_name`,
    `unit_quantities`,
    `store_quantities`,
    `cp_pu`,
    `sp_pu`,
    `item_type`,
    `item_class`,
    `low_stock_threshold`,
    `branch_id`,
    `updated_by`,
    `date_time`,
    `last_restock_quantity`,
    `revision`,
    `origin_device_id`,
    `deleted_at`,
    `sync_status`,
    `last_modified`
  )
VALUES
  (
    710,
    'Glucose calcium Inj',
    0,
    0,
    0.00,
    0.00,
    'injection',
    'General Drug',
    10,
    1,
    'system',
    '2025-07-07 09:59:21',
    0,
    1,
    NULL,
    NULL,
    0,
    '2025-11-08 13:38:48'
  );
INSERT INTO
  `inventories` (
    `id`,
    `item_name`,
    `unit_quantities`,
    `store_quantities`,
    `cp_pu`,
    `sp_pu`,
    `item_type`,
    `item_class`,
    `low_stock_threshold`,
    `branch_id`,
    `updated_by`,
    `date_time`,
    `last_restock_quantity`,
    `revision`,
    `origin_device_id`,
    `deleted_at`,
    `sync_status`,
    `last_modified`
  )
VALUES
  (
    711,
    'GLYBENCLAMIDE 5MG TAB',
    0,
    0,
    0.00,
    0.00,
    'card_drug',
    'General Drug',
    10,
    1,
    'system',
    '2025-07-07 09:59:21',
    0,
    1,
    NULL,
    NULL,
    0,
    '2025-11-08 13:38:48'
  );
INSERT INTO
  `inventories` (
    `id`,
    `item_name`,
    `unit_quantities`,
    `store_quantities`,
    `cp_pu`,
    `sp_pu`,
    `item_type`,
    `item_class`,
    `low_stock_threshold`,
    `branch_id`,
    `updated_by`,
    `date_time`,
    `last_restock_quantity`,
    `revision`,
    `origin_device_id`,
    `deleted_at`,
    `sync_status`,
    `last_modified`
  )
VALUES
  (
    712,
    'Green cannula',
    0,
    0,
    0.00,
    0.00,
    'medical_consumables',
    'consumables',
    10,
    1,
    'system',
    '2025-07-07 09:59:21',
    0,
    1,
    NULL,
    NULL,
    0,
    '2025-11-08 13:38:48'
  );
INSERT INTO
  `inventories` (
    `id`,
    `item_name`,
    `unit_quantities`,
    `store_quantities`,
    `cp_pu`,
    `sp_pu`,
    `item_type`,
    `item_class`,
    `low_stock_threshold`,
    `branch_id`,
    `updated_by`,
    `date_time`,
    `last_restock_quantity`,
    `revision`,
    `origin_device_id`,
    `deleted_at`,
    `sync_status`,
    `last_modified`
  )
VALUES
  (
    713,
    'Grey cannula',
    0,
    0,
    0.00,
    0.00,
    'medical_consumables',
    'consumables',
    10,
    1,
    'system',
    '2025-07-07 09:59:21',
    0,
    1,
    NULL,
    NULL,
    0,
    '2025-11-08 13:38:48'
  );
INSERT INTO
  `inventories` (
    `id`,
    `item_name`,
    `unit_quantities`,
    `store_quantities`,
    `cp_pu`,
    `sp_pu`,
    `item_type`,
    `item_class`,
    `low_stock_threshold`,
    `branch_id`,
    `updated_by`,
    `date_time`,
    `last_restock_quantity`,
    `revision`,
    `origin_device_id`,
    `deleted_at`,
    `sync_status`,
    `last_modified`
  )
VALUES
  (
    714,
    'GRISEOFULVIN 125MG/5ML SYRUP',
    0,
    0,
    0.00,
    0.00,
    'syrup_drug',
    'antifungi oral',
    10,
    1,
    'system',
    '2025-07-07 09:59:21',
    0,
    1,
    NULL,
    NULL,
    0,
    '2025-11-08 13:38:48'
  );
INSERT INTO
  `inventories` (
    `id`,
    `item_name`,
    `unit_quantities`,
    `store_quantities`,
    `cp_pu`,
    `sp_pu`,
    `item_type`,
    `item_class`,
    `low_stock_threshold`,
    `branch_id`,
    `updated_by`,
    `date_time`,
    `last_restock_quantity`,
    `revision`,
    `origin_device_id`,
    `deleted_at`,
    `sync_status`,
    `last_modified`
  )
VALUES
  (
    715,
    'GSUNATE 100MG (RECTAL ARTESUNATE)',
    0,
    0,
    0.00,
    0.00,
    'card_drug',
    'ACT',
    10,
    1,
    'system',
    '2025-07-07 09:59:21',
    0,
    1,
    NULL,
    NULL,
    0,
    '2025-11-08 13:38:48'
  );
INSERT INTO
  `inventories` (
    `id`,
    `item_name`,
    `unit_quantities`,
    `store_quantities`,
    `cp_pu`,
    `sp_pu`,
    `item_type`,
    `item_class`,
    `low_stock_threshold`,
    `branch_id`,
    `updated_by`,
    `date_time`,
    `last_restock_quantity`,
    `revision`,
    `origin_device_id`,
    `deleted_at`,
    `sync_status`,
    `last_modified`
  )
VALUES
  (
    716,
    'GYNO-DAKTARIN 400MG VAG PESSARIES',
    0,
    0,
    0.00,
    0.00,
    'insertion',
    'antifungi cream',
    10,
    1,
    'system',
    '2025-07-07 09:59:21',
    0,
    1,
    NULL,
    NULL,
    0,
    '2025-11-08 13:38:48'
  );
INSERT INTO
  `inventories` (
    `id`,
    `item_name`,
    `unit_quantities`,
    `store_quantities`,
    `cp_pu`,
    `sp_pu`,
    `item_type`,
    `item_class`,
    `low_stock_threshold`,
    `branch_id`,
    `updated_by`,
    `date_time`,
    `last_restock_quantity`,
    `revision`,
    `origin_device_id`,
    `deleted_at`,
    `sync_status`,
    `last_modified`
  )
VALUES
  (
    717,
    'HAEMARON TAB',
    0,
    0,
    0.00,
    0.00,
    'card_drug',
    'hematinics',
    10,
    1,
    'system',
    '2025-07-07 09:59:21',
    0,
    1,
    NULL,
    NULL,
    0,
    '2025-11-08 13:38:48'
  );
INSERT INTO
  `inventories` (
    `id`,
    `item_name`,
    `unit_quantities`,
    `store_quantities`,
    `cp_pu`,
    `sp_pu`,
    `item_type`,
    `item_class`,
    `low_stock_threshold`,
    `branch_id`,
    `updated_by`,
    `date_time`,
    `last_restock_quantity`,
    `revision`,
    `origin_device_id`,
    `deleted_at`,
    `sync_status`,
    `last_modified`
  )
VALUES
  (
    718,
    'HALOFANTRIN 250MG (HALFAN)',
    0,
    0,
    0.00,
    0.00,
    'card_drug',
    'ACT',
    10,
    1,
    'system',
    '2025-07-07 09:59:21',
    0,
    1,
    NULL,
    NULL,
    0,
    '2025-11-08 13:38:48'
  );
INSERT INTO
  `inventories` (
    `id`,
    `item_name`,
    `unit_quantities`,
    `store_quantities`,
    `cp_pu`,
    `sp_pu`,
    `item_type`,
    `item_class`,
    `low_stock_threshold`,
    `branch_id`,
    `updated_by`,
    `date_time`,
    `last_restock_quantity`,
    `revision`,
    `origin_device_id`,
    `deleted_at`,
    `sync_status`,
    `last_modified`
  )
VALUES
  (
    719,
    'HALOPERIDOL HCl (HALFAN 250MG)',
    0,
    0,
    0.00,
    0.00,
    'card_drug',
    'ACT',
    10,
    1,
    'system',
    '2025-07-07 09:59:21',
    0,
    1,
    NULL,
    NULL,
    0,
    '2025-11-08 13:38:48'
  );
INSERT INTO
  `inventories` (
    `id`,
    `item_name`,
    `unit_quantities`,
    `store_quantities`,
    `cp_pu`,
    `sp_pu`,
    `item_type`,
    `item_class`,
    `low_stock_threshold`,
    `branch_id`,
    `updated_by`,
    `date_time`,
    `last_restock_quantity`,
    `revision`,
    `origin_device_id`,
    `deleted_at`,
    `sync_status`,
    `last_modified`
  )
VALUES
  (
    720,
    'HAVRIX 1440',
    0,
    0,
    0.00,
    0.00,
    'card_drug',
    'General Drug',
    10,
    1,
    'system',
    '2025-07-07 09:59:21',
    0,
    1,
    NULL,
    NULL,
    0,
    '2025-11-08 13:38:48'
  );
INSERT INTO
  `inventories` (
    `id`,
    `item_name`,
    `unit_quantities`,
    `store_quantities`,
    `cp_pu`,
    `sp_pu`,
    `item_type`,
    `item_class`,
    `low_stock_threshold`,
    `branch_id`,
    `updated_by`,
    `date_time`,
    `last_restock_quantity`,
    `revision`,
    `origin_device_id`,
    `deleted_at`,
    `sync_status`,
    `last_modified`
  )
VALUES
  (
    721,
    'HBV',
    0,
    0,
    0.00,
    0.00,
    'injection',
    'General Drug',
    10,
    1,
    'system',
    '2025-07-07 09:59:21',
    0,
    1,
    NULL,
    NULL,
    0,
    '2025-11-08 13:38:48'
  );
INSERT INTO
  `inventories` (
    `id`,
    `item_name`,
    `unit_quantities`,
    `store_quantities`,
    `cp_pu`,
    `sp_pu`,
    `item_type`,
    `item_class`,
    `low_stock_threshold`,
    `branch_id`,
    `updated_by`,
    `date_time`,
    `last_restock_quantity`,
    `revision`,
    `origin_device_id`,
    `deleted_at`,
    `sync_status`,
    `last_modified`
  )
VALUES
  (
    722,
    'HBV kit',
    0,
    0,
    0.00,
    0.00,
    'medical_consumables',
    'consumables',
    10,
    1,
    'system',
    '2025-07-07 09:59:21',
    0,
    1,
    NULL,
    NULL,
    0,
    '2025-11-08 13:38:48'
  );
INSERT INTO
  `inventories` (
    `id`,
    `item_name`,
    `unit_quantities`,
    `store_quantities`,
    `cp_pu`,
    `sp_pu`,
    `item_type`,
    `item_class`,
    `low_stock_threshold`,
    `branch_id`,
    `updated_by`,
    `date_time`,
    `last_restock_quantity`,
    `revision`,
    `origin_device_id`,
    `deleted_at`,
    `sync_status`,
    `last_modified`
  )
VALUES
  (
    723,
    'HCV kit',
    0,
    0,
    0.00,
    0.00,
    'medical_consumables',
    'consumables',
    10,
    1,
    'system',
    '2025-07-07 09:59:21',
    0,
    1,
    NULL,
    NULL,
    0,
    '2025-11-08 13:38:48'
  );
INSERT INTO
  `inventories` (
    `id`,
    `item_name`,
    `unit_quantities`,
    `store_quantities`,
    `cp_pu`,
    `sp_pu`,
    `item_type`,
    `item_class`,
    `low_stock_threshold`,
    `branch_id`,
    `updated_by`,
    `date_time`,
    `last_restock_quantity`,
    `revision`,
    `origin_device_id`,
    `deleted_at`,
    `sync_status`,
    `last_modified`
  )
VALUES
  (
    724,
    'HEPATITIS A',
    0,
    0,
    0.00,
    0.00,
    'injection',
    'General Drug',
    10,
    1,
    'system',
    '2025-07-07 09:59:21',
    0,
    1,
    NULL,
    NULL,
    0,
    '2025-11-08 13:38:48'
  );
INSERT INTO
  `inventories` (
    `id`,
    `item_name`,
    `unit_quantities`,
    `store_quantities`,
    `cp_pu`,
    `sp_pu`,
    `item_type`,
    `item_class`,
    `low_stock_threshold`,
    `branch_id`,
    `updated_by`,
    `date_time`,
    `last_restock_quantity`,
    `revision`,
    `origin_device_id`,
    `deleted_at`,
    `sync_status`,
    `last_modified`
  )
VALUES
  (
    725,
    'HEXIDENE MOUTHWASH',
    0,
    0,
    0.00,
    0.00,
    'bottle',
    'anti-septic',
    10,
    1,
    'system',
    '2025-07-07 09:59:21',
    0,
    1,
    NULL,
    NULL,
    0,
    '2025-11-08 13:38:48'
  );
INSERT INTO
  `inventories` (
    `id`,
    `item_name`,
    `unit_quantities`,
    `store_quantities`,
    `cp_pu`,
    `sp_pu`,
    `item_type`,
    `item_class`,
    `low_stock_threshold`,
    `branch_id`,
    `updated_by`,
    `date_time`,
    `last_restock_quantity`,
    `revision`,
    `origin_device_id`,
    `deleted_at`,
    `sync_status`,
    `last_modified`
  )
VALUES
  (
    726,
    'HIBERIX',
    0,
    0,
    0.00,
    0.00,
    'injection',
    'General Drug',
    10,
    1,
    'system',
    '2025-07-07 09:59:21',
    0,
    1,
    NULL,
    NULL,
    0,
    '2025-11-08 13:38:48'
  );
INSERT INTO
  `inventories` (
    `id`,
    `item_name`,
    `unit_quantities`,
    `store_quantities`,
    `cp_pu`,
    `sp_pu`,
    `item_type`,
    `item_class`,
    `low_stock_threshold`,
    `branch_id`,
    `updated_by`,
    `date_time`,
    `last_restock_quantity`,
    `revision`,
    `origin_device_id`,
    `deleted_at`,
    `sync_status`,
    `last_modified`
  )
VALUES
  (
    727,
    'HISTAC 150MG',
    0,
    0,
    0.00,
    0.00,
    'card_drug',
    'General Drug',
    10,
    1,
    'system',
    '2025-07-07 09:59:21',
    0,
    1,
    NULL,
    NULL,
    0,
    '2025-11-08 13:38:48'
  );
INSERT INTO
  `inventories` (
    `id`,
    `item_name`,
    `unit_quantities`,
    `store_quantities`,
    `cp_pu`,
    `sp_pu`,
    `item_type`,
    `item_class`,
    `low_stock_threshold`,
    `branch_id`,
    `updated_by`,
    `date_time`,
    `last_restock_quantity`,
    `revision`,
    `origin_device_id`,
    `deleted_at`,
    `sync_status`,
    `last_modified`
  )
VALUES
  (
    728,
    'HIV kit',
    0,
    0,
    0.00,
    0.00,
    'medical_consumables',
    'consumables',
    10,
    1,
    'system',
    '2025-07-07 09:59:21',
    0,
    1,
    NULL,
    NULL,
    0,
    '2025-11-08 13:38:48'
  );
INSERT INTO
  `inventories` (
    `id`,
    `item_name`,
    `unit_quantities`,
    `store_quantities`,
    `cp_pu`,
    `sp_pu`,
    `item_type`,
    `item_class`,
    `low_stock_threshold`,
    `branch_id`,
    `updated_by`,
    `date_time`,
    `last_restock_quantity`,
    `revision`,
    `origin_device_id`,
    `deleted_at`,
    `sync_status`,
    `last_modified`
  )
VALUES
  (
    729,
    'HOMTIMIN GINSENG TAB',
    0,
    0,
    0.00,
    0.00,
    'card_drug',
    'nutritional-supliment',
    10,
    1,
    'system',
    '2025-07-07 09:59:21',
    0,
    1,
    NULL,
    NULL,
    0,
    '2025-11-08 13:38:48'
  );
INSERT INTO
  `inventories` (
    `id`,
    `item_name`,
    `unit_quantities`,
    `store_quantities`,
    `cp_pu`,
    `sp_pu`,
    `item_type`,
    `item_class`,
    `low_stock_threshold`,
    `branch_id`,
    `updated_by`,
    `date_time`,
    `last_restock_quantity`,
    `revision`,
    `origin_device_id`,
    `deleted_at`,
    `sync_status`,
    `last_modified`
  )
VALUES
  (
    730,
    'HPV 0',
    0,
    0,
    0.00,
    0.00,
    'injection',
    'General Drug',
    10,
    1,
    'system',
    '2025-07-07 09:59:21',
    0,
    1,
    NULL,
    NULL,
    0,
    '2025-11-08 13:38:48'
  );
INSERT INTO
  `inventories` (
    `id`,
    `item_name`,
    `unit_quantities`,
    `store_quantities`,
    `cp_pu`,
    `sp_pu`,
    `item_type`,
    `item_class`,
    `low_stock_threshold`,
    `branch_id`,
    `updated_by`,
    `date_time`,
    `last_restock_quantity`,
    `revision`,
    `origin_device_id`,
    `deleted_at`,
    `sync_status`,
    `last_modified`
  )
VALUES
  (
    731,
    'HUMULIN 70/30 CARTRIDGE 100IU/ML INSULIN',
    0,
    0,
    0.00,
    0.00,
    'injection',
    'General Drug',
    10,
    1,
    'system',
    '2025-07-07 09:59:21',
    0,
    1,
    NULL,
    NULL,
    0,
    '2025-11-08 13:38:48'
  );
INSERT INTO
  `inventories` (
    `id`,
    `item_name`,
    `unit_quantities`,
    `store_quantities`,
    `cp_pu`,
    `sp_pu`,
    `item_type`,
    `item_class`,
    `low_stock_threshold`,
    `branch_id`,
    `updated_by`,
    `date_time`,
    `last_restock_quantity`,
    `revision`,
    `origin_device_id`,
    `deleted_at`,
    `sync_status`,
    `last_modified`
  )
VALUES
  (
    732,
    'HYCOMYCIN EYEDROP',
    0,
    0,
    0.00,
    0.00,
    'gel_cream',
    'General Drug',
    10,
    1,
    'system',
    '2025-07-07 09:59:21',
    0,
    1,
    NULL,
    NULL,
    0,
    '2025-11-08 13:38:48'
  );
INSERT INTO
  `inventories` (
    `id`,
    `item_name`,
    `unit_quantities`,
    `store_quantities`,
    `cp_pu`,
    `sp_pu`,
    `item_type`,
    `item_class`,
    `low_stock_threshold`,
    `branch_id`,
    `updated_by`,
    `date_time`,
    `last_restock_quantity`,
    `revision`,
    `origin_device_id`,
    `deleted_at`,
    `sync_status`,
    `last_modified`
  )
VALUES
  (
    733,
    'HYDRALAZINE INJ 20MG',
    0,
    0,
    0.00,
    0.00,
    'injection',
    'anti-hypertensive',
    10,
    1,
    'system',
    '2025-07-07 09:59:21',
    0,
    1,
    NULL,
    NULL,
    0,
    '2025-11-08 13:38:48'
  );
INSERT INTO
  `inventories` (
    `id`,
    `item_name`,
    `unit_quantities`,
    `store_quantities`,
    `cp_pu`,
    `sp_pu`,
    `item_type`,
    `item_class`,
    `low_stock_threshold`,
    `branch_id`,
    `updated_by`,
    `date_time`,
    `last_restock_quantity`,
    `revision`,
    `origin_device_id`,
    `deleted_at`,
    `sync_status`,
    `last_modified`
  )
VALUES
  (
    734,
    'Hydrex Tab',
    0,
    0,
    0.00,
    0.00,
    'card_drug',
    'General Drug',
    10,
    1,
    'system',
    '2025-07-07 09:59:21',
    0,
    1,
    NULL,
    NULL,
    0,
    '2025-11-08 13:38:48'
  );
INSERT INTO
  `inventories` (
    `id`,
    `item_name`,
    `unit_quantities`,
    `store_quantities`,
    `cp_pu`,
    `sp_pu`,
    `item_type`,
    `item_class`,
    `low_stock_threshold`,
    `branch_id`,
    `updated_by`,
    `date_time`,
    `last_restock_quantity`,
    `revision`,
    `origin_device_id`,
    `deleted_at`,
    `sync_status`,
    `last_modified`
  )
VALUES
  (
    735,
    'AMILORIDE TAB',
    0,
    0,
    0.00,
    0.00,
    'card_drug',
    'anti-hypertensive',
    10,
    1,
    'system',
    '2025-07-07 09:59:21',
    0,
    1,
    NULL,
    NULL,
    0,
    '2025-11-08 13:38:48'
  );
INSERT INTO
  `inventories` (
    `id`,
    `item_name`,
    `unit_quantities`,
    `store_quantities`,
    `cp_pu`,
    `sp_pu`,
    `item_type`,
    `item_class`,
    `low_stock_threshold`,
    `branch_id`,
    `updated_by`,
    `date_time`,
    `last_restock_quantity`,
    `revision`,
    `origin_device_id`,
    `deleted_at`,
    `sync_status`,
    `last_modified`
  )
VALUES
  (
    736,
    'Hydrocort Inj.',
    0,
    0,
    0.00,
    0.00,
    'injection',
    'steroid',
    10,
    1,
    'system',
    '2025-07-07 09:59:21',
    0,
    1,
    NULL,
    NULL,
    0,
    '2025-11-08 13:38:48'
  );
INSERT INTO
  `inventories` (
    `id`,
    `item_name`,
    `unit_quantities`,
    `store_quantities`,
    `cp_pu`,
    `sp_pu`,
    `item_type`,
    `item_class`,
    `low_stock_threshold`,
    `branch_id`,
    `updated_by`,
    `date_time`,
    `last_restock_quantity`,
    `revision`,
    `origin_device_id`,
    `deleted_at`,
    `sync_status`,
    `last_modified`
  )
VALUES
  (
    737,
    'HYDROCORTISONE 1% CREAM',
    0,
    0,
    0.00,
    0.00,
    'gel_cream',
    'steroid',
    10,
    1,
    'system',
    '2025-07-07 09:59:21',
    0,
    1,
    NULL,
    NULL,
    0,
    '2025-11-08 13:38:48'
  );
INSERT INTO
  `inventories` (
    `id`,
    `item_name`,
    `unit_quantities`,
    `store_quantities`,
    `cp_pu`,
    `sp_pu`,
    `item_type`,
    `item_class`,
    `low_stock_threshold`,
    `branch_id`,
    `updated_by`,
    `date_time`,
    `last_restock_quantity`,
    `revision`,
    `origin_device_id`,
    `deleted_at`,
    `sync_status`,
    `last_modified`
  )
VALUES
  (
    738,
    'Hyosine tab',
    0,
    0,
    0.00,
    0.00,
    'card_drug',
    'General Drug',
    10,
    1,
    'system',
    '2025-07-07 09:59:21',
    0,
    1,
    NULL,
    NULL,
    0,
    '2025-11-08 13:38:48'
  );
INSERT INTO
  `inventories` (
    `id`,
    `item_name`,
    `unit_quantities`,
    `store_quantities`,
    `cp_pu`,
    `sp_pu`,
    `item_type`,
    `item_class`,
    `low_stock_threshold`,
    `branch_id`,
    `updated_by`,
    `date_time`,
    `last_restock_quantity`,
    `revision`,
    `origin_device_id`,
    `deleted_at`,
    `sync_status`,
    `last_modified`
  )
VALUES
  (
    739,
    'Hyosine Inj.',
    0,
    0,
    0.00,
    0.00,
    'injection',
    'General Drug',
    10,
    1,
    'system',
    '2025-07-07 09:59:21',
    0,
    1,
    NULL,
    NULL,
    0,
    '2025-11-08 13:38:48'
  );
INSERT INTO
  `inventories` (
    `id`,
    `item_name`,
    `unit_quantities`,
    `store_quantities`,
    `cp_pu`,
    `sp_pu`,
    `item_type`,
    `item_class`,
    `low_stock_threshold`,
    `branch_id`,
    `updated_by`,
    `date_time`,
    `last_restock_quantity`,
    `revision`,
    `origin_device_id`,
    `deleted_at`,
    `sync_status`,
    `last_modified`
  )
VALUES
  (
    740,
    'HYPOMELLOSE EYE DROP',
    0,
    0,
    0.00,
    0.00,
    'gel_cream',
    'General Drug',
    10,
    1,
    'system',
    '2025-07-07 09:59:21',
    0,
    1,
    NULL,
    NULL,
    0,
    '2025-11-08 13:38:48'
  );
INSERT INTO
  `inventories` (
    `id`,
    `item_name`,
    `unit_quantities`,
    `store_quantities`,
    `cp_pu`,
    `sp_pu`,
    `item_type`,
    `item_class`,
    `low_stock_threshold`,
    `branch_id`,
    `updated_by`,
    `date_time`,
    `last_restock_quantity`,
    `revision`,
    `origin_device_id`,
    `deleted_at`,
    `sync_status`,
    `last_modified`
  )
VALUES
  (
    741,
    'Ibasunate',
    0,
    0,
    0.00,
    0.00,
    'card_drug',
    'ACT',
    10,
    1,
    'system',
    '2025-07-07 09:59:21',
    0,
    1,
    NULL,
    NULL,
    0,
    '2025-11-08 13:38:48'
  );
INSERT INTO
  `inventories` (
    `id`,
    `item_name`,
    `unit_quantities`,
    `store_quantities`,
    `cp_pu`,
    `sp_pu`,
    `item_type`,
    `item_class`,
    `low_stock_threshold`,
    `branch_id`,
    `updated_by`,
    `date_time`,
    `last_restock_quantity`,
    `revision`,
    `origin_device_id`,
    `deleted_at`,
    `sync_status`,
    `last_modified`
  )
VALUES
  (
    742,
    'Ibu 200mg',
    0,
    0,
    0.00,
    0.00,
    'card_drug',
    'anagelsic',
    10,
    1,
    'system',
    '2025-07-07 09:59:21',
    0,
    1,
    NULL,
    NULL,
    0,
    '2025-11-08 13:38:48'
  );
INSERT INTO
  `inventories` (
    `id`,
    `item_name`,
    `unit_quantities`,
    `store_quantities`,
    `cp_pu`,
    `sp_pu`,
    `item_type`,
    `item_class`,
    `low_stock_threshold`,
    `branch_id`,
    `updated_by`,
    `date_time`,
    `last_restock_quantity`,
    `revision`,
    `origin_device_id`,
    `deleted_at`,
    `sync_status`,
    `last_modified`
  )
VALUES
  (
    743,
    'Ibu 400mg',
    0,
    0,
    0.00,
    0.00,
    'card_drug',
    'anagelsic',
    10,
    1,
    'system',
    '2025-07-07 09:59:21',
    0,
    1,
    NULL,
    NULL,
    0,
    '2025-11-08 13:38:48'
  );
INSERT INTO
  `inventories` (
    `id`,
    `item_name`,
    `unit_quantities`,
    `store_quantities`,
    `cp_pu`,
    `sp_pu`,
    `item_type`,
    `item_class`,
    `low_stock_threshold`,
    `branch_id`,
    `updated_by`,
    `date_time`,
    `last_restock_quantity`,
    `revision`,
    `origin_device_id`,
    `deleted_at`,
    `sync_status`,
    `last_modified`
  )
VALUES
  (
    744,
    'Ibucap 400mg',
    0,
    0,
    0.00,
    0.00,
    'card_drug',
    'anagelsic',
    10,
    1,
    'system',
    '2025-07-07 09:59:21',
    0,
    1,
    NULL,
    NULL,
    0,
    '2025-11-08 13:38:48'
  );
INSERT INTO
  `inventories` (
    `id`,
    `item_name`,
    `unit_quantities`,
    `store_quantities`,
    `cp_pu`,
    `sp_pu`,
    `item_type`,
    `item_class`,
    `low_stock_threshold`,
    `branch_id`,
    `updated_by`,
    `date_time`,
    `last_restock_quantity`,
    `revision`,
    `origin_device_id`,
    `deleted_at`,
    `sync_status`,
    `last_modified`
  )
VALUES
  (
    745,
    'IBUPROFEN 100MG/5ML SYR',
    0,
    0,
    0.00,
    0.00,
    'syrup_drug',
    'anagelsic',
    10,
    1,
    'system',
    '2025-07-07 09:59:21',
    0,
    1,
    NULL,
    NULL,
    0,
    '2025-11-08 13:38:48'
  );
INSERT INTO
  `inventories` (
    `id`,
    `item_name`,
    `unit_quantities`,
    `store_quantities`,
    `cp_pu`,
    `sp_pu`,
    `item_type`,
    `item_class`,
    `low_stock_threshold`,
    `branch_id`,
    `updated_by`,
    `date_time`,
    `last_restock_quantity`,
    `revision`,
    `origin_device_id`,
    `deleted_at`,
    `sync_status`,
    `last_modified`
  )
VALUES
  (
    746,
    'IBUPROFEN 200MG TAB',
    0,
    0,
    0.00,
    0.00,
    'card_drug',
    'anagelsic',
    10,
    1,
    'system',
    '2025-07-07 09:59:21',
    0,
    1,
    NULL,
    NULL,
    0,
    '2025-11-08 13:38:48'
  );
INSERT INTO
  `inventories` (
    `id`,
    `item_name`,
    `unit_quantities`,
    `store_quantities`,
    `cp_pu`,
    `sp_pu`,
    `item_type`,
    `item_class`,
    `low_stock_threshold`,
    `branch_id`,
    `updated_by`,
    `date_time`,
    `last_restock_quantity`,
    `revision`,
    `origin_device_id`,
    `deleted_at`,
    `sync_status`,
    `last_modified`
  )
VALUES
  (
    747,
    'Ibuprofen syrup',
    0,
    0,
    0.00,
    0.00,
    'syrup_drug',
    'anagelsic',
    10,
    1,
    'system',
    '2025-07-07 09:59:21',
    0,
    1,
    NULL,
    NULL,
    0,
    '2025-11-08 13:38:48'
  );
INSERT INTO
  `inventories` (
    `id`,
    `item_name`,
    `unit_quantities`,
    `store_quantities`,
    `cp_pu`,
    `sp_pu`,
    `item_type`,
    `item_class`,
    `low_stock_threshold`,
    `branch_id`,
    `updated_by`,
    `date_time`,
    `last_restock_quantity`,
    `revision`,
    `origin_device_id`,
    `deleted_at`,
    `sync_status`,
    `last_modified`
  )
VALUES
  (
    748,
    'IMACIDDIN 50MG TAB',
    0,
    0,
    0.00,
    0.00,
    'card_drug',
    'General Drug',
    10,
    1,
    'system',
    '2025-07-07 09:59:21',
    0,
    1,
    NULL,
    NULL,
    0,
    '2025-11-08 13:38:48'
  );
INSERT INTO
  `inventories` (
    `id`,
    `item_name`,
    `unit_quantities`,
    `store_quantities`,
    `cp_pu`,
    `sp_pu`,
    `item_type`,
    `item_class`,
    `low_stock_threshold`,
    `branch_id`,
    `updated_by`,
    `date_time`,
    `last_restock_quantity`,
    `revision`,
    `origin_device_id`,
    `deleted_at`,
    `sync_status`,
    `last_modified`
  )
VALUES
  (
    749,
    'IMODIUM 2MG TAB',
    0,
    0,
    0.00,
    0.00,
    'card_drug',
    'General Drug',
    10,
    1,
    'system',
    '2025-07-07 09:59:21',
    0,
    1,
    NULL,
    NULL,
    0,
    '2025-11-08 13:38:48'
  );
INSERT INTO
  `inventories` (
    `id`,
    `item_name`,
    `unit_quantities`,
    `store_quantities`,
    `cp_pu`,
    `sp_pu`,
    `item_type`,
    `item_class`,
    `low_stock_threshold`,
    `branch_id`,
    `updated_by`,
    `date_time`,
    `last_restock_quantity`,
    `revision`,
    `origin_device_id`,
    `deleted_at`,
    `sync_status`,
    `last_modified`
  )
VALUES
  (
    750,
    'INDERAL 40MG TAB',
    0,
    0,
    0.00,
    0.00,
    'card_drug',
    'anti-hypertensive',
    10,
    1,
    'system',
    '2025-07-07 09:59:21',
    0,
    1,
    NULL,
    NULL,
    0,
    '2025-11-08 13:38:48'
  );
INSERT INTO
  `inventories` (
    `id`,
    `item_name`,
    `unit_quantities`,
    `store_quantities`,
    `cp_pu`,
    `sp_pu`,
    `item_type`,
    `item_class`,
    `low_stock_threshold`,
    `branch_id`,
    `updated_by`,
    `date_time`,
    `last_restock_quantity`,
    `revision`,
    `origin_device_id`,
    `deleted_at`,
    `sync_status`,
    `last_modified`
  )
VALUES
  (
    751,
    'INDIVIDUAL ANTI RABIES VACCINE',
    0,
    0,
    0.00,
    0.00,
    'injection',
    'General Drug',
    10,
    1,
    'system',
    '2025-07-07 09:59:21',
    0,
    1,
    NULL,
    NULL,
    0,
    '2025-11-08 13:38:48'
  );
INSERT INTO
  `inventories` (
    `id`,
    `item_name`,
    `unit_quantities`,
    `store_quantities`,
    `cp_pu`,
    `sp_pu`,
    `item_type`,
    `item_class`,
    `low_stock_threshold`,
    `branch_id`,
    `updated_by`,
    `date_time`,
    `last_restock_quantity`,
    `revision`,
    `origin_device_id`,
    `deleted_at`,
    `sync_status`,
    `last_modified`
  )
VALUES
  (
    752,
    'Indocid tab',
    0,
    0,
    0.00,
    0.00,
    'card_drug',
    'anagelsic',
    10,
    1,
    'system',
    '2025-07-07 09:59:21',
    0,
    1,
    NULL,
    NULL,
    0,
    '2025-11-08 13:38:48'
  );
INSERT INTO
  `inventories` (
    `id`,
    `item_name`,
    `unit_quantities`,
    `store_quantities`,
    `cp_pu`,
    `sp_pu`,
    `item_type`,
    `item_class`,
    `low_stock_threshold`,
    `branch_id`,
    `updated_by`,
    `date_time`,
    `last_restock_quantity`,
    `revision`,
    `origin_device_id`,
    `deleted_at`,
    `sync_status`,
    `last_modified`
  )
VALUES
  (
    753,
    'Inhaler',
    0,
    0,
    0.00,
    0.00,
    'card_drug',
    'General Drug',
    10,
    1,
    'system',
    '2025-07-07 09:59:21',
    0,
    1,
    NULL,
    NULL,
    0,
    '2025-11-08 13:38:48'
  );
INSERT INTO
  `inventories` (
    `id`,
    `item_name`,
    `unit_quantities`,
    `store_quantities`,
    `cp_pu`,
    `sp_pu`,
    `item_type`,
    `item_class`,
    `low_stock_threshold`,
    `branch_id`,
    `updated_by`,
    `date_time`,
    `last_restock_quantity`,
    `revision`,
    `origin_device_id`,
    `deleted_at`,
    `sync_status`,
    `last_modified`
  )
VALUES
  (
    754,
    'INSULIN LENTE I.U (inj)',
    0,
    0,
    0.00,
    0.00,
    'injection',
    'General Drug',
    10,
    1,
    'system',
    '2025-07-07 09:59:21',
    0,
    1,
    NULL,
    NULL,
    0,
    '2025-11-08 13:38:48'
  );
INSERT INTO
  `inventories` (
    `id`,
    `item_name`,
    `unit_quantities`,
    `store_quantities`,
    `cp_pu`,
    `sp_pu`,
    `item_type`,
    `item_class`,
    `low_stock_threshold`,
    `branch_id`,
    `updated_by`,
    `date_time`,
    `last_restock_quantity`,
    `revision`,
    `origin_device_id`,
    `deleted_at`,
    `sync_status`,
    `last_modified`
  )
VALUES
  (
    755,
    'INTERFLOX 500MG CAP',
    0,
    0,
    0.00,
    0.00,
    'card_drug',
    'antibiotics',
    10,
    1,
    'system',
    '2025-07-07 09:59:21',
    0,
    1,
    NULL,
    NULL,
    0,
    '2025-11-08 13:38:48'
  );
INSERT INTO
  `inventories` (
    `id`,
    `item_name`,
    `unit_quantities`,
    `store_quantities`,
    `cp_pu`,
    `sp_pu`,
    `item_type`,
    `item_class`,
    `low_stock_threshold`,
    `branch_id`,
    `updated_by`,
    `date_time`,
    `last_restock_quantity`,
    `revision`,
    `origin_device_id`,
    `deleted_at`,
    `sync_status`,
    `last_modified`
  )
VALUES
  (
    756,
    'IPV VACCINE',
    0,
    0,
    0.00,
    0.00,
    'injection',
    'General Drug',
    10,
    1,
    'system',
    '2025-07-07 09:59:21',
    0,
    1,
    NULL,
    NULL,
    0,
    '2025-11-08 13:38:48'
  );
INSERT INTO
  `inventories` (
    `id`,
    `item_name`,
    `unit_quantities`,
    `store_quantities`,
    `cp_pu`,
    `sp_pu`,
    `item_type`,
    `item_class`,
    `low_stock_threshold`,
    `branch_id`,
    `updated_by`,
    `date_time`,
    `last_restock_quantity`,
    `revision`,
    `origin_device_id`,
    `deleted_at`,
    `sync_status`,
    `last_modified`
  )
VALUES
  (
    757,
    'ISONIAZIDE 300MG (INH) TAB',
    0,
    0,
    0.00,
    0.00,
    'card_drug',
    'General Drug',
    10,
    1,
    'system',
    '2025-07-07 09:59:21',
    0,
    1,
    NULL,
    NULL,
    0,
    '2025-11-08 13:38:48'
  );
INSERT INTO
  `inventories` (
    `id`,
    `item_name`,
    `unit_quantities`,
    `store_quantities`,
    `cp_pu`,
    `sp_pu`,
    `item_type`,
    `item_class`,
    `low_stock_threshold`,
    `branch_id`,
    `updated_by`,
    `date_time`,
    `last_restock_quantity`,
    `revision`,
    `origin_device_id`,
    `deleted_at`,
    `sync_status`,
    `last_modified`
  )
VALUES
  (
    758,
    'ISORDIL 5MG TAB & T.L DROP',
    0,
    0,
    0.00,
    0.00,
    'card_drug',
    'General Drug',
    10,
    1,
    'system',
    '2025-07-07 09:59:21',
    0,
    1,
    NULL,
    NULL,
    0,
    '2025-11-08 13:38:48'
  );
INSERT INTO
  `inventories` (
    `id`,
    `item_name`,
    `unit_quantities`,
    `store_quantities`,
    `cp_pu`,
    `sp_pu`,
    `item_type`,
    `item_class`,
    `low_stock_threshold`,
    `branch_id`,
    `updated_by`,
    `date_time`,
    `last_restock_quantity`,
    `revision`,
    `origin_device_id`,
    `deleted_at`,
    `sync_status`,
    `last_modified`
  )
VALUES
  (
    759,
    'ITHANOL 100MG TAB',
    0,
    0,
    0.00,
    0.00,
    'card_drug',
    'General Drug',
    10,
    1,
    'system',
    '2025-07-07 09:59:21',
    0,
    1,
    NULL,
    NULL,
    0,
    '2025-11-08 13:38:48'
  );
INSERT INTO
  `inventories` (
    `id`,
    `item_name`,
    `unit_quantities`,
    `store_quantities`,
    `cp_pu`,
    `sp_pu`,
    `item_type`,
    `item_class`,
    `low_stock_threshold`,
    `branch_id`,
    `updated_by`,
    `date_time`,
    `last_restock_quantity`,
    `revision`,
    `origin_device_id`,
    `deleted_at`,
    `sync_status`,
    `last_modified`
  )
VALUES
  (
    760,
    'IVICROM EYE',
    0,
    0,
    0.00,
    0.00,
    'gel_cream',
    'General Drug',
    10,
    1,
    'system',
    '2025-07-07 09:59:21',
    0,
    1,
    NULL,
    NULL,
    0,
    '2025-11-08 13:38:48'
  );
INSERT INTO
  `inventories` (
    `id`,
    `item_name`,
    `unit_quantities`,
    `store_quantities`,
    `cp_pu`,
    `sp_pu`,
    `item_type`,
    `item_class`,
    `low_stock_threshold`,
    `branch_id`,
    `updated_by`,
    `date_time`,
    `last_restock_quantity`,
    `revision`,
    `origin_device_id`,
    `deleted_at`,
    `sync_status`,
    `last_modified`
  )
VALUES
  (
    761,
    'JAWASIL SUSP',
    0,
    0,
    0.00,
    0.00,
    'syrup_drug',
    'General Drug',
    10,
    1,
    'system',
    '2025-07-07 09:59:21',
    0,
    1,
    NULL,
    NULL,
    0,
    '2025-11-08 13:38:48'
  );
INSERT INTO
  `inventories` (
    `id`,
    `item_name`,
    `unit_quantities`,
    `store_quantities`,
    `cp_pu`,
    `sp_pu`,
    `item_type`,
    `item_class`,
    `low_stock_threshold`,
    `branch_id`,
    `updated_by`,
    `date_time`,
    `last_restock_quantity`,
    `revision`,
    `origin_device_id`,
    `deleted_at`,
    `sync_status`,
    `last_modified`
  )
VALUES
  (
    762,
    'KABIDAN 80MG ADULT TAB',
    0,
    0,
    0.00,
    0.00,
    'card_drug',
    'General Drug',
    10,
    1,
    'system',
    '2025-07-07 09:59:21',
    0,
    1,
    NULL,
    NULL,
    0,
    '2025-11-08 13:38:48'
  );
INSERT INTO
  `inventories` (
    `id`,
    `item_name`,
    `unit_quantities`,
    `store_quantities`,
    `cp_pu`,
    `sp_pu`,
    `item_type`,
    `item_class`,
    `low_stock_threshold`,
    `branch_id`,
    `updated_by`,
    `date_time`,
    `last_restock_quantity`,
    `revision`,
    `origin_device_id`,
    `deleted_at`,
    `sync_status`,
    `last_modified`
  )
VALUES
  (
    763,
    'KENALOG 40MG INJ',
    0,
    0,
    0.00,
    0.00,
    'injection',
    'steroid',
    10,
    1,
    'system',
    '2025-07-07 09:59:21',
    0,
    1,
    NULL,
    NULL,
    0,
    '2025-11-08 13:38:48'
  );
INSERT INTO
  `inventories` (
    `id`,
    `item_name`,
    `unit_quantities`,
    `store_quantities`,
    `cp_pu`,
    `sp_pu`,
    `item_type`,
    `item_class`,
    `low_stock_threshold`,
    `branch_id`,
    `updated_by`,
    `date_time`,
    `last_restock_quantity`,
    `revision`,
    `origin_device_id`,
    `deleted_at`,
    `sync_status`,
    `last_modified`
  )
VALUES
  (
    764,
    'KENALOG CREAM',
    0,
    0,
    0.00,
    0.00,
    'gel_cream',
    'steroid',
    10,
    1,
    'system',
    '2025-07-07 09:59:21',
    0,
    1,
    NULL,
    NULL,
    0,
    '2025-11-08 13:38:48'
  );
INSERT INTO
  `inventories` (
    `id`,
    `item_name`,
    `unit_quantities`,
    `store_quantities`,
    `cp_pu`,
    `sp_pu`,
    `item_type`,
    `item_class`,
    `low_stock_threshold`,
    `branch_id`,
    `updated_by`,
    `date_time`,
    `last_restock_quantity`,
    `revision`,
    `origin_device_id`,
    `deleted_at`,
    `sync_status`,
    `last_modified`
  )
VALUES
  (
    765,
    'KETAMINE INJ 200MG',
    0,
    0,
    0.00,
    0.00,
    'injection',
    'anaesthesia',
    10,
    1,
    'system',
    '2025-07-07 09:59:21',
    0,
    1,
    NULL,
    NULL,
    0,
    '2025-11-08 13:38:48'
  );
INSERT INTO
  `inventories` (
    `id`,
    `item_name`,
    `unit_quantities`,
    `store_quantities`,
    `cp_pu`,
    `sp_pu`,
    `item_type`,
    `item_class`,
    `low_stock_threshold`,
    `branch_id`,
    `updated_by`,
    `date_time`,
    `last_restock_quantity`,
    `revision`,
    `origin_device_id`,
    `deleted_at`,
    `sync_status`,
    `last_modified`
  )
VALUES
  (
    766,
    'KETOCONAZOLE 200MG SHAMPOO',
    0,
    0,
    0.00,
    0.00,
    'bottle',
    'antifungi cream',
    10,
    1,
    'system',
    '2025-07-07 09:59:21',
    0,
    1,
    NULL,
    NULL,
    0,
    '2025-11-08 13:38:48'
  );
INSERT INTO
  `inventories` (
    `id`,
    `item_name`,
    `unit_quantities`,
    `store_quantities`,
    `cp_pu`,
    `sp_pu`,
    `item_type`,
    `item_class`,
    `low_stock_threshold`,
    `branch_id`,
    `updated_by`,
    `date_time`,
    `last_restock_quantity`,
    `revision`,
    `origin_device_id`,
    `deleted_at`,
    `sync_status`,
    `last_modified`
  )
VALUES
  (
    767,
    'Ketoconazole cream(Purple)',
    0,
    0,
    0.00,
    0.00,
    'gel_cream',
    'antifungi cream',
    10,
    1,
    'system',
    '2025-07-07 09:59:21',
    0,
    1,
    NULL,
    NULL,
    0,
    '2025-11-08 13:38:48'
  );
INSERT INTO
  `inventories` (
    `id`,
    `item_name`,
    `unit_quantities`,
    `store_quantities`,
    `cp_pu`,
    `sp_pu`,
    `item_type`,
    `item_class`,
    `low_stock_threshold`,
    `branch_id`,
    `updated_by`,
    `date_time`,
    `last_restock_quantity`,
    `revision`,
    `origin_device_id`,
    `deleted_at`,
    `sync_status`,
    `last_modified`
  )
VALUES
  (
    768,
    'Ketoconazole cream(yellow)',
    0,
    0,
    0.00,
    2000.00,
    'gel_cream',
    'antifungi cream',
    10,
    1,
    'Abiodun Salako',
    '2025-12-26 22:18:10',
    0,
    1,
    NULL,
    NULL,
    0,
    '2025-11-08 13:38:48'
  );
INSERT INTO
  `inventories` (
    `id`,
    `item_name`,
    `unit_quantities`,
    `store_quantities`,
    `cp_pu`,
    `sp_pu`,
    `item_type`,
    `item_class`,
    `low_stock_threshold`,
    `branch_id`,
    `updated_by`,
    `date_time`,
    `last_restock_quantity`,
    `revision`,
    `origin_device_id`,
    `deleted_at`,
    `sync_status`,
    `last_modified`
  )
VALUES
  (
    769,
    'KETOCONAZOLE SHAMPOO (NIZORAL)',
    0,
    0,
    0.00,
    0.00,
    'bottle',
    'antifungi cream',
    10,
    1,
    'system',
    '2025-07-07 09:59:21',
    0,
    1,
    NULL,
    NULL,
    0,
    '2025-11-08 13:38:48'
  );
INSERT INTO
  `inventories` (
    `id`,
    `item_name`,
    `unit_quantities`,
    `store_quantities`,
    `cp_pu`,
    `sp_pu`,
    `item_type`,
    `item_class`,
    `low_stock_threshold`,
    `branch_id`,
    `updated_by`,
    `date_time`,
    `last_restock_quantity`,
    `revision`,
    `origin_device_id`,
    `deleted_at`,
    `sync_status`,
    `last_modified`
  )
VALUES
  (
    770,
    'Ketoconazole Tab',
    0,
    0,
    0.00,
    0.00,
    'card_drug',
    'antifungi oral',
    10,
    1,
    'system',
    '2025-07-07 09:59:21',
    0,
    1,
    NULL,
    NULL,
    0,
    '2025-11-08 13:38:48'
  );
INSERT INTO
  `inventories` (
    `id`,
    `item_name`,
    `unit_quantities`,
    `store_quantities`,
    `cp_pu`,
    `sp_pu`,
    `item_type`,
    `item_class`,
    `low_stock_threshold`,
    `branch_id`,
    `updated_by`,
    `date_time`,
    `last_restock_quantity`,
    `revision`,
    `origin_device_id`,
    `deleted_at`,
    `sync_status`,
    `last_modified`
  )
VALUES
  (
    771,
    'KETOPROFEN 200MG TAB',
    0,
    0,
    0.00,
    0.00,
    'card_drug',
    'anagelsic',
    10,
    1,
    'system',
    '2025-07-07 09:59:21',
    0,
    1,
    NULL,
    NULL,
    0,
    '2025-11-08 13:38:48'
  );
INSERT INTO
  `inventories` (
    `id`,
    `item_name`,
    `unit_quantities`,
    `store_quantities`,
    `cp_pu`,
    `sp_pu`,
    `item_type`,
    `item_class`,
    `low_stock_threshold`,
    `branch_id`,
    `updated_by`,
    `date_time`,
    `last_restock_quantity`,
    `revision`,
    `origin_device_id`,
    `deleted_at`,
    `sync_status`,
    `last_modified`
  )
VALUES
  (
    772,
    'KIDNAP TABLETS 200MG (KETOVAIL)',
    0,
    0,
    0.00,
    0.00,
    'card_drug',
    'anagelsic',
    10,
    1,
    'system',
    '2025-07-07 09:59:21',
    0,
    1,
    NULL,
    NULL,
    0,
    '2025-11-08 13:38:48'
  );
INSERT INTO
  `inventories` (
    `id`,
    `item_name`,
    `unit_quantities`,
    `store_quantities`,
    `cp_pu`,
    `sp_pu`,
    `item_type`,
    `item_class`,
    `low_stock_threshold`,
    `branch_id`,
    `updated_by`,
    `date_time`,
    `last_restock_quantity`,
    `revision`,
    `origin_device_id`,
    `deleted_at`,
    `sync_status`,
    `last_modified`
  )
VALUES
  (
    773,
    'KIDWAY PHARMATON SYR',
    0,
    0,
    0.00,
    0.00,
    'syrup_drug',
    'nutritional-supliment',
    10,
    1,
    'system',
    '2025-07-07 09:59:21',
    0,
    1,
    NULL,
    NULL,
    0,
    '2025-11-08 13:38:48'
  );
INSERT INTO
  `inventories` (
    `id`,
    `item_name`,
    `unit_quantities`,
    `store_quantities`,
    `cp_pu`,
    `sp_pu`,
    `item_type`,
    `item_class`,
    `low_stock_threshold`,
    `branch_id`,
    `updated_by`,
    `date_time`,
    `last_restock_quantity`,
    `revision`,
    `origin_device_id`,
    `deleted_at`,
    `sync_status`,
    `last_modified`
  )
VALUES
  (
    774,
    'Kiss contraceptive',
    0,
    0,
    0.00,
    0.00,
    'card_drug',
    'contraceptive',
    10,
    1,
    'system',
    '2025-07-07 09:59:21',
    0,
    1,
    NULL,
    NULL,
    0,
    '2025-11-08 13:38:48'
  );
INSERT INTO
  `inventories` (
    `id`,
    `item_name`,
    `unit_quantities`,
    `store_quantities`,
    `cp_pu`,
    `sp_pu`,
    `item_type`,
    `item_class`,
    `low_stock_threshold`,
    `branch_id`,
    `updated_by`,
    `date_time`,
    `last_restock_quantity`,
    `revision`,
    `origin_device_id`,
    `deleted_at`,
    `sync_status`,
    `last_modified`
  )
VALUES
  (
    775,
    'Klovinal insertion',
    0,
    0,
    0.00,
    0.00,
    'insertion',
    'insertion',
    10,
    1,
    'system',
    '2025-07-07 09:59:21',
    0,
    1,
    NULL,
    NULL,
    0,
    '2025-11-08 13:38:48'
  );
INSERT INTO
  `inventories` (
    `id`,
    `item_name`,
    `unit_quantities`,
    `store_quantities`,
    `cp_pu`,
    `sp_pu`,
    `item_type`,
    `item_class`,
    `low_stock_threshold`,
    `branch_id`,
    `updated_by`,
    `date_time`,
    `last_restock_quantity`,
    `revision`,
    `origin_device_id`,
    `deleted_at`,
    `sync_status`,
    `last_modified`
  )
VALUES
  (
    776,
    'KOFABEX SYR (ADULT)',
    0,
    0,
    0.00,
    0.00,
    'syrup_drug',
    'General Drug',
    10,
    1,
    'system',
    '2025-07-07 09:59:21',
    0,
    1,
    NULL,
    NULL,
    0,
    '2025-11-08 13:38:48'
  );
INSERT INTO
  `inventories` (
    `id`,
    `item_name`,
    `unit_quantities`,
    `store_quantities`,
    `cp_pu`,
    `sp_pu`,
    `item_type`,
    `item_class`,
    `low_stock_threshold`,
    `branch_id`,
    `updated_by`,
    `date_time`,
    `last_restock_quantity`,
    `revision`,
    `origin_device_id`,
    `deleted_at`,
    `sync_status`,
    `last_modified`
  )
VALUES
  (
    777,
    'KOFABEX SYR (PAED)',
    0,
    0,
    0.00,
    0.00,
    'syrup_drug',
    'General Drug',
    10,
    1,
    'system',
    '2025-07-07 09:59:21',
    0,
    1,
    NULL,
    NULL,
    0,
    '2025-11-08 13:38:48'
  );
INSERT INTO
  `inventories` (
    `id`,
    `item_name`,
    `unit_quantities`,
    `store_quantities`,
    `cp_pu`,
    `sp_pu`,
    `item_type`,
    `item_class`,
    `low_stock_threshold`,
    `branch_id`,
    `updated_by`,
    `date_time`,
    `last_restock_quantity`,
    `revision`,
    `origin_device_id`,
    `deleted_at`,
    `sync_status`,
    `last_modified`
  )
VALUES
  (
    778,
    'Kotase tab',
    0,
    0,
    0.00,
    0.00,
    'card_drug',
    'General Drug',
    10,
    1,
    'system',
    '2025-07-07 09:59:21',
    0,
    1,
    NULL,
    NULL,
    0,
    '2025-11-08 13:38:48'
  );
INSERT INTO
  `inventories` (
    `id`,
    `item_name`,
    `unit_quantities`,
    `store_quantities`,
    `cp_pu`,
    `sp_pu`,
    `item_type`,
    `item_class`,
    `low_stock_threshold`,
    `branch_id`,
    `updated_by`,
    `date_time`,
    `last_restock_quantity`,
    `revision`,
    `origin_device_id`,
    `deleted_at`,
    `sync_status`,
    `last_modified`
  )
VALUES
  (
    779,
    'KY-JELLY',
    0,
    0,
    0.00,
    0.00,
    'gel_cream',
    'General Drug',
    10,
    1,
    'system',
    '2025-07-07 09:59:21',
    0,
    1,
    NULL,
    NULL,
    0,
    '2025-11-08 13:38:48'
  );
INSERT INTO
  `inventories` (
    `id`,
    `item_name`,
    `unit_quantities`,
    `store_quantities`,
    `cp_pu`,
    `sp_pu`,
    `item_type`,
    `item_class`,
    `low_stock_threshold`,
    `branch_id`,
    `updated_by`,
    `date_time`,
    `last_restock_quantity`,
    `revision`,
    `origin_device_id`,
    `deleted_at`,
    `sync_status`,
    `last_modified`
  )
VALUES
  (
    780,
    'Labetalol Inj.',
    0,
    0,
    0.00,
    0.00,
    'injection',
    'anti-hypertensive',
    10,
    1,
    'system',
    '2025-07-07 09:59:21',
    0,
    1,
    NULL,
    NULL,
    0,
    '2025-11-08 13:38:48'
  );
INSERT INTO
  `inventories` (
    `id`,
    `item_name`,
    `unit_quantities`,
    `store_quantities`,
    `cp_pu`,
    `sp_pu`,
    `item_type`,
    `item_class`,
    `low_stock_threshold`,
    `branch_id`,
    `updated_by`,
    `date_time`,
    `last_restock_quantity`,
    `revision`,
    `origin_device_id`,
    `deleted_at`,
    `sync_status`,
    `last_modified`
  )
VALUES
  (
    781,
    'Labetalol Tab',
    0,
    0,
    0.00,
    0.00,
    'card_drug',
    'anti-hypertensive',
    10,
    1,
    'system',
    '2025-07-07 09:59:21',
    0,
    1,
    NULL,
    NULL,
    0,
    '2025-11-08 13:38:48'
  );
INSERT INTO
  `inventories` (
    `id`,
    `item_name`,
    `unit_quantities`,
    `store_quantities`,
    `cp_pu`,
    `sp_pu`,
    `item_type`,
    `item_class`,
    `low_stock_threshold`,
    `branch_id`,
    `updated_by`,
    `date_time`,
    `last_restock_quantity`,
    `revision`,
    `origin_device_id`,
    `deleted_at`,
    `sync_status`,
    `last_modified`
  )
VALUES
  (
    782,
    'LACTULOSE 10MG/ML SYR',
    0,
    0,
    0.00,
    0.00,
    'syrup_drug',
    'General Drug',
    10,
    1,
    'system',
    '2025-07-07 09:59:21',
    0,
    1,
    NULL,
    NULL,
    0,
    '2025-11-08 13:38:48'
  );
INSERT INTO
  `inventories` (
    `id`,
    `item_name`,
    `unit_quantities`,
    `store_quantities`,
    `cp_pu`,
    `sp_pu`,
    `item_type`,
    `item_class`,
    `low_stock_threshold`,
    `branch_id`,
    `updated_by`,
    `date_time`,
    `last_restock_quantity`,
    `revision`,
    `origin_device_id`,
    `deleted_at`,
    `sync_status`,
    `last_modified`
  )
VALUES
  (
    783,
    'LAMISIL 250MG TAB',
    0,
    0,
    0.00,
    0.00,
    'card_drug',
    'antifungi oral',
    10,
    1,
    'system',
    '2025-07-07 09:59:21',
    0,
    1,
    NULL,
    NULL,
    0,
    '2025-11-08 13:38:48'
  );
INSERT INTO
  `inventories` (
    `id`,
    `item_name`,
    `unit_quantities`,
    `store_quantities`,
    `cp_pu`,
    `sp_pu`,
    `item_type`,
    `item_class`,
    `low_stock_threshold`,
    `branch_id`,
    `updated_by`,
    `date_time`,
    `last_restock_quantity`,
    `revision`,
    `origin_device_id`,
    `deleted_at`,
    `sync_status`,
    `last_modified`
  )
VALUES
  (
    784,
    'LAMISIL CREAM 15G',
    0,
    0,
    0.00,
    0.00,
    'gel_cream',
    'antifungi cream',
    10,
    1,
    'system',
    '2025-07-07 09:59:21',
    0,
    1,
    NULL,
    NULL,
    0,
    '2025-11-08 13:38:48'
  );
INSERT INTO
  `inventories` (
    `id`,
    `item_name`,
    `unit_quantities`,
    `store_quantities`,
    `cp_pu`,
    `sp_pu`,
    `item_type`,
    `item_class`,
    `low_stock_threshold`,
    `branch_id`,
    `updated_by`,
    `date_time`,
    `last_restock_quantity`,
    `revision`,
    `origin_device_id`,
    `deleted_at`,
    `sync_status`,
    `last_modified`
  )
VALUES
  (
    785,
    'LAMOXIL 500MG tab',
    0,
    0,
    0.00,
    0.00,
    'card_drug',
    'antibiotics',
    10,
    1,
    'system',
    '2025-07-07 09:59:21',
    0,
    1,
    NULL,
    NULL,
    0,
    '2025-11-08 13:38:48'
  );
INSERT INTO
  `inventories` (
    `id`,
    `item_name`,
    `unit_quantities`,
    `store_quantities`,
    `cp_pu`,
    `sp_pu`,
    `item_type`,
    `item_class`,
    `low_stock_threshold`,
    `branch_id`,
    `updated_by`,
    `date_time`,
    `last_restock_quantity`,
    `revision`,
    `origin_device_id`,
    `deleted_at`,
    `sync_status`,
    `last_modified`
  )
VALUES
  (
    786,
    'LANSOPRAZOLE 30MG (LAMISDEX) tab',
    0,
    0,
    0.00,
    0.00,
    'card_drug',
    'General Drug',
    10,
    1,
    'system',
    '2025-07-07 09:59:21',
    0,
    1,
    NULL,
    NULL,
    0,
    '2025-11-08 13:38:48'
  );
INSERT INTO
  `inventories` (
    `id`,
    `item_name`,
    `unit_quantities`,
    `store_quantities`,
    `cp_pu`,
    `sp_pu`,
    `item_type`,
    `item_class`,
    `low_stock_threshold`,
    `branch_id`,
    `updated_by`,
    `date_time`,
    `last_restock_quantity`,
    `revision`,
    `origin_device_id`,
    `deleted_at`,
    `sync_status`,
    `last_modified`
  )
VALUES
  (
    787,
    'LAPIDAP 12 CHILDREN TAB',
    0,
    0,
    0.00,
    0.00,
    'card_drug',
    'General Drug',
    10,
    1,
    'system',
    '2025-07-07 09:59:21',
    0,
    1,
    NULL,
    NULL,
    0,
    '2025-11-08 13:38:48'
  );
INSERT INTO
  `inventories` (
    `id`,
    `item_name`,
    `unit_quantities`,
    `store_quantities`,
    `cp_pu`,
    `sp_pu`,
    `item_type`,
    `item_class`,
    `low_stock_threshold`,
    `branch_id`,
    `updated_by`,
    `date_time`,
    `last_restock_quantity`,
    `revision`,
    `origin_device_id`,
    `deleted_at`,
    `sync_status`,
    `last_modified`
  )
VALUES
  (
    788,
    'LARGACTIL (CHLORPROMAZINE) tab',
    0,
    0,
    0.00,
    0.00,
    'injection',
    'General Drug',
    10,
    1,
    'system',
    '2025-07-07 09:59:21',
    0,
    1,
    NULL,
    NULL,
    0,
    '2025-11-08 13:38:48'
  );
INSERT INTO
  `inventories` (
    `id`,
    `item_name`,
    `unit_quantities`,
    `store_quantities`,
    `cp_pu`,
    `sp_pu`,
    `item_type`,
    `item_class`,
    `low_stock_threshold`,
    `branch_id`,
    `updated_by`,
    `date_time`,
    `last_restock_quantity`,
    `revision`,
    `origin_device_id`,
    `deleted_at`,
    `sync_status`,
    `last_modified`
  )
VALUES
  (
    789,
    'LARGACTIL (CHLORPROMAZINE) 25MG inj',
    0,
    0,
    0.00,
    0.00,
    'injection',
    'General Drug',
    10,
    1,
    'system',
    '2025-07-07 09:59:21',
    0,
    1,
    NULL,
    NULL,
    0,
    '2025-11-08 13:38:48'
  );
INSERT INTO
  `inventories` (
    `id`,
    `item_name`,
    `unit_quantities`,
    `store_quantities`,
    `cp_pu`,
    `sp_pu`,
    `item_type`,
    `item_class`,
    `low_stock_threshold`,
    `branch_id`,
    `updated_by`,
    `date_time`,
    `last_restock_quantity`,
    `revision`,
    `origin_device_id`,
    `deleted_at`,
    `sync_status`,
    `last_modified`
  )
VALUES
  (
    790,
    'LAXATIVE LIQUID INJ',
    0,
    0,
    0.00,
    0.00,
    'injection',
    'General Drug',
    10,
    1,
    'system',
    '2025-07-07 09:59:21',
    0,
    1,
    NULL,
    NULL,
    0,
    '2025-11-08 13:38:48'
  );
INSERT INTO
  `inventories` (
    `id`,
    `item_name`,
    `unit_quantities`,
    `store_quantities`,
    `cp_pu`,
    `sp_pu`,
    `item_type`,
    `item_class`,
    `low_stock_threshold`,
    `branch_id`,
    `updated_by`,
    `date_time`,
    `last_restock_quantity`,
    `revision`,
    `origin_device_id`,
    `deleted_at`,
    `sync_status`,
    `last_modified`
  )
VALUES
  (
    791,
    'LAXOMAG SYR',
    0,
    0,
    0.00,
    0.00,
    'syrup_drug',
    'General Drug',
    10,
    1,
    'system',
    '2025-07-07 09:59:21',
    0,
    1,
    NULL,
    NULL,
    0,
    '2025-11-08 13:38:48'
  );
INSERT INTO
  `inventories` (
    `id`,
    `item_name`,
    `unit_quantities`,
    `store_quantities`,
    `cp_pu`,
    `sp_pu`,
    `item_type`,
    `item_class`,
    `low_stock_threshold`,
    `branch_id`,
    `updated_by`,
    `date_time`,
    `last_restock_quantity`,
    `revision`,
    `origin_device_id`,
    `deleted_at`,
    `sync_status`,
    `last_modified`
  )
VALUES
  (
    792,
    'LESCOL 20MG CAP',
    0,
    0,
    0.00,
    0.00,
    'card_drug',
    'General Drug',
    10,
    1,
    'system',
    '2025-07-07 09:59:21',
    0,
    1,
    NULL,
    NULL,
    0,
    '2025-11-08 13:38:48'
  );
INSERT INTO
  `inventories` (
    `id`,
    `item_name`,
    `unit_quantities`,
    `store_quantities`,
    `cp_pu`,
    `sp_pu`,
    `item_type`,
    `item_class`,
    `low_stock_threshold`,
    `branch_id`,
    `updated_by`,
    `date_time`,
    `last_restock_quantity`,
    `revision`,
    `origin_device_id`,
    `deleted_at`,
    `sync_status`,
    `last_modified`
  )
VALUES
  (
    793,
    'LEVAX 40MG TAB',
    0,
    0,
    0.00,
    0.00,
    'card_drug',
    'General Drug',
    10,
    1,
    'system',
    '2025-07-07 09:59:21',
    0,
    1,
    NULL,
    NULL,
    0,
    '2025-11-08 13:38:48'
  );
INSERT INTO
  `inventories` (
    `id`,
    `item_name`,
    `unit_quantities`,
    `store_quantities`,
    `cp_pu`,
    `sp_pu`,
    `item_type`,
    `item_class`,
    `low_stock_threshold`,
    `branch_id`,
    `updated_by`,
    `date_time`,
    `last_restock_quantity`,
    `revision`,
    `origin_device_id`,
    `deleted_at`,
    `sync_status`,
    `last_modified`
  )
VALUES
  (
    794,
    'LEVETIRACETAM 500MG',
    0,
    0,
    0.00,
    0.00,
    'card_drug',
    'General Drug',
    10,
    1,
    'system',
    '2025-07-07 09:59:21',
    0,
    1,
    NULL,
    NULL,
    0,
    '2025-11-08 13:38:48'
  );
INSERT INTO
  `inventories` (
    `id`,
    `item_name`,
    `unit_quantities`,
    `store_quantities`,
    `cp_pu`,
    `sp_pu`,
    `item_type`,
    `item_class`,
    `low_stock_threshold`,
    `branch_id`,
    `updated_by`,
    `date_time`,
    `last_restock_quantity`,
    `revision`,
    `origin_device_id`,
    `deleted_at`,
    `sync_status`,
    `last_modified`
  )
VALUES
  (
    795,
    'Lisonopril(10mg) tab',
    0,
    0,
    0.00,
    0.00,
    'card_drug',
    'anti-hypertensive',
    10,
    1,
    'system',
    '2025-07-07 09:59:21',
    0,
    1,
    NULL,
    NULL,
    0,
    '2025-11-08 13:38:48'
  );
INSERT INTO
  `inventories` (
    `id`,
    `item_name`,
    `unit_quantities`,
    `store_quantities`,
    `cp_pu`,
    `sp_pu`,
    `item_type`,
    `item_class`,
    `low_stock_threshold`,
    `branch_id`,
    `updated_by`,
    `date_time`,
    `last_restock_quantity`,
    `revision`,
    `origin_device_id`,
    `deleted_at`,
    `sync_status`,
    `last_modified`
  )
VALUES
  (
    796,
    'Lisonopril(5mg) tab',
    0,
    0,
    0.00,
    0.00,
    'card_drug',
    'anti-hypertensive',
    10,
    1,
    'system',
    '2025-07-07 09:59:21',
    0,
    1,
    NULL,
    NULL,
    0,
    '2025-11-08 13:38:48'
  );
INSERT INTO
  `inventories` (
    `id`,
    `item_name`,
    `unit_quantities`,
    `store_quantities`,
    `cp_pu`,
    `sp_pu`,
    `item_type`,
    `item_class`,
    `low_stock_threshold`,
    `branch_id`,
    `updated_by`,
    `date_time`,
    `last_restock_quantity`,
    `revision`,
    `origin_device_id`,
    `deleted_at`,
    `sync_status`,
    `last_modified`
  )
VALUES
  (
    797,
    'Lofnac 100mg tab',
    0,
    0,
    0.00,
    0.00,
    'card_drug',
    'anagelsic',
    10,
    1,
    'system',
    '2025-07-07 09:59:21',
    0,
    1,
    NULL,
    NULL,
    0,
    '2025-11-08 13:38:48'
  );
INSERT INTO
  `inventories` (
    `id`,
    `item_name`,
    `unit_quantities`,
    `store_quantities`,
    `cp_pu`,
    `sp_pu`,
    `item_type`,
    `item_class`,
    `low_stock_threshold`,
    `branch_id`,
    `updated_by`,
    `date_time`,
    `last_restock_quantity`,
    `revision`,
    `origin_device_id`,
    `deleted_at`,
    `sync_status`,
    `last_modified`
  )
VALUES
  (
    798,
    'Loperamide tab',
    0,
    0,
    0.00,
    0.00,
    'card_drug',
    'General Drug',
    10,
    1,
    'system',
    '2025-07-07 09:59:21',
    0,
    1,
    NULL,
    NULL,
    0,
    '2025-11-08 13:38:48'
  );
INSERT INTO
  `inventories` (
    `id`,
    `item_name`,
    `unit_quantities`,
    `store_quantities`,
    `cp_pu`,
    `sp_pu`,
    `item_type`,
    `item_class`,
    `low_stock_threshold`,
    `branch_id`,
    `updated_by`,
    `date_time`,
    `last_restock_quantity`,
    `revision`,
    `origin_device_id`,
    `deleted_at`,
    `sync_status`,
    `last_modified`
  )
VALUES
  (
    799,
    'Loratidine tab',
    0,
    0,
    0.00,
    0.00,
    'card_drug',
    'anti-alergic',
    10,
    1,
    'system',
    '2025-07-07 09:59:21',
    0,
    1,
    NULL,
    NULL,
    0,
    '2025-11-08 13:38:48'
  );
INSERT INTO
  `inventories` (
    `id`,
    `item_name`,
    `unit_quantities`,
    `store_quantities`,
    `cp_pu`,
    `sp_pu`,
    `item_type`,
    `item_class`,
    `low_stock_threshold`,
    `branch_id`,
    `updated_by`,
    `date_time`,
    `last_restock_quantity`,
    `revision`,
    `origin_device_id`,
    `deleted_at`,
    `sync_status`,
    `last_modified`
  )
VALUES
  (
    800,
    'Loratidine suspension',
    0,
    0,
    0.00,
    0.00,
    'syrup_drug',
    'anti-alergic',
    10,
    1,
    'system',
    '2025-07-07 09:59:21',
    0,
    1,
    NULL,
    NULL,
    0,
    '2025-11-08 13:38:48'
  );
INSERT INTO
  `inventories` (
    `id`,
    `item_name`,
    `unit_quantities`,
    `store_quantities`,
    `cp_pu`,
    `sp_pu`,
    `item_type`,
    `item_class`,
    `low_stock_threshold`,
    `branch_id`,
    `updated_by`,
    `date_time`,
    `last_restock_quantity`,
    `revision`,
    `origin_device_id`,
    `deleted_at`,
    `sync_status`,
    `last_modified`
  )
VALUES
  (
    801,
    'Loratidine syrup',
    0,
    0,
    0.00,
    0.00,
    'syrup_drug',
    'anti-alergic',
    10,
    1,
    'system',
    '2025-07-07 09:59:21',
    0,
    1,
    NULL,
    NULL,
    0,
    '2025-11-08 13:38:48'
  );
INSERT INTO
  `inventories` (
    `id`,
    `item_name`,
    `unit_quantities`,
    `store_quantities`,
    `cp_pu`,
    `sp_pu`,
    `item_type`,
    `item_class`,
    `low_stock_threshold`,
    `branch_id`,
    `updated_by`,
    `date_time`,
    `last_restock_quantity`,
    `revision`,
    `origin_device_id`,
    `deleted_at`,
    `sync_status`,
    `last_modified`
  )
VALUES
  (
    802,
    'Losartan',
    0,
    0,
    0.00,
    0.00,
    'card_drug',
    'anti-hypertensive',
    10,
    1,
    'system',
    '2025-07-07 09:59:21',
    0,
    1,
    NULL,
    NULL,
    0,
    '2025-11-08 13:38:48'
  );
INSERT INTO
  `inventories` (
    `id`,
    `item_name`,
    `unit_quantities`,
    `store_quantities`,
    `cp_pu`,
    `sp_pu`,
    `item_type`,
    `item_class`,
    `low_stock_threshold`,
    `branch_id`,
    `updated_by`,
    `date_time`,
    `last_restock_quantity`,
    `revision`,
    `origin_device_id`,
    `deleted_at`,
    `sync_status`,
    `last_modified`
  )
VALUES
  (
    803,
    'Lubricant',
    0,
    0,
    0.00,
    0.00,
    'gel_cream',
    'General Drug',
    10,
    1,
    'system',
    '2025-07-07 09:59:21',
    0,
    1,
    NULL,
    NULL,
    0,
    '2025-11-08 13:38:48'
  );
INSERT INTO
  `inventories` (
    `id`,
    `item_name`,
    `unit_quantities`,
    `store_quantities`,
    `cp_pu`,
    `sp_pu`,
    `item_type`,
    `item_class`,
    `low_stock_threshold`,
    `branch_id`,
    `updated_by`,
    `date_time`,
    `last_restock_quantity`,
    `revision`,
    `origin_device_id`,
    `deleted_at`,
    `sync_status`,
    `last_modified`
  )
VALUES
  (
    804,
    'Metazone Cream',
    0,
    0,
    0.00,
    0.00,
    'gel_cream',
    'General Drug',
    10,
    1,
    'system',
    '2025-07-07 09:59:21',
    0,
    1,
    NULL,
    NULL,
    0,
    '2025-11-08 13:38:48'
  );
INSERT INTO
  `inventories` (
    `id`,
    `item_name`,
    `unit_quantities`,
    `store_quantities`,
    `cp_pu`,
    `sp_pu`,
    `item_type`,
    `item_class`,
    `low_stock_threshold`,
    `branch_id`,
    `updated_by`,
    `date_time`,
    `last_restock_quantity`,
    `revision`,
    `origin_device_id`,
    `deleted_at`,
    `sync_status`,
    `last_modified`
  )
VALUES
  (
    805,
    'Metoclop Inj.',
    0,
    0,
    0.00,
    0.00,
    'injection',
    'General Drug',
    10,
    1,
    'system',
    '2025-07-07 09:59:21',
    0,
    1,
    NULL,
    NULL,
    0,
    '2025-11-08 13:38:48'
  );
INSERT INTO
  `inventories` (
    `id`,
    `item_name`,
    `unit_quantities`,
    `store_quantities`,
    `cp_pu`,
    `sp_pu`,
    `item_type`,
    `item_class`,
    `low_stock_threshold`,
    `branch_id`,
    `updated_by`,
    `date_time`,
    `last_restock_quantity`,
    `revision`,
    `origin_device_id`,
    `deleted_at`,
    `sync_status`,
    `last_modified`
  )
VALUES
  (
    806,
    'Metoclop Tab',
    0,
    0,
    0.00,
    0.00,
    'card_drug',
    'General Drug',
    10,
    1,
    'system',
    '2025-07-07 09:59:21',
    0,
    1,
    NULL,
    NULL,
    0,
    '2025-11-08 13:38:48'
  );
INSERT INTO
  `inventories` (
    `id`,
    `item_name`,
    `unit_quantities`,
    `store_quantities`,
    `cp_pu`,
    `sp_pu`,
    `item_type`,
    `item_class`,
    `low_stock_threshold`,
    `branch_id`,
    `updated_by`,
    `date_time`,
    `last_restock_quantity`,
    `revision`,
    `origin_device_id`,
    `deleted_at`,
    `sync_status`,
    `last_modified`
  )
VALUES
  (
    807,
    'Metro 200mg tab',
    0,
    0,
    0.00,
    0.00,
    'card_drug',
    'antibiotics',
    10,
    1,
    'system',
    '2025-07-07 09:59:21',
    0,
    1,
    NULL,
    NULL,
    0,
    '2025-11-08 13:38:48'
  );
INSERT INTO
  `inventories` (
    `id`,
    `item_name`,
    `unit_quantities`,
    `store_quantities`,
    `cp_pu`,
    `sp_pu`,
    `item_type`,
    `item_class`,
    `low_stock_threshold`,
    `branch_id`,
    `updated_by`,
    `date_time`,
    `last_restock_quantity`,
    `revision`,
    `origin_device_id`,
    `deleted_at`,
    `sync_status`,
    `last_modified`
  )
VALUES
  (
    808,
    'Metro 400mg tab',
    0,
    0,
    0.00,
    0.00,
    'card_drug',
    'antibiotics',
    10,
    1,
    'system',
    '2025-07-07 09:59:21',
    0,
    1,
    NULL,
    NULL,
    0,
    '2025-11-08 13:38:48'
  );
INSERT INTO
  `inventories` (
    `id`,
    `item_name`,
    `unit_quantities`,
    `store_quantities`,
    `cp_pu`,
    `sp_pu`,
    `item_type`,
    `item_class`,
    `low_stock_threshold`,
    `branch_id`,
    `updated_by`,
    `date_time`,
    `last_restock_quantity`,
    `revision`,
    `origin_device_id`,
    `deleted_at`,
    `sync_status`,
    `last_modified`
  )
VALUES
  (
    809,
    'Metro Infusion',
    0,
    0,
    0.00,
    0.00,
    'injection',
    'antibiotics',
    10,
    1,
    'system',
    '2025-07-07 09:59:21',
    0,
    1,
    NULL,
    NULL,
    0,
    '2025-11-08 13:38:48'
  );
INSERT INTO
  `inventories` (
    `id`,
    `item_name`,
    `unit_quantities`,
    `store_quantities`,
    `cp_pu`,
    `sp_pu`,
    `item_type`,
    `item_class`,
    `low_stock_threshold`,
    `branch_id`,
    `updated_by`,
    `date_time`,
    `last_restock_quantity`,
    `revision`,
    `origin_device_id`,
    `deleted_at`,
    `sync_status`,
    `last_modified`
  )
VALUES
  (
    810,
    'Metro syrup',
    0,
    0,
    0.00,
    0.00,
    'syrup_drug',
    'antibiotics',
    10,
    1,
    'system',
    '2025-07-07 09:59:21',
    0,
    1,
    NULL,
    NULL,
    0,
    '2025-11-08 13:38:48'
  );
INSERT INTO
  `inventories` (
    `id`,
    `item_name`,
    `unit_quantities`,
    `store_quantities`,
    `cp_pu`,
    `sp_pu`,
    `item_type`,
    `item_class`,
    `low_stock_threshold`,
    `branch_id`,
    `updated_by`,
    `date_time`,
    `last_restock_quantity`,
    `revision`,
    `origin_device_id`,
    `deleted_at`,
    `sync_status`,
    `last_modified`
  )
VALUES
  (
    811,
    'Metronidazole (1000)',
    0,
    0,
    0.00,
    0.00,
    'card_drug',
    'antibiotics',
    10,
    1,
    'system',
    '2025-07-07 09:59:21',
    0,
    1,
    NULL,
    NULL,
    0,
    '2025-11-08 13:38:48'
  );
INSERT INTO
  `inventories` (
    `id`,
    `item_name`,
    `unit_quantities`,
    `store_quantities`,
    `cp_pu`,
    `sp_pu`,
    `item_type`,
    `item_class`,
    `low_stock_threshold`,
    `branch_id`,
    `updated_by`,
    `date_time`,
    `last_restock_quantity`,
    `revision`,
    `origin_device_id`,
    `deleted_at`,
    `sync_status`,
    `last_modified`
  )
VALUES
  (
    812,
    'Mist Mag',
    0,
    0,
    0.00,
    0.00,
    'card_drug',
    'General Drug',
    10,
    1,
    'system',
    '2025-07-07 09:59:21',
    0,
    1,
    NULL,
    NULL,
    0,
    '2025-11-08 13:38:48'
  );
INSERT INTO
  `inventories` (
    `id`,
    `item_name`,
    `unit_quantities`,
    `store_quantities`,
    `cp_pu`,
    `sp_pu`,
    `item_type`,
    `item_class`,
    `low_stock_threshold`,
    `branch_id`,
    `updated_by`,
    `date_time`,
    `last_restock_quantity`,
    `revision`,
    `origin_device_id`,
    `deleted_at`,
    `sync_status`,
    `last_modified`
  )
VALUES
  (
    813,
    'Moduretic',
    0,
    0,
    0.00,
    0.00,
    'card_drug',
    'General Drug',
    10,
    1,
    'system',
    '2025-07-07 09:59:21',
    0,
    1,
    NULL,
    NULL,
    0,
    '2025-11-08 13:38:48'
  );
INSERT INTO
  `inventories` (
    `id`,
    `item_name`,
    `unit_quantities`,
    `store_quantities`,
    `cp_pu`,
    `sp_pu`,
    `item_type`,
    `item_class`,
    `low_stock_threshold`,
    `branch_id`,
    `updated_by`,
    `date_time`,
    `last_restock_quantity`,
    `revision`,
    `origin_device_id`,
    `deleted_at`,
    `sync_status`,
    `last_modified`
  )
VALUES
  (
    814,
    'Moko spirit',
    0,
    0,
    0.00,
    0.00,
    'bottle',
    'anti-septic',
    10,
    1,
    'system',
    '2025-07-07 09:59:21',
    0,
    1,
    NULL,
    NULL,
    0,
    '2025-11-08 13:38:48'
  );
INSERT INTO
  `inventories` (
    `id`,
    `item_name`,
    `unit_quantities`,
    `store_quantities`,
    `cp_pu`,
    `sp_pu`,
    `item_type`,
    `item_class`,
    `low_stock_threshold`,
    `branch_id`,
    `updated_by`,
    `date_time`,
    `last_restock_quantity`,
    `revision`,
    `origin_device_id`,
    `deleted_at`,
    `sync_status`,
    `last_modified`
  )
VALUES
  (
    815,
    'MP kit',
    0,
    0,
    0.00,
    0.00,
    'medical_consumables',
    'consumables',
    10,
    1,
    'system',
    '2025-07-07 09:59:21',
    0,
    1,
    NULL,
    NULL,
    0,
    '2025-11-08 13:38:48'
  );
INSERT INTO
  `inventories` (
    `id`,
    `item_name`,
    `unit_quantities`,
    `store_quantities`,
    `cp_pu`,
    `sp_pu`,
    `item_type`,
    `item_class`,
    `low_stock_threshold`,
    `branch_id`,
    `updated_by`,
    `date_time`,
    `last_restock_quantity`,
    `revision`,
    `origin_device_id`,
    `deleted_at`,
    `sync_status`,
    `last_modified`
  )
VALUES
  (
    816,
    'Multivitamine(Krishat)',
    0,
    0,
    0.00,
    0.00,
    'card_drug',
    'nutritional-supliment',
    10,
    1,
    'system',
    '2025-07-07 09:59:21',
    0,
    1,
    NULL,
    NULL,
    0,
    '2025-11-08 13:38:48'
  );
INSERT INTO
  `inventories` (
    `id`,
    `item_name`,
    `unit_quantities`,
    `store_quantities`,
    `cp_pu`,
    `sp_pu`,
    `item_type`,
    `item_class`,
    `low_stock_threshold`,
    `branch_id`,
    `updated_by`,
    `date_time`,
    `last_restock_quantity`,
    `revision`,
    `origin_device_id`,
    `deleted_at`,
    `sync_status`,
    `last_modified`
  )
VALUES
  (
    817,
    'Needle 21G',
    0,
    0,
    0.00,
    0.00,
    'medical_consumables',
    'consumables',
    10,
    1,
    'system',
    '2025-07-07 09:59:21',
    0,
    1,
    NULL,
    NULL,
    0,
    '2025-11-08 13:38:48'
  );
INSERT INTO
  `inventories` (
    `id`,
    `item_name`,
    `unit_quantities`,
    `store_quantities`,
    `cp_pu`,
    `sp_pu`,
    `item_type`,
    `item_class`,
    `low_stock_threshold`,
    `branch_id`,
    `updated_by`,
    `date_time`,
    `last_restock_quantity`,
    `revision`,
    `origin_device_id`,
    `deleted_at`,
    `sync_status`,
    `last_modified`
  )
VALUES
  (
    818,
    'Needle 23G',
    0,
    0,
    0.00,
    0.00,
    'medical_consumables',
    'consumables',
    10,
    1,
    'system',
    '2025-07-07 09:59:21',
    0,
    1,
    NULL,
    NULL,
    0,
    '2025-11-08 13:38:48'
  );
INSERT INTO
  `inventories` (
    `id`,
    `item_name`,
    `unit_quantities`,
    `store_quantities`,
    `cp_pu`,
    `sp_pu`,
    `item_type`,
    `item_class`,
    `low_stock_threshold`,
    `branch_id`,
    `updated_by`,
    `date_time`,
    `last_restock_quantity`,
    `revision`,
    `origin_device_id`,
    `deleted_at`,
    `sync_status`,
    `last_modified`
  )
VALUES
  (
    819,
    'Needle&Syringe (2 mls)',
    0,
    0,
    0.00,
    0.00,
    'medical_consumables',
    'consumables',
    10,
    1,
    'system',
    '2025-07-07 09:59:21',
    0,
    1,
    NULL,
    NULL,
    0,
    '2025-11-08 13:38:48'
  );
INSERT INTO
  `inventories` (
    `id`,
    `item_name`,
    `unit_quantities`,
    `store_quantities`,
    `cp_pu`,
    `sp_pu`,
    `item_type`,
    `item_class`,
    `low_stock_threshold`,
    `branch_id`,
    `updated_by`,
    `date_time`,
    `last_restock_quantity`,
    `revision`,
    `origin_device_id`,
    `deleted_at`,
    `sync_status`,
    `last_modified`
  )
VALUES
  (
    820,
    'Needle&Syringe (5 mls)',
    0,
    0,
    0.00,
    0.00,
    'medical_consumables',
    'consumables',
    10,
    1,
    'system',
    '2025-07-07 09:59:21',
    0,
    1,
    NULL,
    NULL,
    0,
    '2025-11-08 13:38:48'
  );
INSERT INTO
  `inventories` (
    `id`,
    `item_name`,
    `unit_quantities`,
    `store_quantities`,
    `cp_pu`,
    `sp_pu`,
    `item_type`,
    `item_class`,
    `low_stock_threshold`,
    `branch_id`,
    `updated_by`,
    `date_time`,
    `last_restock_quantity`,
    `revision`,
    `origin_device_id`,
    `deleted_at`,
    `sync_status`,
    `last_modified`
  )
VALUES
  (
    821,
    'Needle&Syringe(10 mls)',
    0,
    0,
    0.00,
    0.00,
    'medical_consumables',
    'consumables',
    10,
    1,
    'system',
    '2025-07-07 09:59:21',
    0,
    1,
    NULL,
    NULL,
    0,
    '2025-11-08 13:38:48'
  );
INSERT INTO
  `inventories` (
    `id`,
    `item_name`,
    `unit_quantities`,
    `store_quantities`,
    `cp_pu`,
    `sp_pu`,
    `item_type`,
    `item_class`,
    `low_stock_threshold`,
    `branch_id`,
    `updated_by`,
    `date_time`,
    `last_restock_quantity`,
    `revision`,
    `origin_device_id`,
    `deleted_at`,
    `sync_status`,
    `last_modified`
  )
VALUES
  (
    822,
    'Nitrazepam',
    0,
    0,
    0.00,
    0.00,
    'card_drug',
    'General Drug',
    10,
    1,
    'system',
    '2025-07-07 09:59:21',
    0,
    1,
    NULL,
    NULL,
    0,
    '2025-11-08 13:38:48'
  );
INSERT INTO
  `inventories` (
    `id`,
    `item_name`,
    `unit_quantities`,
    `store_quantities`,
    `cp_pu`,
    `sp_pu`,
    `item_type`,
    `item_class`,
    `low_stock_threshold`,
    `branch_id`,
    `updated_by`,
    `date_time`,
    `last_restock_quantity`,
    `revision`,
    `origin_device_id`,
    `deleted_at`,
    `sync_status`,
    `last_modified`
  )
VALUES
  (
    823,
    'Normal saline',
    0,
    40,
    0.00,
    2000.00,
    'iv_fluid',
    'General Drug',
    10,
    1,
    'Abiodun Salako',
    '2025-12-26 22:21:55',
    40,
    1,
    NULL,
    NULL,
    0,
    '2025-11-08 13:38:48'
  );
INSERT INTO
  `inventories` (
    `id`,
    `item_name`,
    `unit_quantities`,
    `store_quantities`,
    `cp_pu`,
    `sp_pu`,
    `item_type`,
    `item_class`,
    `low_stock_threshold`,
    `branch_id`,
    `updated_by`,
    `date_time`,
    `last_restock_quantity`,
    `revision`,
    `origin_device_id`,
    `deleted_at`,
    `sync_status`,
    `last_modified`
  )
VALUES
  (
    824,
    'Novalgin',
    0,
    0,
    0.00,
    0.00,
    'card_drug',
    'anagelsic',
    10,
    1,
    'system',
    '2025-07-07 09:59:21',
    0,
    1,
    NULL,
    NULL,
    0,
    '2025-11-08 13:38:48'
  );
INSERT INTO
  `inventories` (
    `id`,
    `item_name`,
    `unit_quantities`,
    `store_quantities`,
    `cp_pu`,
    `sp_pu`,
    `item_type`,
    `item_class`,
    `low_stock_threshold`,
    `branch_id`,
    `updated_by`,
    `date_time`,
    `last_restock_quantity`,
    `revision`,
    `origin_device_id`,
    `deleted_at`,
    `sync_status`,
    `last_modified`
  )
VALUES
  (
    825,
    'Nylon 0',
    0,
    0,
    0.00,
    0.00,
    'medical_consumables',
    'consumables',
    10,
    1,
    'system',
    '2025-07-07 09:59:21',
    0,
    1,
    NULL,
    NULL,
    0,
    '2025-11-08 13:38:48'
  );
INSERT INTO
  `inventories` (
    `id`,
    `item_name`,
    `unit_quantities`,
    `store_quantities`,
    `cp_pu`,
    `sp_pu`,
    `item_type`,
    `item_class`,
    `low_stock_threshold`,
    `branch_id`,
    `updated_by`,
    `date_time`,
    `last_restock_quantity`,
    `revision`,
    `origin_device_id`,
    `deleted_at`,
    `sync_status`,
    `last_modified`
  )
VALUES
  (
    826,
    'Nylon 2.0',
    0,
    0,
    0.00,
    0.00,
    'medical_consumables',
    'consumables',
    10,
    1,
    'system',
    '2025-07-07 09:59:21',
    0,
    1,
    NULL,
    NULL,
    0,
    '2025-11-08 13:38:48'
  );
INSERT INTO
  `inventories` (
    `id`,
    `item_name`,
    `unit_quantities`,
    `store_quantities`,
    `cp_pu`,
    `sp_pu`,
    `item_type`,
    `item_class`,
    `low_stock_threshold`,
    `branch_id`,
    `updated_by`,
    `date_time`,
    `last_restock_quantity`,
    `revision`,
    `origin_device_id`,
    `deleted_at`,
    `sync_status`,
    `last_modified`
  )
VALUES
  (
    827,
    'Ofloxacine',
    0,
    0,
    0.00,
    0.00,
    'card_drug',
    'antibiotics',
    10,
    1,
    'system',
    '2025-07-07 09:59:21',
    0,
    1,
    NULL,
    NULL,
    0,
    '2025-11-08 13:38:48'
  );
INSERT INTO
  `inventories` (
    `id`,
    `item_name`,
    `unit_quantities`,
    `store_quantities`,
    `cp_pu`,
    `sp_pu`,
    `item_type`,
    `item_class`,
    `low_stock_threshold`,
    `branch_id`,
    `updated_by`,
    `date_time`,
    `last_restock_quantity`,
    `revision`,
    `origin_device_id`,
    `deleted_at`,
    `sync_status`,
    `last_modified`
  )
VALUES
  (
    828,
    'Omeprazole',
    0,
    0,
    0.00,
    0.00,
    'card_drug',
    'antibiotics',
    10,
    1,
    'system',
    '2025-07-07 09:59:21',
    0,
    1,
    NULL,
    NULL,
    0,
    '2025-11-08 13:38:48'
  );
INSERT INTO
  `inventories` (
    `id`,
    `item_name`,
    `unit_quantities`,
    `store_quantities`,
    `cp_pu`,
    `sp_pu`,
    `item_type`,
    `item_class`,
    `low_stock_threshold`,
    `branch_id`,
    `updated_by`,
    `date_time`,
    `last_restock_quantity`,
    `revision`,
    `origin_device_id`,
    `deleted_at`,
    `sync_status`,
    `last_modified`
  )
VALUES
  (
    829,
    'Omeprazole Inj.',
    54,
    5,
    0.00,
    750.00,
    'injection',
    'antibiotics',
    10,
    1,
    'Doctor Abiodun Salako',
    '2025-10-04 15:13:43',
    15,
    1,
    NULL,
    NULL,
    0,
    '2025-11-08 13:38:48'
  );
INSERT INTO
  `inventories` (
    `id`,
    `item_name`,
    `unit_quantities`,
    `store_quantities`,
    `cp_pu`,
    `sp_pu`,
    `item_type`,
    `item_class`,
    `low_stock_threshold`,
    `branch_id`,
    `updated_by`,
    `date_time`,
    `last_restock_quantity`,
    `revision`,
    `origin_device_id`,
    `deleted_at`,
    `sync_status`,
    `last_modified`
  )
VALUES
  (
    830,
    'Orphensic',
    0,
    0,
    0.00,
    0.00,
    'card_drug',
    'General Drug',
    10,
    1,
    'system',
    '2025-07-07 09:59:21',
    0,
    1,
    NULL,
    NULL,
    0,
    '2025-11-08 13:38:48'
  );
INSERT INTO
  `inventories` (
    `id`,
    `item_name`,
    `unit_quantities`,
    `store_quantities`,
    `cp_pu`,
    `sp_pu`,
    `item_type`,
    `item_class`,
    `low_stock_threshold`,
    `branch_id`,
    `updated_by`,
    `date_time`,
    `last_restock_quantity`,
    `revision`,
    `origin_device_id`,
    `deleted_at`,
    `sync_status`,
    `last_modified`
  )
VALUES
  (
    831,
    'ORS',
    0,
    0,
    0.00,
    0.00,
    'card_drug',
    'General Drug',
    10,
    1,
    'system',
    '2025-07-07 09:59:21',
    0,
    1,
    NULL,
    NULL,
    0,
    '2025-11-08 13:38:48'
  );
INSERT INTO
  `inventories` (
    `id`,
    `item_name`,
    `unit_quantities`,
    `store_quantities`,
    `cp_pu`,
    `sp_pu`,
    `item_type`,
    `item_class`,
    `low_stock_threshold`,
    `branch_id`,
    `updated_by`,
    `date_time`,
    `last_restock_quantity`,
    `revision`,
    `origin_device_id`,
    `deleted_at`,
    `sync_status`,
    `last_modified`
  )
VALUES
  (
    832,
    'Oxygen tube(Adult)',
    0,
    0,
    0.00,
    0.00,
    'medical_consumables',
    'consumables',
    10,
    1,
    'system',
    '2025-07-07 09:59:21',
    0,
    1,
    NULL,
    NULL,
    0,
    '2025-11-08 13:38:48'
  );
INSERT INTO
  `inventories` (
    `id`,
    `item_name`,
    `unit_quantities`,
    `store_quantities`,
    `cp_pu`,
    `sp_pu`,
    `item_type`,
    `item_class`,
    `low_stock_threshold`,
    `branch_id`,
    `updated_by`,
    `date_time`,
    `last_restock_quantity`,
    `revision`,
    `origin_device_id`,
    `deleted_at`,
    `sync_status`,
    `last_modified`
  )
VALUES
  (
    833,
    'Oxygen tube(Children)',
    0,
    0,
    0.00,
    0.00,
    'medical_consumables',
    'consumables',
    10,
    1,
    'system',
    '2025-07-07 09:59:21',
    0,
    1,
    NULL,
    NULL,
    0,
    '2025-11-08 13:38:48'
  );
INSERT INTO
  `inventories` (
    `id`,
    `item_name`,
    `unit_quantities`,
    `store_quantities`,
    `cp_pu`,
    `sp_pu`,
    `item_type`,
    `item_class`,
    `low_stock_threshold`,
    `branch_id`,
    `updated_by`,
    `date_time`,
    `last_restock_quantity`,
    `revision`,
    `origin_device_id`,
    `deleted_at`,
    `sync_status`,
    `last_modified`
  )
VALUES
  (
    834,
    'Oxytocine Injection',
    0,
    0,
    0.00,
    0.00,
    'injection',
    'General Drug',
    10,
    1,
    'system',
    '2025-07-07 09:59:21',
    0,
    1,
    NULL,
    NULL,
    0,
    '2025-11-08 13:38:48'
  );
INSERT INTO
  `inventories` (
    `id`,
    `item_name`,
    `unit_quantities`,
    `store_quantities`,
    `cp_pu`,
    `sp_pu`,
    `item_type`,
    `item_class`,
    `low_stock_threshold`,
    `branch_id`,
    `updated_by`,
    `date_time`,
    `last_restock_quantity`,
    `revision`,
    `origin_device_id`,
    `deleted_at`,
    `sync_status`,
    `last_modified`
  )
VALUES
  (
    835,
    'P.Alaxine syrup',
    0,
    0,
    0.00,
    0.00,
    'syrup_drug',
    'ACT',
    10,
    1,
    'system',
    '2025-07-07 09:59:21',
    0,
    1,
    NULL,
    NULL,
    0,
    '2025-11-08 13:38:48'
  );
INSERT INTO
  `inventories` (
    `id`,
    `item_name`,
    `unit_quantities`,
    `store_quantities`,
    `cp_pu`,
    `sp_pu`,
    `item_type`,
    `item_class`,
    `low_stock_threshold`,
    `branch_id`,
    `updated_by`,
    `date_time`,
    `last_restock_quantity`,
    `revision`,
    `origin_device_id`,
    `deleted_at`,
    `sync_status`,
    `last_modified`
  )
VALUES
  (
    836,
    'P.Alaxine Tabs',
    0,
    0,
    0.00,
    0.00,
    'card_drug',
    'ACT',
    10,
    1,
    'system',
    '2025-07-07 09:59:21',
    0,
    1,
    NULL,
    NULL,
    0,
    '2025-11-08 13:38:48'
  );
INSERT INTO
  `inventories` (
    `id`,
    `item_name`,
    `unit_quantities`,
    `store_quantities`,
    `cp_pu`,
    `sp_pu`,
    `item_type`,
    `item_class`,
    `low_stock_threshold`,
    `branch_id`,
    `updated_by`,
    `date_time`,
    `last_restock_quantity`,
    `revision`,
    `origin_device_id`,
    `deleted_at`,
    `sync_status`,
    `last_modified`
  )
VALUES
  (
    837,
    'P.C.M Cards',
    0,
    0,
    0.00,
    0.00,
    'card_drug',
    'anagelsic',
    10,
    1,
    'system',
    '2025-07-07 09:59:21',
    0,
    1,
    NULL,
    NULL,
    0,
    '2025-11-08 13:38:48'
  );
INSERT INTO
  `inventories` (
    `id`,
    `item_name`,
    `unit_quantities`,
    `store_quantities`,
    `cp_pu`,
    `sp_pu`,
    `item_type`,
    `item_class`,
    `low_stock_threshold`,
    `branch_id`,
    `updated_by`,
    `date_time`,
    `last_restock_quantity`,
    `revision`,
    `origin_device_id`,
    `deleted_at`,
    `sync_status`,
    `last_modified`
  )
VALUES
  (
    838,
    'pcm tab',
    2999,
    492,
    0.00,
    13.00,
    'counting_drug',
    'anagelsic',
    10,
    1,
    'Doctor Abiodun Salako',
    '2025-12-27 00:02:02',
    500,
    1,
    NULL,
    NULL,
    0,
    '2025-11-08 13:38:48'
  );
INSERT INTO
  `inventories` (
    `id`,
    `item_name`,
    `unit_quantities`,
    `store_quantities`,
    `cp_pu`,
    `sp_pu`,
    `item_type`,
    `item_class`,
    `low_stock_threshold`,
    `branch_id`,
    `updated_by`,
    `date_time`,
    `last_restock_quantity`,
    `revision`,
    `origin_device_id`,
    `deleted_at`,
    `sync_status`,
    `last_modified`
  )
VALUES
  (
    839,
    'pcm syrup',
    10,
    10,
    450.00,
    800.00,
    'syrup_drug',
    'syrup_drug',
    10,
    1,
    'Doctor Abiodun Salako',
    '2025-09-30 16:43:35',
    20,
    1,
    NULL,
    NULL,
    0,
    '2025-11-08 13:38:48'
  );
INSERT INTO
  `inventories` (
    `id`,
    `item_name`,
    `unit_quantities`,
    `store_quantities`,
    `cp_pu`,
    `sp_pu`,
    `item_type`,
    `item_class`,
    `low_stock_threshold`,
    `branch_id`,
    `updated_by`,
    `date_time`,
    `last_restock_quantity`,
    `revision`,
    `origin_device_id`,
    `deleted_at`,
    `sync_status`,
    `last_modified`
  )
VALUES
  (
    840,
    'Panadol Extra',
    0,
    0,
    0.00,
    0.00,
    'card_drug',
    'anagelsic',
    10,
    1,
    'system',
    '2025-07-07 09:59:21',
    0,
    1,
    NULL,
    NULL,
    0,
    '2025-11-08 13:38:48'
  );
INSERT INTO
  `inventories` (
    `id`,
    `item_name`,
    `unit_quantities`,
    `store_quantities`,
    `cp_pu`,
    `sp_pu`,
    `item_type`,
    `item_class`,
    `low_stock_threshold`,
    `branch_id`,
    `updated_by`,
    `date_time`,
    `last_restock_quantity`,
    `revision`,
    `origin_device_id`,
    `deleted_at`,
    `sync_status`,
    `last_modified`
  )
VALUES
  (
    841,
    'Paracetamol Inj',
    0,
    0,
    0.00,
    0.00,
    'injection',
    'anagelsic',
    10,
    1,
    'system',
    '2025-07-07 09:59:21',
    0,
    1,
    NULL,
    NULL,
    0,
    '2025-11-08 13:38:48'
  );
INSERT INTO
  `inventories` (
    `id`,
    `item_name`,
    `unit_quantities`,
    `store_quantities`,
    `cp_pu`,
    `sp_pu`,
    `item_type`,
    `item_class`,
    `low_stock_threshold`,
    `branch_id`,
    `updated_by`,
    `date_time`,
    `last_restock_quantity`,
    `revision`,
    `origin_device_id`,
    `deleted_at`,
    `sync_status`,
    `last_modified`
  )
VALUES
  (
    842,
    'Paracetamol Inj.',
    0,
    0,
    0.00,
    0.00,
    'injection',
    'anagelsic',
    10,
    1,
    'system',
    '2025-07-07 09:59:21',
    0,
    1,
    NULL,
    NULL,
    0,
    '2025-11-08 13:38:48'
  );
INSERT INTO
  `inventories` (
    `id`,
    `item_name`,
    `unit_quantities`,
    `store_quantities`,
    `cp_pu`,
    `sp_pu`,
    `item_type`,
    `item_class`,
    `low_stock_threshold`,
    `branch_id`,
    `updated_by`,
    `date_time`,
    `last_restock_quantity`,
    `revision`,
    `origin_device_id`,
    `deleted_at`,
    `sync_status`,
    `last_modified`
  )
VALUES
  (
    843,
    'Pectos',
    0,
    0,
    0.00,
    0.00,
    'card_drug',
    'General Drug',
    10,
    1,
    'system',
    '2025-07-07 09:59:21',
    0,
    1,
    NULL,
    NULL,
    0,
    '2025-11-08 13:38:48'
  );
INSERT INTO
  `inventories` (
    `id`,
    `item_name`,
    `unit_quantities`,
    `store_quantities`,
    `cp_pu`,
    `sp_pu`,
    `item_type`,
    `item_class`,
    `low_stock_threshold`,
    `branch_id`,
    `updated_by`,
    `date_time`,
    `last_restock_quantity`,
    `revision`,
    `origin_device_id`,
    `deleted_at`,
    `sync_status`,
    `last_modified`
  )
VALUES
  (
    844,
    'Penicilline cream',
    0,
    0,
    0.00,
    0.00,
    'gel_cream',
    'antibiotics',
    10,
    1,
    'system',
    '2025-07-07 09:59:21',
    0,
    1,
    NULL,
    NULL,
    0,
    '2025-11-08 13:38:48'
  );
INSERT INTO
  `inventories` (
    `id`,
    `item_name`,
    `unit_quantities`,
    `store_quantities`,
    `cp_pu`,
    `sp_pu`,
    `item_type`,
    `item_class`,
    `low_stock_threshold`,
    `branch_id`,
    `updated_by`,
    `date_time`,
    `last_restock_quantity`,
    `revision`,
    `origin_device_id`,
    `deleted_at`,
    `sync_status`,
    `last_modified`
  )
VALUES
  (
    845,
    'Pentazocine Inj.',
    0,
    0,
    0.00,
    0.00,
    'injection',
    'anaesthesia',
    10,
    1,
    'system',
    '2025-07-07 09:59:21',
    0,
    1,
    NULL,
    NULL,
    0,
    '2025-11-08 13:38:48'
  );
INSERT INTO
  `inventories` (
    `id`,
    `item_name`,
    `unit_quantities`,
    `store_quantities`,
    `cp_pu`,
    `sp_pu`,
    `item_type`,
    `item_class`,
    `low_stock_threshold`,
    `branch_id`,
    `updated_by`,
    `date_time`,
    `last_restock_quantity`,
    `revision`,
    `origin_device_id`,
    `deleted_at`,
    `sync_status`,
    `last_modified`
  )
VALUES
  (
    846,
    'Pilex',
    0,
    0,
    0.00,
    0.00,
    'card_drug',
    'General Drug',
    10,
    1,
    'system',
    '2025-07-07 09:59:21',
    0,
    1,
    NULL,
    NULL,
    0,
    '2025-11-08 13:38:48'
  );
INSERT INTO
  `inventories` (
    `id`,
    `item_name`,
    `unit_quantities`,
    `store_quantities`,
    `cp_pu`,
    `sp_pu`,
    `item_type`,
    `item_class`,
    `low_stock_threshold`,
    `branch_id`,
    `updated_by`,
    `date_time`,
    `last_restock_quantity`,
    `revision`,
    `origin_device_id`,
    `deleted_at`,
    `sync_status`,
    `last_modified`
  )
VALUES
  (
    847,
    'Piroxicam',
    0,
    0,
    0.00,
    0.00,
    'card_drug',
    'anagelsic',
    10,
    1,
    'system',
    '2025-07-07 09:59:21',
    0,
    1,
    NULL,
    NULL,
    0,
    '2025-11-08 13:38:48'
  );
INSERT INTO
  `inventories` (
    `id`,
    `item_name`,
    `unit_quantities`,
    `store_quantities`,
    `cp_pu`,
    `sp_pu`,
    `item_type`,
    `item_class`,
    `low_stock_threshold`,
    `branch_id`,
    `updated_by`,
    `date_time`,
    `last_restock_quantity`,
    `revision`,
    `origin_device_id`,
    `deleted_at`,
    `sync_status`,
    `last_modified`
  )
VALUES
  (
    848,
    'Plain Nifedipine',
    0,
    0,
    0.00,
    0.00,
    'card_drug',
    'anti-hypertensive',
    10,
    1,
    'system',
    '2025-07-07 09:59:21',
    0,
    1,
    NULL,
    NULL,
    0,
    '2025-11-08 13:38:48'
  );
INSERT INTO
  `inventories` (
    `id`,
    `item_name`,
    `unit_quantities`,
    `store_quantities`,
    `cp_pu`,
    `sp_pu`,
    `item_type`,
    `item_class`,
    `low_stock_threshold`,
    `branch_id`,
    `updated_by`,
    `date_time`,
    `last_restock_quantity`,
    `revision`,
    `origin_device_id`,
    `deleted_at`,
    `sync_status`,
    `last_modified`
  )
VALUES
  (
    849,
    'Plaster',
    0,
    0,
    0.00,
    0.00,
    'medical_consumables',
    'consumables',
    10,
    1,
    'system',
    '2025-07-07 09:59:21',
    0,
    1,
    NULL,
    NULL,
    0,
    '2025-11-08 13:38:48'
  );
INSERT INTO
  `inventories` (
    `id`,
    `item_name`,
    `unit_quantities`,
    `store_quantities`,
    `cp_pu`,
    `sp_pu`,
    `item_type`,
    `item_class`,
    `low_stock_threshold`,
    `branch_id`,
    `updated_by`,
    `date_time`,
    `last_restock_quantity`,
    `revision`,
    `origin_device_id`,
    `deleted_at`,
    `sync_status`,
    `last_modified`
  )
VALUES
  (
    850,
    'Plaster (small)',
    0,
    0,
    0.00,
    0.00,
    'medical_consumables',
    'consumables',
    10,
    1,
    'system',
    '2025-07-07 09:59:21',
    0,
    1,
    NULL,
    NULL,
    0,
    '2025-11-08 13:38:48'
  );
INSERT INTO
  `inventories` (
    `id`,
    `item_name`,
    `unit_quantities`,
    `store_quantities`,
    `cp_pu`,
    `sp_pu`,
    `item_type`,
    `item_class`,
    `low_stock_threshold`,
    `branch_id`,
    `updated_by`,
    `date_time`,
    `last_restock_quantity`,
    `revision`,
    `origin_device_id`,
    `deleted_at`,
    `sync_status`,
    `last_modified`
  )
VALUES
  (
    851,
    'Prednisolone',
    0,
    0,
    0.00,
    0.00,
    'card_drug',
    'steroid',
    10,
    1,
    'system',
    '2025-07-07 09:59:21',
    0,
    1,
    NULL,
    NULL,
    0,
    '2025-11-08 13:38:48'
  );
INSERT INTO
  `inventories` (
    `id`,
    `item_name`,
    `unit_quantities`,
    `store_quantities`,
    `cp_pu`,
    `sp_pu`,
    `item_type`,
    `item_class`,
    `low_stock_threshold`,
    `branch_id`,
    `updated_by`,
    `date_time`,
    `last_restock_quantity`,
    `revision`,
    `origin_device_id`,
    `deleted_at`,
    `sync_status`,
    `last_modified`
  )
VALUES
  (
    852,
    'Pregnancy kit',
    0,
    0,
    0.00,
    0.00,
    'medical_consumables',
    'consumables',
    10,
    1,
    'system',
    '2025-07-07 09:59:21',
    0,
    1,
    NULL,
    NULL,
    0,
    '2025-11-08 13:38:48'
  );
INSERT INTO
  `inventories` (
    `id`,
    `item_name`,
    `unit_quantities`,
    `store_quantities`,
    `cp_pu`,
    `sp_pu`,
    `item_type`,
    `item_class`,
    `low_stock_threshold`,
    `branch_id`,
    `updated_by`,
    `date_time`,
    `last_restock_quantity`,
    `revision`,
    `origin_device_id`,
    `deleted_at`,
    `sync_status`,
    `last_modified`
  )
VALUES
  (
    853,
    'Procain penicillin Inj.',
    0,
    0,
    0.00,
    0.00,
    'injection',
    'antibiotics',
    10,
    1,
    'system',
    '2025-07-07 09:59:21',
    0,
    1,
    NULL,
    NULL,
    0,
    '2025-11-08 13:38:48'
  );
INSERT INTO
  `inventories` (
    `id`,
    `item_name`,
    `unit_quantities`,
    `store_quantities`,
    `cp_pu`,
    `sp_pu`,
    `item_type`,
    `item_class`,
    `low_stock_threshold`,
    `branch_id`,
    `updated_by`,
    `date_time`,
    `last_restock_quantity`,
    `revision`,
    `origin_device_id`,
    `deleted_at`,
    `sync_status`,
    `last_modified`
  )
VALUES
  (
    854,
    'Procold',
    0,
    0,
    0.00,
    0.00,
    'card_drug',
    'General Drug',
    10,
    1,
    'system',
    '2025-07-07 09:59:21',
    0,
    1,
    NULL,
    NULL,
    0,
    '2025-11-08 13:38:48'
  );
INSERT INTO
  `inventories` (
    `id`,
    `item_name`,
    `unit_quantities`,
    `store_quantities`,
    `cp_pu`,
    `sp_pu`,
    `item_type`,
    `item_class`,
    `low_stock_threshold`,
    `branch_id`,
    `updated_by`,
    `date_time`,
    `last_restock_quantity`,
    `revision`,
    `origin_device_id`,
    `deleted_at`,
    `sync_status`,
    `last_modified`
  )
VALUES
  (
    855,
    'Ramipril Tab',
    0,
    0,
    0.00,
    0.00,
    'card_drug',
    'anti-hypertensive',
    10,
    1,
    'system',
    '2025-07-07 09:59:21',
    0,
    1,
    NULL,
    NULL,
    0,
    '2025-11-08 13:38:48'
  );
INSERT INTO
  `inventories` (
    `id`,
    `item_name`,
    `unit_quantities`,
    `store_quantities`,
    `cp_pu`,
    `sp_pu`,
    `item_type`,
    `item_class`,
    `low_stock_threshold`,
    `branch_id`,
    `updated_by`,
    `date_time`,
    `last_restock_quantity`,
    `revision`,
    `origin_device_id`,
    `deleted_at`,
    `sync_status`,
    `last_modified`
  )
VALUES
  (
    856,
    'Retard Nifedipine',
    0,
    0,
    0.00,
    0.00,
    'card_drug',
    'anti-hypertensive',
    10,
    1,
    'system',
    '2025-07-07 09:59:21',
    0,
    1,
    NULL,
    NULL,
    0,
    '2025-11-08 13:38:48'
  );
INSERT INTO
  `inventories` (
    `id`,
    `item_name`,
    `unit_quantities`,
    `store_quantities`,
    `cp_pu`,
    `sp_pu`,
    `item_type`,
    `item_class`,
    `low_stock_threshold`,
    `branch_id`,
    `updated_by`,
    `date_time`,
    `last_restock_quantity`,
    `revision`,
    `origin_device_id`,
    `deleted_at`,
    `sync_status`,
    `last_modified`
  )
VALUES
  (
    857,
    'Rimfapicine',
    0,
    0,
    0.00,
    0.00,
    'card_drug',
    'antibiotics',
    10,
    1,
    'system',
    '2025-07-07 09:59:21',
    0,
    1,
    NULL,
    NULL,
    0,
    '2025-11-08 13:38:48'
  );
INSERT INTO
  `inventories` (
    `id`,
    `item_name`,
    `unit_quantities`,
    `store_quantities`,
    `cp_pu`,
    `sp_pu`,
    `item_type`,
    `item_class`,
    `low_stock_threshold`,
    `branch_id`,
    `updated_by`,
    `date_time`,
    `last_restock_quantity`,
    `revision`,
    `origin_device_id`,
    `deleted_at`,
    `sync_status`,
    `last_modified`
  )
VALUES
  (
    858,
    'Robb (big)',
    0,
    0,
    0.00,
    0.00,
    'gel_cream',
    'General Drug',
    10,
    1,
    'system',
    '2025-07-07 09:59:21',
    0,
    1,
    NULL,
    NULL,
    0,
    '2025-11-08 13:38:48'
  );
INSERT INTO
  `inventories` (
    `id`,
    `item_name`,
    `unit_quantities`,
    `store_quantities`,
    `cp_pu`,
    `sp_pu`,
    `item_type`,
    `item_class`,
    `low_stock_threshold`,
    `branch_id`,
    `updated_by`,
    `date_time`,
    `last_restock_quantity`,
    `revision`,
    `origin_device_id`,
    `deleted_at`,
    `sync_status`,
    `last_modified`
  )
VALUES
  (
    859,
    'Robb (small)',
    0,
    0,
    0.00,
    0.00,
    'gel_cream',
    'General Drug',
    10,
    1,
    'system',
    '2025-07-07 09:59:21',
    0,
    1,
    NULL,
    NULL,
    0,
    '2025-11-08 13:38:48'
  );
INSERT INTO
  `inventories` (
    `id`,
    `item_name`,
    `unit_quantities`,
    `store_quantities`,
    `cp_pu`,
    `sp_pu`,
    `item_type`,
    `item_class`,
    `low_stock_threshold`,
    `branch_id`,
    `updated_by`,
    `date_time`,
    `last_restock_quantity`,
    `revision`,
    `origin_device_id`,
    `deleted_at`,
    `sync_status`,
    `last_modified`
  )
VALUES
  (
    860,
    'Salbutamol inhaler',
    0,
    0,
    0.00,
    0.00,
    'card_drug',
    'General Drug',
    10,
    1,
    'system',
    '2025-07-07 09:59:21',
    0,
    1,
    NULL,
    NULL,
    0,
    '2025-11-08 13:38:48'
  );
INSERT INTO
  `inventories` (
    `id`,
    `item_name`,
    `unit_quantities`,
    `store_quantities`,
    `cp_pu`,
    `sp_pu`,
    `item_type`,
    `item_class`,
    `low_stock_threshold`,
    `branch_id`,
    `updated_by`,
    `date_time`,
    `last_restock_quantity`,
    `revision`,
    `origin_device_id`,
    `deleted_at`,
    `sync_status`,
    `last_modified`
  )
VALUES
  (
    861,
    'Scalp vein',
    0,
    0,
    0.00,
    0.00,
    'medical_consumables',
    'consumables',
    10,
    1,
    'system',
    '2025-07-07 09:59:21',
    0,
    1,
    NULL,
    NULL,
    0,
    '2025-11-08 13:38:48'
  );
INSERT INTO
  `inventories` (
    `id`,
    `item_name`,
    `unit_quantities`,
    `store_quantities`,
    `cp_pu`,
    `sp_pu`,
    `item_type`,
    `item_class`,
    `low_stock_threshold`,
    `branch_id`,
    `updated_by`,
    `date_time`,
    `last_restock_quantity`,
    `revision`,
    `origin_device_id`,
    `deleted_at`,
    `sync_status`,
    `last_modified`
  )
VALUES
  (
    862,
    'Semetil Tab',
    0,
    0,
    0.00,
    0.00,
    'card_drug',
    'General Drug',
    10,
    1,
    'system',
    '2025-07-07 09:59:21',
    0,
    1,
    NULL,
    NULL,
    0,
    '2025-11-08 13:38:48'
  );
INSERT INTO
  `inventories` (
    `id`,
    `item_name`,
    `unit_quantities`,
    `store_quantities`,
    `cp_pu`,
    `sp_pu`,
    `item_type`,
    `item_class`,
    `low_stock_threshold`,
    `branch_id`,
    `updated_by`,
    `date_time`,
    `last_restock_quantity`,
    `revision`,
    `origin_device_id`,
    `deleted_at`,
    `sync_status`,
    `last_modified`
  )
VALUES
  (
    863,
    'Septrin',
    0,
    0,
    0.00,
    0.00,
    'card_drug',
    'antibiotics',
    10,
    1,
    'system',
    '2025-07-07 09:59:21',
    0,
    1,
    NULL,
    NULL,
    0,
    '2025-11-08 13:38:48'
  );
INSERT INTO
  `inventories` (
    `id`,
    `item_name`,
    `unit_quantities`,
    `store_quantities`,
    `cp_pu`,
    `sp_pu`,
    `item_type`,
    `item_class`,
    `low_stock_threshold`,
    `branch_id`,
    `updated_by`,
    `date_time`,
    `last_restock_quantity`,
    `revision`,
    `origin_device_id`,
    `deleted_at`,
    `sync_status`,
    `last_modified`
  )
VALUES
  (
    864,
    'Shalartem (24)',
    0,
    0,
    0.00,
    0.00,
    'card_drug',
    'ACT',
    10,
    1,
    'system',
    '2025-07-07 09:59:21',
    0,
    1,
    NULL,
    NULL,
    0,
    '2025-11-08 13:38:48'
  );
INSERT INTO
  `inventories` (
    `id`,
    `item_name`,
    `unit_quantities`,
    `store_quantities`,
    `cp_pu`,
    `sp_pu`,
    `item_type`,
    `item_class`,
    `low_stock_threshold`,
    `branch_id`,
    `updated_by`,
    `date_time`,
    `last_restock_quantity`,
    `revision`,
    `origin_device_id`,
    `deleted_at`,
    `sync_status`,
    `last_modified`
  )
VALUES
  (
    865,
    'Shalartem * 12',
    0,
    0,
    0.00,
    0.00,
    'card_drug',
    'ACT',
    10,
    1,
    'system',
    '2025-07-07 09:59:21',
    0,
    1,
    NULL,
    NULL,
    0,
    '2025-11-08 13:38:48'
  );
INSERT INTO
  `inventories` (
    `id`,
    `item_name`,
    `unit_quantities`,
    `store_quantities`,
    `cp_pu`,
    `sp_pu`,
    `item_type`,
    `item_class`,
    `low_stock_threshold`,
    `branch_id`,
    `updated_by`,
    `date_time`,
    `last_restock_quantity`,
    `revision`,
    `origin_device_id`,
    `deleted_at`,
    `sync_status`,
    `last_modified`
  )
VALUES
  (
    866,
    'Shalartem syrup',
    0,
    0,
    0.00,
    0.00,
    'syrup_drug',
    'ACT',
    10,
    1,
    'system',
    '2025-07-07 09:59:21',
    0,
    1,
    NULL,
    NULL,
    0,
    '2025-11-08 13:38:48'
  );
INSERT INTO
  `inventories` (
    `id`,
    `item_name`,
    `unit_quantities`,
    `store_quantities`,
    `cp_pu`,
    `sp_pu`,
    `item_type`,
    `item_class`,
    `low_stock_threshold`,
    `branch_id`,
    `updated_by`,
    `date_time`,
    `last_restock_quantity`,
    `revision`,
    `origin_device_id`,
    `deleted_at`,
    `sync_status`,
    `last_modified`
  )
VALUES
  (
    867,
    'Shataux',
    0,
    0,
    0.00,
    0.00,
    'card_drug',
    'General Drug',
    10,
    1,
    'system',
    '2025-07-07 09:59:21',
    0,
    1,
    NULL,
    NULL,
    0,
    '2025-11-08 13:38:48'
  );
INSERT INTO
  `inventories` (
    `id`,
    `item_name`,
    `unit_quantities`,
    `store_quantities`,
    `cp_pu`,
    `sp_pu`,
    `item_type`,
    `item_class`,
    `low_stock_threshold`,
    `branch_id`,
    `updated_by`,
    `date_time`,
    `last_restock_quantity`,
    `revision`,
    `origin_device_id`,
    `deleted_at`,
    `sync_status`,
    `last_modified`
  )
VALUES
  (
    868,
    'Skineal cream',
    0,
    0,
    0.00,
    0.00,
    'gel_cream',
    'antifungi cream',
    10,
    1,
    'system',
    '2025-07-07 09:59:21',
    0,
    1,
    NULL,
    NULL,
    0,
    '2025-11-08 13:38:48'
  );
INSERT INTO
  `inventories` (
    `id`,
    `item_name`,
    `unit_quantities`,
    `store_quantities`,
    `cp_pu`,
    `sp_pu`,
    `item_type`,
    `item_class`,
    `low_stock_threshold`,
    `branch_id`,
    `updated_by`,
    `date_time`,
    `last_restock_quantity`,
    `revision`,
    `origin_device_id`,
    `deleted_at`,
    `sync_status`,
    `last_modified`
  )
VALUES
  (
    869,
    'SP',
    0,
    0,
    0.00,
    0.00,
    'card_drug',
    'General Drug',
    10,
    1,
    'system',
    '2025-07-07 09:59:21',
    0,
    1,
    NULL,
    NULL,
    0,
    '2025-11-08 13:38:48'
  );
INSERT INTO
  `inventories` (
    `id`,
    `item_name`,
    `unit_quantities`,
    `store_quantities`,
    `cp_pu`,
    `sp_pu`,
    `item_type`,
    `item_class`,
    `low_stock_threshold`,
    `branch_id`,
    `updated_by`,
    `date_time`,
    `last_restock_quantity`,
    `revision`,
    `origin_device_id`,
    `deleted_at`,
    `sync_status`,
    `last_modified`
  )
VALUES
  (
    870,
    'Streptomycin',
    0,
    0,
    0.00,
    0.00,
    'card_drug',
    'antibiotics',
    10,
    1,
    'system',
    '2025-07-07 09:59:21',
    0,
    1,
    NULL,
    NULL,
    0,
    '2025-11-08 13:38:48'
  );
INSERT INTO
  `inventories` (
    `id`,
    `item_name`,
    `unit_quantities`,
    `store_quantities`,
    `cp_pu`,
    `sp_pu`,
    `item_type`,
    `item_class`,
    `low_stock_threshold`,
    `branch_id`,
    `updated_by`,
    `date_time`,
    `last_restock_quantity`,
    `revision`,
    `origin_device_id`,
    `deleted_at`,
    `sync_status`,
    `last_modified`
  )
VALUES
  (
    871,
    'Stugeron',
    0,
    0,
    0.00,
    0.00,
    'card_drug',
    'General Drug',
    10,
    1,
    'system',
    '2025-07-07 09:59:21',
    0,
    1,
    NULL,
    NULL,
    0,
    '2025-11-08 13:38:48'
  );
INSERT INTO
  `inventories` (
    `id`,
    `item_name`,
    `unit_quantities`,
    `store_quantities`,
    `cp_pu`,
    `sp_pu`,
    `item_type`,
    `item_class`,
    `low_stock_threshold`,
    `branch_id`,
    `updated_by`,
    `date_time`,
    `last_restock_quantity`,
    `revision`,
    `origin_device_id`,
    `deleted_at`,
    `sync_status`,
    `last_modified`
  )
VALUES
  (
    872,
    'Sundex',
    0,
    0,
    0.00,
    0.00,
    'card_drug',
    'General Drug',
    10,
    1,
    'system',
    '2025-07-07 09:59:21',
    0,
    1,
    NULL,
    NULL,
    0,
    '2025-11-08 13:38:48'
  );
INSERT INTO
  `inventories` (
    `id`,
    `item_name`,
    `unit_quantities`,
    `store_quantities`,
    `cp_pu`,
    `sp_pu`,
    `item_type`,
    `item_class`,
    `low_stock_threshold`,
    `branch_id`,
    `updated_by`,
    `date_time`,
    `last_restock_quantity`,
    `revision`,
    `origin_device_id`,
    `deleted_at`,
    `sync_status`,
    `last_modified`
  )
VALUES
  (
    873,
    'Tetracycline',
    0,
    0,
    0.00,
    0.00,
    'card_drug',
    'antibiotics',
    10,
    1,
    'system',
    '2025-07-07 09:59:21',
    0,
    1,
    NULL,
    NULL,
    0,
    '2025-11-08 13:38:48'
  );
INSERT INTO
  `inventories` (
    `id`,
    `item_name`,
    `unit_quantities`,
    `store_quantities`,
    `cp_pu`,
    `sp_pu`,
    `item_type`,
    `item_class`,
    `low_stock_threshold`,
    `branch_id`,
    `updated_by`,
    `date_time`,
    `last_restock_quantity`,
    `revision`,
    `origin_device_id`,
    `deleted_at`,
    `sync_status`,
    `last_modified`
  )
VALUES
  (
    874,
    'Tomixide',
    0,
    0,
    0.00,
    0.00,
    'card_drug',
    'General Drug',
    10,
    1,
    'system',
    '2025-07-07 09:59:21',
    0,
    1,
    NULL,
    NULL,
    0,
    '2025-11-08 13:38:48'
  );
INSERT INTO
  `inventories` (
    `id`,
    `item_name`,
    `unit_quantities`,
    `store_quantities`,
    `cp_pu`,
    `sp_pu`,
    `item_type`,
    `item_class`,
    `low_stock_threshold`,
    `branch_id`,
    `updated_by`,
    `date_time`,
    `last_restock_quantity`,
    `revision`,
    `origin_device_id`,
    `deleted_at`,
    `sync_status`,
    `last_modified`
  )
VALUES
  (
    875,
    'Touch&Go',
    0,
    0,
    0.00,
    0.00,
    'card_drug',
    'General Drug',
    10,
    1,
    'system',
    '2025-07-07 09:59:21',
    0,
    1,
    NULL,
    NULL,
    0,
    '2025-11-08 13:38:48'
  );
INSERT INTO
  `inventories` (
    `id`,
    `item_name`,
    `unit_quantities`,
    `store_quantities`,
    `cp_pu`,
    `sp_pu`,
    `item_type`,
    `item_class`,
    `low_stock_threshold`,
    `branch_id`,
    `updated_by`,
    `date_time`,
    `last_restock_quantity`,
    `revision`,
    `origin_device_id`,
    `deleted_at`,
    `sync_status`,
    `last_modified`
  )
VALUES
  (
    876,
    'Tributan',
    0,
    0,
    0.00,
    0.00,
    'card_drug',
    'anagelsic',
    10,
    1,
    'system',
    '2025-07-07 09:59:21',
    0,
    1,
    NULL,
    NULL,
    0,
    '2025-11-08 13:38:48'
  );
INSERT INTO
  `inventories` (
    `id`,
    `item_name`,
    `unit_quantities`,
    `store_quantities`,
    `cp_pu`,
    `sp_pu`,
    `item_type`,
    `item_class`,
    `low_stock_threshold`,
    `branch_id`,
    `updated_by`,
    `date_time`,
    `last_restock_quantity`,
    `revision`,
    `origin_device_id`,
    `deleted_at`,
    `sync_status`,
    `last_modified`
  )
VALUES
  (
    877,
    'Tutolin Syrup',
    0,
    0,
    0.00,
    0.00,
    'syrup_drug',
    'General Drug',
    10,
    1,
    'system',
    '2025-07-07 09:59:21',
    0,
    1,
    NULL,
    NULL,
    0,
    '2025-11-08 13:38:48'
  );
INSERT INTO
  `inventories` (
    `id`,
    `item_name`,
    `unit_quantities`,
    `store_quantities`,
    `cp_pu`,
    `sp_pu`,
    `item_type`,
    `item_class`,
    `low_stock_threshold`,
    `branch_id`,
    `updated_by`,
    `date_time`,
    `last_restock_quantity`,
    `revision`,
    `origin_device_id`,
    `deleted_at`,
    `sync_status`,
    `last_modified`
  )
VALUES
  (
    878,
    'Tuxil (Adult)',
    0,
    0,
    0.00,
    0.00,
    'card_drug',
    'General Drug',
    10,
    1,
    'system',
    '2025-07-07 09:59:21',
    0,
    1,
    NULL,
    NULL,
    0,
    '2025-11-08 13:38:48'
  );
INSERT INTO
  `inventories` (
    `id`,
    `item_name`,
    `unit_quantities`,
    `store_quantities`,
    `cp_pu`,
    `sp_pu`,
    `item_type`,
    `item_class`,
    `low_stock_threshold`,
    `branch_id`,
    `updated_by`,
    `date_time`,
    `last_restock_quantity`,
    `revision`,
    `origin_device_id`,
    `deleted_at`,
    `sync_status`,
    `last_modified`
  )
VALUES
  (
    879,
    'Tuxil pro (child)',
    0,
    0,
    0.00,
    0.00,
    'syrup_drug',
    'General Drug',
    10,
    1,
    'system',
    '2025-07-07 09:59:21',
    0,
    1,
    NULL,
    NULL,
    0,
    '2025-11-08 13:38:48'
  );
INSERT INTO
  `inventories` (
    `id`,
    `item_name`,
    `unit_quantities`,
    `store_quantities`,
    `cp_pu`,
    `sp_pu`,
    `item_type`,
    `item_class`,
    `low_stock_threshold`,
    `branch_id`,
    `updated_by`,
    `date_time`,
    `last_restock_quantity`,
    `revision`,
    `origin_device_id`,
    `deleted_at`,
    `sync_status`,
    `last_modified`
  )
VALUES
  (
    880,
    'Urine bag',
    0,
    0,
    0.00,
    0.00,
    'medical_consumables',
    'consumables',
    10,
    1,
    'system',
    '2025-07-07 09:59:21',
    0,
    1,
    NULL,
    NULL,
    0,
    '2025-11-08 13:38:48'
  );
INSERT INTO
  `inventories` (
    `id`,
    `item_name`,
    `unit_quantities`,
    `store_quantities`,
    `cp_pu`,
    `sp_pu`,
    `item_type`,
    `item_class`,
    `low_stock_threshold`,
    `branch_id`,
    `updated_by`,
    `date_time`,
    `last_restock_quantity`,
    `revision`,
    `origin_device_id`,
    `deleted_at`,
    `sync_status`,
    `last_modified`
  )
VALUES
  (
    881,
    'Vasoprin',
    0,
    0,
    0.00,
    0.00,
    'card_drug',
    'anti-hypertensive',
    10,
    1,
    'system',
    '2025-07-07 09:59:21',
    0,
    1,
    NULL,
    NULL,
    0,
    '2025-11-08 13:38:48'
  );
INSERT INTO
  `inventories` (
    `id`,
    `item_name`,
    `unit_quantities`,
    `store_quantities`,
    `cp_pu`,
    `sp_pu`,
    `item_type`,
    `item_class`,
    `low_stock_threshold`,
    `branch_id`,
    `updated_by`,
    `date_time`,
    `last_restock_quantity`,
    `revision`,
    `origin_device_id`,
    `deleted_at`,
    `sync_status`,
    `last_modified`
  )
VALUES
  (
    882,
    'Ventoline Nebulizer Inj.',
    0,
    0,
    0.00,
    0.00,
    'injection',
    'General Drug',
    10,
    1,
    'system',
    '2025-07-07 09:59:21',
    0,
    1,
    NULL,
    NULL,
    0,
    '2025-11-08 13:38:48'
  );
INSERT INTO
  `inventories` (
    `id`,
    `item_name`,
    `unit_quantities`,
    `store_quantities`,
    `cp_pu`,
    `sp_pu`,
    `item_type`,
    `item_class`,
    `low_stock_threshold`,
    `branch_id`,
    `updated_by`,
    `date_time`,
    `last_restock_quantity`,
    `revision`,
    `origin_device_id`,
    `deleted_at`,
    `sync_status`,
    `last_modified`
  )
VALUES
  (
    883,
    'Piroxicam Inj.',
    0,
    0,
    0.00,
    0.00,
    'injection',
    'anagelsic',
    10,
    1,
    'Dele Fadairo',
    '2025-07-08 16:01:15',
    0,
    1,
    NULL,
    NULL,
    0,
    '2025-11-08 13:38:48'
  );
INSERT INTO
  `inventories` (
    `id`,
    `item_name`,
    `unit_quantities`,
    `store_quantities`,
    `cp_pu`,
    `sp_pu`,
    `item_type`,
    `item_class`,
    `low_stock_threshold`,
    `branch_id`,
    `updated_by`,
    `date_time`,
    `last_restock_quantity`,
    `revision`,
    `origin_device_id`,
    `deleted_at`,
    `sync_status`,
    `last_modified`
  )
VALUES
  (
    884,
    'Vit. c syrup',
    0,
    0,
    0.00,
    0.00,
    'syrup_drug',
    'nutritional-supliment',
    10,
    1,
    'system',
    '2025-07-07 09:59:21',
    0,
    1,
    NULL,
    NULL,
    0,
    '2025-11-08 13:38:48'
  );
INSERT INTO
  `inventories` (
    `id`,
    `item_name`,
    `unit_quantities`,
    `store_quantities`,
    `cp_pu`,
    `sp_pu`,
    `item_type`,
    `item_class`,
    `low_stock_threshold`,
    `branch_id`,
    `updated_by`,
    `date_time`,
    `last_restock_quantity`,
    `revision`,
    `origin_device_id`,
    `deleted_at`,
    `sync_status`,
    `last_modified`
  )
VALUES
  (
    885,
    'vitamin C(100)',
    0,
    0,
    0.00,
    0.00,
    'card_drug',
    'nutritional-supliment',
    10,
    1,
    'system',
    '2025-07-07 09:59:21',
    0,
    1,
    NULL,
    NULL,
    0,
    '2025-11-08 13:38:48'
  );
INSERT INTO
  `inventories` (
    `id`,
    `item_name`,
    `unit_quantities`,
    `store_quantities`,
    `cp_pu`,
    `sp_pu`,
    `item_type`,
    `item_class`,
    `low_stock_threshold`,
    `branch_id`,
    `updated_by`,
    `date_time`,
    `last_restock_quantity`,
    `revision`,
    `origin_device_id`,
    `deleted_at`,
    `sync_status`,
    `last_modified`
  )
VALUES
  (
    886,
    'Vitamin C(1000)',
    0,
    0,
    0.00,
    0.00,
    'card_drug',
    'nutritional-supliment',
    10,
    1,
    'system',
    '2025-07-07 09:59:21',
    0,
    1,
    NULL,
    NULL,
    0,
    '2025-11-08 13:38:48'
  );
INSERT INTO
  `inventories` (
    `id`,
    `item_name`,
    `unit_quantities`,
    `store_quantities`,
    `cp_pu`,
    `sp_pu`,
    `item_type`,
    `item_class`,
    `low_stock_threshold`,
    `branch_id`,
    `updated_by`,
    `date_time`,
    `last_restock_quantity`,
    `revision`,
    `origin_device_id`,
    `deleted_at`,
    `sync_status`,
    `last_modified`
  )
VALUES
  (
    887,
    'Warfin',
    0,
    0,
    0.00,
    0.00,
    'card_drug',
    'General Drug',
    10,
    1,
    'system',
    '2025-07-07 09:59:21',
    0,
    1,
    NULL,
    NULL,
    0,
    '2025-11-08 13:38:48'
  );
INSERT INTO
  `inventories` (
    `id`,
    `item_name`,
    `unit_quantities`,
    `store_quantities`,
    `cp_pu`,
    `sp_pu`,
    `item_type`,
    `item_class`,
    `low_stock_threshold`,
    `branch_id`,
    `updated_by`,
    `date_time`,
    `last_restock_quantity`,
    `revision`,
    `origin_device_id`,
    `deleted_at`,
    `sync_status`,
    `last_modified`
  )
VALUES
  (
    888,
    'Water for Inj',
    0,
    0,
    0.00,
    0.00,
    'injection',
    'iv_fluid',
    10,
    1,
    'system',
    '2025-07-07 09:59:21',
    0,
    1,
    NULL,
    NULL,
    0,
    '2025-11-08 13:38:48'
  );
INSERT INTO
  `inventories` (
    `id`,
    `item_name`,
    `unit_quantities`,
    `store_quantities`,
    `cp_pu`,
    `sp_pu`,
    `item_type`,
    `item_class`,
    `low_stock_threshold`,
    `branch_id`,
    `updated_by`,
    `date_time`,
    `last_restock_quantity`,
    `revision`,
    `origin_device_id`,
    `deleted_at`,
    `sync_status`,
    `last_modified`
  )
VALUES
  (
    889,
    'Whitefield cream',
    0,
    0,
    0.00,
    0.00,
    'gel_cream',
    'antifungi cream',
    10,
    1,
    'system',
    '2025-07-07 09:59:21',
    0,
    1,
    NULL,
    NULL,
    0,
    '2025-11-08 13:38:48'
  );
INSERT INTO
  `inventories` (
    `id`,
    `item_name`,
    `unit_quantities`,
    `store_quantities`,
    `cp_pu`,
    `sp_pu`,
    `item_type`,
    `item_class`,
    `low_stock_threshold`,
    `branch_id`,
    `updated_by`,
    `date_time`,
    `last_restock_quantity`,
    `revision`,
    `origin_device_id`,
    `deleted_at`,
    `sync_status`,
    `last_modified`
  )
VALUES
  (
    890,
    'X-pen',
    0,
    0,
    0.00,
    0.00,
    'card_drug',
    'General Drug',
    10,
    1,
    'system',
    '2025-07-07 09:59:21',
    0,
    1,
    NULL,
    NULL,
    0,
    '2025-11-08 13:38:48'
  );
INSERT INTO
  `inventories` (
    `id`,
    `item_name`,
    `unit_quantities`,
    `store_quantities`,
    `cp_pu`,
    `sp_pu`,
    `item_type`,
    `item_class`,
    `low_stock_threshold`,
    `branch_id`,
    `updated_by`,
    `date_time`,
    `last_restock_quantity`,
    `revision`,
    `origin_device_id`,
    `deleted_at`,
    `sync_status`,
    `last_modified`
  )
VALUES
  (
    891,
    'Zet gel',
    0,
    0,
    0.00,
    0.00,
    'gel_cream',
    'General Drug',
    10,
    1,
    'system',
    '2025-07-07 09:59:21',
    0,
    1,
    NULL,
    NULL,
    0,
    '2025-11-08 13:38:48'
  );
INSERT INTO
  `inventories` (
    `id`,
    `item_name`,
    `unit_quantities`,
    `store_quantities`,
    `cp_pu`,
    `sp_pu`,
    `item_type`,
    `item_class`,
    `low_stock_threshold`,
    `branch_id`,
    `updated_by`,
    `date_time`,
    `last_restock_quantity`,
    `revision`,
    `origin_device_id`,
    `deleted_at`,
    `sync_status`,
    `last_modified`
  )
VALUES
  (
    892,
    'Zinc',
    0,
    0,
    0.00,
    0.00,
    'card_drug',
    'nutritional-supliment',
    10,
    1,
    'system',
    '2025-07-07 09:59:21',
    0,
    1,
    NULL,
    NULL,
    0,
    '2025-11-08 13:38:48'
  );
INSERT INTO
  `inventories` (
    `id`,
    `item_name`,
    `unit_quantities`,
    `store_quantities`,
    `cp_pu`,
    `sp_pu`,
    `item_type`,
    `item_class`,
    `low_stock_threshold`,
    `branch_id`,
    `updated_by`,
    `date_time`,
    `last_restock_quantity`,
    `revision`,
    `origin_device_id`,
    `deleted_at`,
    `sync_status`,
    `last_modified`
  )
VALUES
  (
    893,
    'Elaquine',
    204,
    200,
    0.00,
    10.00,
    'card_drug',
    'ACT',
    20,
    1,
    'Doctor Abiodun Salako',
    '2025-11-26 11:45:48',
    500,
    1,
    NULL,
    NULL,
    0,
    '2025-11-08 13:38:48'
  );
INSERT INTO
  `inventories` (
    `id`,
    `item_name`,
    `unit_quantities`,
    `store_quantities`,
    `cp_pu`,
    `sp_pu`,
    `item_type`,
    `item_class`,
    `low_stock_threshold`,
    `branch_id`,
    `updated_by`,
    `date_time`,
    `last_restock_quantity`,
    `revision`,
    `origin_device_id`,
    `deleted_at`,
    `sync_status`,
    `last_modified`
  )
VALUES
  (
    894,
    'Mectizan',
    0,
    0,
    0.00,
    0.00,
    'counting_drug',
    'antifungi oral',
    20,
    1,
    'Abiodun Salako',
    '2025-12-26 22:27:43',
    0,
    1,
    NULL,
    NULL,
    0,
    '2025-12-26 22:27:43'
  );

# ------------------------------------------------------------
# DATA DUMP FOR TABLE: inventory_dispensed
# ------------------------------------------------------------

INSERT INTO
  `inventory_dispensed` (
    `id`,
    `inventory_id`,
    `patient_id`,
    `rx_time`,
    `customer_name`,
    `quantity_before`,
    `quantity_dispensed`,
    `quantity_after`,
    `dispensed_by`,
    `date_time`,
    `branch_id`
  )
VALUES
  (
    1,
    893,
    '6/2504/GOH',
    '25 Nov 2025, 11:06 AM',
    NULL,
    222,
    9,
    213,
    'Doctor Abiodun Salako',
    '2025-11-26 11:44:59',
    1
  );
INSERT INTO
  `inventory_dispensed` (
    `id`,
    `inventory_id`,
    `patient_id`,
    `rx_time`,
    `customer_name`,
    `quantity_before`,
    `quantity_dispensed`,
    `quantity_after`,
    `dispensed_by`,
    `date_time`,
    `branch_id`
  )
VALUES
  (
    2,
    838,
    '9/2507/GOH',
    '25 Nov 2025, 10:17 AM',
    NULL,
    3028,
    9,
    3019,
    'Doctor Abiodun Salako',
    '2025-11-26 11:45:48',
    1
  );
INSERT INTO
  `inventory_dispensed` (
    `id`,
    `inventory_id`,
    `patient_id`,
    `rx_time`,
    `customer_name`,
    `quantity_before`,
    `quantity_dispensed`,
    `quantity_after`,
    `dispensed_by`,
    `date_time`,
    `branch_id`
  )
VALUES
  (
    3,
    251,
    '9/2507/GOH',
    '25 Nov 2025, 10:17 AM',
    NULL,
    497,
    1,
    496,
    'Doctor Abiodun Salako',
    '2025-11-26 11:45:48',
    1
  );
INSERT INTO
  `inventory_dispensed` (
    `id`,
    `inventory_id`,
    `patient_id`,
    `rx_time`,
    `customer_name`,
    `quantity_before`,
    `quantity_dispensed`,
    `quantity_after`,
    `dispensed_by`,
    `date_time`,
    `branch_id`
  )
VALUES
  (
    4,
    893,
    '9/2507/GOH',
    '25 Nov 2025, 10:17 AM',
    NULL,
    213,
    9,
    204,
    'Doctor Abiodun Salako',
    '2025-11-26 11:45:48',
    1
  );
INSERT INTO
  `inventory_dispensed` (
    `id`,
    `inventory_id`,
    `patient_id`,
    `rx_time`,
    `customer_name`,
    `quantity_before`,
    `quantity_dispensed`,
    `quantity_after`,
    `dispensed_by`,
    `date_time`,
    `branch_id`
  )
VALUES
  (
    5,
    251,
    '6/2504/GOH',
    '25 Nov 2025, 09:39 AM',
    NULL,
    496,
    1,
    495,
    'Doctor Abiodun Salako',
    '2025-11-26 11:47:01',
    1
  );
INSERT INTO
  `inventory_dispensed` (
    `id`,
    `inventory_id`,
    `patient_id`,
    `rx_time`,
    `customer_name`,
    `quantity_before`,
    `quantity_dispensed`,
    `quantity_after`,
    `dispensed_by`,
    `date_time`,
    `branch_id`
  )
VALUES
  (
    6,
    838,
    '6/2504/GOH',
    '25 Nov 2025, 09:39 AM',
    NULL,
    3019,
    2,
    3017,
    'Doctor Abiodun Salako',
    '2025-11-26 11:47:01',
    1
  );
INSERT INTO
  `inventory_dispensed` (
    `id`,
    `inventory_id`,
    `patient_id`,
    `rx_time`,
    `customer_name`,
    `quantity_before`,
    `quantity_dispensed`,
    `quantity_after`,
    `dispensed_by`,
    `date_time`,
    `branch_id`
  )
VALUES
  (
    7,
    251,
    '6/2504/GOH',
    '25 Nov 2025, 09:39 AM',
    NULL,
    495,
    1,
    494,
    'Doctor Abiodun Salako',
    '2025-11-26 11:48:20',
    1
  );
INSERT INTO
  `inventory_dispensed` (
    `id`,
    `inventory_id`,
    `patient_id`,
    `rx_time`,
    `customer_name`,
    `quantity_before`,
    `quantity_dispensed`,
    `quantity_after`,
    `dispensed_by`,
    `date_time`,
    `branch_id`
  )
VALUES
  (
    8,
    838,
    '24/2512/GOH',
    '26 Dec 2025, 11:45 PM',
    NULL,
    3017,
    18,
    2999,
    'Doctor Abiodun Salako',
    '2025-12-27 00:02:02',
    1
  );

# ------------------------------------------------------------
# DATA DUMP FOR TABLE: inventory_restock_history
# ------------------------------------------------------------

INSERT INTO
  `inventory_restock_history` (
    `id`,
    `inventory_id`,
    `quantity_added`,
    `balance_before`,
    `balance_after`,
    `restocked_by`,
    `branch_id`,
    `date_time`
  )
VALUES
  (
    1,
    829,
    15,
    0,
    15,
    'Abiodun Salako',
    1,
    '2025-09-30 13:06:14'
  );
INSERT INTO
  `inventory_restock_history` (
    `id`,
    `inventory_id`,
    `quantity_added`,
    `balance_before`,
    `balance_after`,
    `restocked_by`,
    `branch_id`,
    `date_time`
  )
VALUES
  (
    2,
    839,
    20,
    0,
    20,
    'Abiodun Salako',
    1,
    '2025-09-30 16:42:10'
  );
INSERT INTO
  `inventory_restock_history` (
    `id`,
    `inventory_id`,
    `quantity_added`,
    `balance_before`,
    `balance_after`,
    `restocked_by`,
    `branch_id`,
    `date_time`
  )
VALUES
  (
    3,
    838,
    500,
    302,
    302500,
    'Abiodun Salako',
    1,
    '2025-10-12 19:19:40'
  );
INSERT INTO
  `inventory_restock_history` (
    `id`,
    `inventory_id`,
    `quantity_added`,
    `balance_before`,
    `balance_after`,
    `restocked_by`,
    `branch_id`,
    `date_time`
  )
VALUES
  (
    4,
    823,
    40,
    0,
    40,
    'Abiodun Salako',
    1,
    '2025-12-26 22:21:55'
  );
INSERT INTO
  `inventory_restock_history` (
    `id`,
    `inventory_id`,
    `quantity_added`,
    `balance_before`,
    `balance_after`,
    `restocked_by`,
    `branch_id`,
    `date_time`
  )
VALUES
  (
    5,
    576,
    40,
    0,
    40,
    'Abiodun Salako',
    1,
    '2025-12-26 22:23:04'
  );

# ------------------------------------------------------------
# DATA DUMP FOR TABLE: inventory_transfers
# ------------------------------------------------------------

INSERT INTO
  `inventory_transfers` (
    `id`,
    `inventory_id`,
    `from_location`,
    `to_location`,
    `transfer_type`,
    `quantity`,
    `from_qty_before`,
    `from_qty_after`,
    `to_qty_before`,
    `to_qty_after`,
    `transfer_by`,
    `date_time`
  )
VALUES
  (
    1,
    829,
    'Store',
    'dispensary Unit',
    'internal',
    5,
    15,
    10,
    0,
    5,
    'Doctor Abiodun Salako',
    '2025-09-30 16:25:11'
  );
INSERT INTO
  `inventory_transfers` (
    `id`,
    `inventory_id`,
    `from_location`,
    `to_location`,
    `transfer_type`,
    `quantity`,
    `from_qty_before`,
    `from_qty_after`,
    `to_qty_before`,
    `to_qty_after`,
    `transfer_by`,
    `date_time`
  )
VALUES
  (
    2,
    829,
    'Store',
    'dispensary Unit',
    'internal',
    5,
    10,
    5,
    5,
    55,
    'Doctor Abiodun Salako',
    '2025-09-30 16:26:43'
  );
INSERT INTO
  `inventory_transfers` (
    `id`,
    `inventory_id`,
    `from_location`,
    `to_location`,
    `transfer_type`,
    `quantity`,
    `from_qty_before`,
    `from_qty_after`,
    `to_qty_before`,
    `to_qty_after`,
    `transfer_by`,
    `date_time`
  )
VALUES
  (
    3,
    839,
    'Store',
    'dispensary Unit',
    'internal',
    10,
    20,
    10,
    0,
    10,
    'Doctor Abiodun Salako',
    '2025-09-30 16:43:35'
  );
INSERT INTO
  `inventory_transfers` (
    `id`,
    `inventory_id`,
    `from_location`,
    `to_location`,
    `transfer_type`,
    `quantity`,
    `from_qty_before`,
    `from_qty_after`,
    `to_qty_before`,
    `to_qty_after`,
    `transfer_by`,
    `date_time`
  )
VALUES
  (
    4,
    893,
    'dispensary Unit',
    'Store',
    'internal',
    200,
    440,
    240,
    0,
    200,
    ' Dev Ola',
    '2025-10-01 18:50:53'
  );
INSERT INTO
  `inventory_transfers` (
    `id`,
    `inventory_id`,
    `from_location`,
    `to_location`,
    `transfer_type`,
    `quantity`,
    `from_qty_before`,
    `from_qty_after`,
    `to_qty_before`,
    `to_qty_after`,
    `transfer_by`,
    `date_time`
  )
VALUES
  (
    5,
    838,
    'Store',
    'dispensary Unit',
    'internal',
    8,
    500,
    492,
    302,
    3028,
    'Doctor Abiodun Salako',
    '2025-10-12 19:20:29'
  );

# ------------------------------------------------------------
# DATA DUMP FOR TABLE: knex_migrations
# ------------------------------------------------------------

INSERT INTO
  `knex_migrations` (`id`, `name`, `batch`, `migration_time`)
VALUES
  (
    1,
    '20251026_add_sync_metadata.js',
    1,
    '2025-11-08 13:38:48'
  );
INSERT INTO
  `knex_migrations` (`id`, `name`, `batch`, `migration_time`)
VALUES
  (
    2,
    '20251026_create_devices_table.js',
    1,
    '2025-11-08 13:38:48'
  );
INSERT INTO
  `knex_migrations` (`id`, `name`, `batch`, `migration_time`)
VALUES
  (
    3,
    '20251026_create_sync_log.js',
    1,
    '2025-11-08 13:38:48'
  );
INSERT INTO
  `knex_migrations` (`id`, `name`, `batch`, `migration_time`)
VALUES
  (
    4,
    '20251026_initial_structure.js',
    1,
    '2025-11-08 13:38:48'
  );
INSERT INTO
  `knex_migrations` (`id`, `name`, `batch`, `migration_time`)
VALUES
  (
    5,
    '20251027_add_branch_to_payments.js',
    1,
    '2025-11-08 13:38:48'
  );
INSERT INTO
  `knex_migrations` (`id`, `name`, `batch`, `migration_time`)
VALUES
  (
    6,
    '20251027_restore_sync_metadata.js',
    1,
    '2025-11-08 13:38:48'
  );
INSERT INTO
  `knex_migrations` (`id`, `name`, `batch`, `migration_time`)
VALUES
  (
    7,
    '20251028_add_sessionid_rx_to_foc.js',
    1,
    '2025-11-08 13:38:48'
  );
INSERT INTO
  `knex_migrations` (`id`, `name`, `batch`, `migration_time`)
VALUES
  (
    8,
    '20251101_create_patient_lifestyle_allergies.js',
    1,
    '2025-11-08 13:38:48'
  );
INSERT INTO
  `knex_migrations` (`id`, `name`, `batch`, `migration_time`)
VALUES
  (
    9,
    '20251116084622_add_consultation_queue_triggers.js',
    2,
    '2025-11-16 09:47:59'
  );
INSERT INTO
  `knex_migrations` (`id`, `name`, `batch`, `migration_time`)
VALUES
  (
    10,
    '20251116084645_add_consultation_queue_triggers.js',
    2,
    '2025-11-16 09:47:59'
  );
INSERT INTO
  `knex_migrations` (`id`, `name`, `batch`, `migration_time`)
VALUES
  (
    11,
    '20251124085742_mark_waiting_consultations_skipped_event.js',
    3,
    '2025-11-24 09:59:50'
  );
INSERT INTO
  `knex_migrations` (`id`, `name`, `batch`, `migration_time`)
VALUES
  (
    12,
    '20251124093804_create_nursing_sheet_table.js',
    4,
    '2025-11-24 10:41:14'
  );
INSERT INTO
  `knex_migrations` (`id`, `name`, `batch`, `migration_time`)
VALUES
  (
    13,
    '20251124113000_add_session_id_to_nursing_sheet.js',
    5,
    '2025-11-24 11:07:47'
  );
INSERT INTO
  `knex_migrations` (`id`, `name`, `batch`, `migration_time`)
VALUES
  (
    14,
    '20251124154500_create_admission_register_table.js',
    6,
    '2025-11-24 15:57:23'
  );
INSERT INTO
  `knex_migrations` (`id`, `name`, `batch`, `migration_time`)
VALUES
  (
    15,
    '20251125120000_update_admission_register_status_enum.js',
    7,
    '2025-11-25 10:17:43'
  );
INSERT INTO
  `knex_migrations` (`id`, `name`, `batch`, `migration_time`)
VALUES
  (
    16,
    '20251208093000_add_session_id_to_vitals.js',
    8,
    '2025-12-08 18:19:21'
  );
INSERT INTO
  `knex_migrations` (`id`, `name`, `batch`, `migration_time`)
VALUES
  (
    18,
    '20251209_create_patient_communicable_conditions.js',
    9,
    '2025-12-09 12:56:43'
  );
INSERT INTO
  `knex_migrations` (`id`, `name`, `batch`, `migration_time`)
VALUES
  (
    19,
    '20251211084500_add_report_preferences.js',
    10,
    '2025-12-12 01:31:29'
  );
INSERT INTO
  `knex_migrations` (`id`, `name`, `batch`, `migration_time`)
VALUES
  (
    20,
    '20251230_add_backup_mode_to_hospitals.js',
    11,
    '2025-12-30 00:39:05'
  );
INSERT INTO
  `knex_migrations` (`id`, `name`, `batch`, `migration_time`)
VALUES
  (
    21,
    '20260102_add_backup_auto_schedule.js',
    12,
    '2026-01-02 11:19:17'
  );

# ------------------------------------------------------------
# DATA DUMP FOR TABLE: knex_migrations_lock
# ------------------------------------------------------------

INSERT INTO
  `knex_migrations_lock` (`index`, `is_locked`)
VALUES
  (1, 0);

# ------------------------------------------------------------
# DATA DUMP FOR TABLE: lab
# ------------------------------------------------------------


# ------------------------------------------------------------
# DATA DUMP FOR TABLE: lab_requests
# ------------------------------------------------------------

INSERT INTO
  `lab_requests` (
    `id`,
    `patient_id`,
    `doctor_id`,
    `test_name`,
    `status`,
    `date_time`
  )
VALUES
  (
    1,
    '22/2508/GOH',
    'Abiodun Salako',
    'PCV',
    'canceled',
    '2025-09-02 12:27:20'
  );
INSERT INTO
  `lab_requests` (
    `id`,
    `patient_id`,
    `doctor_id`,
    `test_name`,
    `status`,
    `date_time`
  )
VALUES
  (
    2,
    '21/2508/GOH',
    'Abiodun Salako',
    'PCV,genotype',
    'canceled',
    '2025-09-13 12:03:33'
  );
INSERT INTO
  `lab_requests` (
    `id`,
    `patient_id`,
    `doctor_id`,
    `test_name`,
    `status`,
    `date_time`
  )
VALUES
  (
    3,
    '22/2508/GOH',
    'Abiodun Salako',
    'PCV,genotype',
    'canceled',
    '2025-09-14 09:16:38'
  );
INSERT INTO
  `lab_requests` (
    `id`,
    `patient_id`,
    `doctor_id`,
    `test_name`,
    `status`,
    `date_time`
  )
VALUES
  (
    4,
    '22/2508/GOH',
    'Abiodun Salako',
    'PCV',
    'canceled',
    '2025-10-02 16:06:38'
  );
INSERT INTO
  `lab_requests` (
    `id`,
    `patient_id`,
    `doctor_id`,
    `test_name`,
    `status`,
    `date_time`
  )
VALUES
  (
    5,
    '7/2505/GOH',
    'Abiodun Salako',
    'widal test',
    'canceled',
    '2025-10-03 10:08:03'
  );
INSERT INTO
  `lab_requests` (
    `id`,
    `patient_id`,
    `doctor_id`,
    `test_name`,
    `status`,
    `date_time`
  )
VALUES
  (
    6,
    '6/2504/GOH',
    'Abiodun Salako',
    'widal test, PCV',
    'canceled',
    '2025-10-03 13:42:19'
  );
INSERT INTO
  `lab_requests` (
    `id`,
    `patient_id`,
    `doctor_id`,
    `test_name`,
    `status`,
    `date_time`
  )
VALUES
  (
    7,
    '9/2507/GOH',
    'Abiodun Salako',
    'widal test, mp',
    'canceled',
    '2025-10-03 16:37:32'
  );
INSERT INTO
  `lab_requests` (
    `id`,
    `patient_id`,
    `doctor_id`,
    `test_name`,
    `status`,
    `date_time`
  )
VALUES
  (
    8,
    '4/2504/GOH',
    'Abiodun Salako',
    'PCV, widal test',
    'canceled',
    '2025-10-04 07:08:51'
  );
INSERT INTO
  `lab_requests` (
    `id`,
    `patient_id`,
    `doctor_id`,
    `test_name`,
    `status`,
    `date_time`
  )
VALUES
  (
    9,
    '22/2508/GOH',
    'Abiodun Salako',
    'PCV',
    'canceled',
    '2025-11-16 10:05:30'
  );
INSERT INTO
  `lab_requests` (
    `id`,
    `patient_id`,
    `doctor_id`,
    `test_name`,
    `status`,
    `date_time`
  )
VALUES
  (
    10,
    '19/2507/GOH',
    'Abiodun Salako',
    'PCV',
    'canceled',
    '2025-11-16 10:27:58'
  );
INSERT INTO
  `lab_requests` (
    `id`,
    `patient_id`,
    `doctor_id`,
    `test_name`,
    `status`,
    `date_time`
  )
VALUES
  (
    11,
    '6/2504/GOH',
    'Abiodun Salako',
    'PCV',
    'canceled',
    '2025-11-25 09:22:54'
  );
INSERT INTO
  `lab_requests` (
    `id`,
    `patient_id`,
    `doctor_id`,
    `test_name`,
    `status`,
    `date_time`
  )
VALUES
  (
    12,
    '23/2510/GOH',
    'Abiodun Salako',
    'widal test',
    'canceled',
    '2025-12-24 16:19:55'
  );
INSERT INTO
  `lab_requests` (
    `id`,
    `patient_id`,
    `doctor_id`,
    `test_name`,
    `status`,
    `date_time`
  )
VALUES
  (
    13,
    '23/2510/GOH',
    'Abiodun Salako',
    'widal test',
    'canceled',
    '2025-12-25 07:36:14'
  );
INSERT INTO
  `lab_requests` (
    `id`,
    `patient_id`,
    `doctor_id`,
    `test_name`,
    `status`,
    `date_time`
  )
VALUES
  (
    14,
    '23/2510/GOH',
    'Abiodun Salako',
    'widal test',
    'canceled',
    '2025-12-25 08:08:52'
  );
INSERT INTO
  `lab_requests` (
    `id`,
    `patient_id`,
    `doctor_id`,
    `test_name`,
    `status`,
    `date_time`
  )
VALUES
  (
    15,
    '23/2510/GOH',
    'Abiodun Salako',
    'widal test',
    'pending',
    '2025-12-25 08:41:49'
  );
INSERT INTO
  `lab_requests` (
    `id`,
    `patient_id`,
    `doctor_id`,
    `test_name`,
    `status`,
    `date_time`
  )
VALUES
  (
    16,
    '23/2510/GOH',
    'Abiodun Salako',
    'PCV',
    'pending',
    '2025-12-25 15:12:39'
  );
INSERT INTO
  `lab_requests` (
    `id`,
    `patient_id`,
    `doctor_id`,
    `test_name`,
    `status`,
    `date_time`
  )
VALUES
  (
    17,
    '22/2508/GOH',
    'Abiodun Salako',
    'PCV',
    'pending',
    '2025-12-26 11:27:31'
  );
INSERT INTO
  `lab_requests` (
    `id`,
    `patient_id`,
    `doctor_id`,
    `test_name`,
    `status`,
    `date_time`
  )
VALUES
  (
    18,
    '7/2505/GOH',
    'Abiodun Salako',
    'mRDT',
    'pending',
    '2026-01-04 17:56:02'
  );

# ------------------------------------------------------------
# DATA DUMP FOR TABLE: lab_result_fields
# ------------------------------------------------------------


# ------------------------------------------------------------
# DATA DUMP FOR TABLE: lab_results
# ------------------------------------------------------------

INSERT INTO
  `lab_results` (
    `id`,
    `request_id`,
    `pt_id`,
    `signed_by`,
    `specimen`,
    `comment`,
    `date_time`
  )
VALUES
  (
    8,
    4,
    '10/2507/GOH',
    'Mopelola Ajasa',
    'blood',
    '',
    '2025-07-11 21:30:03'
  );
INSERT INTO
  `lab_results` (
    `id`,
    `request_id`,
    `pt_id`,
    `signed_by`,
    `specimen`,
    `comment`,
    `date_time`
  )
VALUES
  (
    9,
    3,
    '20/2508/GOH',
    'Abiodun Salako',
    'Blood',
    '',
    '2025-08-03 18:46:45'
  );
INSERT INTO
  `lab_results` (
    `id`,
    `request_id`,
    `pt_id`,
    `signed_by`,
    `specimen`,
    `comment`,
    `date_time`
  )
VALUES
  (
    10,
    3,
    '6/2504/GOH',
    'Abiodun Salako',
    'Blood',
    '',
    '2025-08-13 16:51:57'
  );
INSERT INTO
  `lab_results` (
    `id`,
    `request_id`,
    `pt_id`,
    `signed_by`,
    `specimen`,
    `comment`,
    `date_time`
  )
VALUES
  (
    11,
    10,
    '20/2508/GOH',
    'Abiodun Salako',
    '',
    '',
    '2025-08-14 09:21:43'
  );
INSERT INTO
  `lab_results` (
    `id`,
    `request_id`,
    `pt_id`,
    `signed_by`,
    `specimen`,
    `comment`,
    `date_time`
  )
VALUES
  (
    12,
    4,
    '10/2507/GOH',
    'Abiodun Salako',
    'BLOOD',
    '',
    '2025-08-25 09:37:06'
  );
INSERT INTO
  `lab_results` (
    `id`,
    `request_id`,
    `pt_id`,
    `signed_by`,
    `specimen`,
    `comment`,
    `date_time`
  )
VALUES
  (
    13,
    19,
    '19/2507/GOH',
    'Abiodun Salako',
    'Blood',
    '',
    '2025-08-31 19:57:24'
  );
INSERT INTO
  `lab_results` (
    `id`,
    `request_id`,
    `pt_id`,
    `signed_by`,
    `specimen`,
    `comment`,
    `date_time`
  )
VALUES
  (
    14,
    2,
    '21/2508/GOH',
    'Abiodun Salako',
    'blood',
    '',
    '2025-10-02 11:23:51'
  );

# ------------------------------------------------------------
# DATA DUMP FOR TABLE: lab_results_fileds
# ------------------------------------------------------------

INSERT INTO
  `lab_results_fileds` (
    `id`,
    `result_id`,
    `test_category`,
    `test_name`,
    `value`
  )
VALUES
  (
    1,
    8,
    'WIDAL AGGLUTINATION REACTION--A titre of 110 (1/110) and above is considered significant',
    'Paratyphi A - O H',
    '120'
  );
INSERT INTO
  `lab_results_fileds` (
    `id`,
    `result_id`,
    `test_category`,
    `test_name`,
    `value`
  )
VALUES
  (
    2,
    8,
    'WIDAL AGGLUTINATION REACTION--A titre of 110 (1/110) and above is considered significant',
    'Paratyphi B - O H',
    '110'
  );
INSERT INTO
  `lab_results_fileds` (
    `id`,
    `result_id`,
    `test_category`,
    `test_name`,
    `value`
  )
VALUES
  (
    3,
    8,
    'WIDAL AGGLUTINATION REACTION--A titre of 110 (1/110) and above is considered significant',
    'Paratyphi C - O H',
    '110'
  );
INSERT INTO
  `lab_results_fileds` (
    `id`,
    `result_id`,
    `test_category`,
    `test_name`,
    `value`
  )
VALUES
  (
    4,
    8,
    'WIDAL AGGLUTINATION REACTION--A titre of 110 (1/110) and above is considered significant',
    'Paratyphi D - O H',
    '130'
  );
INSERT INTO
  `lab_results_fileds` (
    `id`,
    `result_id`,
    `test_category`,
    `test_name`,
    `value`
  )
VALUES
  (5, 9, 'BLOOD GROUP', 'BLOOD GROUP', 'O');
INSERT INTO
  `lab_results_fileds` (
    `id`,
    `result_id`,
    `test_category`,
    `test_name`,
    `value`
  )
VALUES
  (6, 9, 'BLOOD GROUP', 'RH \"D\"', 'POSITIVE');
INSERT INTO
  `lab_results_fileds` (
    `id`,
    `result_id`,
    `test_category`,
    `test_name`,
    `value`
  )
VALUES
  (
    7,
    9,
    'PARASITOLOGY',
    'Blood Malaria Parasite (RDT)',
    'POSITIVE'
  );
INSERT INTO
  `lab_results_fileds` (
    `id`,
    `result_id`,
    `test_category`,
    `test_name`,
    `value`
  )
VALUES
  (
    8,
    10,
    'HAEMOTOLOGY | SEROLOGY',
    'Hb (Female: 35-47%,  Male: 40-54%)',
    '34%'
  );
INSERT INTO
  `lab_results_fileds` (
    `id`,
    `result_id`,
    `test_category`,
    `test_name`,
    `value`
  )
VALUES
  (
    9,
    10,
    'HAEMOTOLOGY | SEROLOGY',
    'WBC-TOTAL (4,000 - 11,000) cumm',
    '15500'
  );
INSERT INTO
  `lab_results_fileds` (
    `id`,
    `result_id`,
    `test_category`,
    `test_name`,
    `value`
  )
VALUES
  (
    10,
    10,
    'HAEMOTOLOGY | SEROLOGY',
    'Neutrophils (40-70)%',
    '72'
  );
INSERT INTO
  `lab_results_fileds` (
    `id`,
    `result_id`,
    `test_category`,
    `test_name`,
    `value`
  )
VALUES
  (
    11,
    10,
    'HAEMOTOLOGY | SEROLOGY',
    'Lymphocyctes (23-50)%',
    '55'
  );
INSERT INTO
  `lab_results_fileds` (
    `id`,
    `result_id`,
    `test_category`,
    `test_name`,
    `value`
  )
VALUES
  (
    12,
    10,
    'HAEMOTOLOGY | SEROLOGY',
    'Eosinophi (0.6)%',
    '0.4'
  );
INSERT INTO
  `lab_results_fileds` (
    `id`,
    `result_id`,
    `test_category`,
    `test_name`,
    `value`
  )
VALUES
  (
    13,
    10,
    'HAEMOTOLOGY | SEROLOGY',
    'Monocytes (0-14)%',
    '8'
  );
INSERT INTO
  `lab_results_fileds` (
    `id`,
    `result_id`,
    `test_category`,
    `test_name`,
    `value`
  )
VALUES
  (
    14,
    10,
    'HAEMOTOLOGY | SEROLOGY',
    'Basophils (0-1)%',
    '0'
  );
INSERT INTO
  `lab_results_fileds` (
    `id`,
    `result_id`,
    `test_category`,
    `test_name`,
    `value`
  )
VALUES
  (
    15,
    10,
    'PARASITOLOGY',
    'Blood Malaria Parasite (RDT)',
    'POSITIVE'
  );
INSERT INTO
  `lab_results_fileds` (
    `id`,
    `result_id`,
    `test_category`,
    `test_name`,
    `value`
  )
VALUES
  (16, 11, 'BLOOD GLUCOSE', 'Fasting Glucose', '98');
INSERT INTO
  `lab_results_fileds` (
    `id`,
    `result_id`,
    `test_category`,
    `test_name`,
    `value`
  )
VALUES
  (
    17,
    11,
    'HAEMOTOLOGY | SEROLOGY',
    'Hb (Female: 35-47%,  Male: 40-54%)',
    '38'
  );
INSERT INTO
  `lab_results_fileds` (
    `id`,
    `result_id`,
    `test_category`,
    `test_name`,
    `value`
  )
VALUES
  (
    18,
    11,
    'HAEMOTOLOGY | SEROLOGY',
    'WBC-TOTAL (4,000 - 11,000) cumm',
    '10,900'
  );
INSERT INTO
  `lab_results_fileds` (
    `id`,
    `result_id`,
    `test_category`,
    `test_name`,
    `value`
  )
VALUES
  (
    19,
    11,
    'HAEMOTOLOGY | SEROLOGY',
    'Neutrophils (40-70)%',
    '35'
  );
INSERT INTO
  `lab_results_fileds` (
    `id`,
    `result_id`,
    `test_category`,
    `test_name`,
    `value`
  )
VALUES
  (
    20,
    11,
    'HAEMOTOLOGY | SEROLOGY',
    'Lymphocyctes (23-50)%',
    '22'
  );
INSERT INTO
  `lab_results_fileds` (
    `id`,
    `result_id`,
    `test_category`,
    `test_name`,
    `value`
  )
VALUES
  (
    21,
    11,
    'HAEMOTOLOGY | SEROLOGY',
    'Eosinophi (0.6)%',
    '0'
  );
INSERT INTO
  `lab_results_fileds` (
    `id`,
    `result_id`,
    `test_category`,
    `test_name`,
    `value`
  )
VALUES
  (
    22,
    11,
    'HAEMOTOLOGY | SEROLOGY',
    'Monocytes (0-14)%',
    '1'
  );
INSERT INTO
  `lab_results_fileds` (
    `id`,
    `result_id`,
    `test_category`,
    `test_name`,
    `value`
  )
VALUES
  (
    23,
    11,
    'HAEMOTOLOGY | SEROLOGY',
    'Basophils (0-1)%',
    '0'
  );
INSERT INTO
  `lab_results_fileds` (
    `id`,
    `result_id`,
    `test_category`,
    `test_name`,
    `value`
  )
VALUES
  (
    24,
    11,
    'PARASITOLOGY',
    'Blood Malaria Parasite (RDT)',
    'POSITIVE'
  );
INSERT INTO
  `lab_results_fileds` (
    `id`,
    `result_id`,
    `test_category`,
    `test_name`,
    `value`
  )
VALUES
  (25, 12, 'BLOOD GLUCOSE', 'Fasting Glucose', '90');
INSERT INTO
  `lab_results_fileds` (
    `id`,
    `result_id`,
    `test_category`,
    `test_name`,
    `value`
  )
VALUES
  (
    26,
    12,
    'PARASITOLOGY',
    'Blood Malaria Parasite (RDT)',
    'POSITIVE'
  );
INSERT INTO
  `lab_results_fileds` (
    `id`,
    `result_id`,
    `test_category`,
    `test_name`,
    `value`
  )
VALUES
  (
    27,
    13,
    'HAEMOTOLOGY | SEROLOGY',
    'P.C.V (Female: 35-47%,  Male: 40-54%)',
    '31%'
  );
INSERT INTO
  `lab_results_fileds` (
    `id`,
    `result_id`,
    `test_category`,
    `test_name`,
    `value`
  )
VALUES
  (28, 14, 'BLOOD GROUP & GENOTYPE', 'Genotype', 'AS');

# ------------------------------------------------------------
# DATA DUMP FOR TABLE: lab_tests
# ------------------------------------------------------------


# ------------------------------------------------------------
# DATA DUMP FOR TABLE: licenses
# ------------------------------------------------------------


# ------------------------------------------------------------
# DATA DUMP FOR TABLE: monthly_table_counters
# ------------------------------------------------------------

INSERT INTO
  `monthly_table_counters` (
    `table_name`,
    `jan`,
    `feb`,
    `mar`,
    `apr`,
    `may`,
    `jun`,
    `jul`,
    `aug`,
    `sep`,
    `oct`,
    `nov`,
    `decem`,
    `updated_at`
  )
VALUES
  (
    'consultations',
    2,
    0,
    0,
    0,
    0,
    0,
    0,
    0,
    0,
    0,
    8,
    7,
    '2026-01-05 18:32:02'
  );

# ------------------------------------------------------------
# DATA DUMP FOR TABLE: next_of_kin
# ------------------------------------------------------------

INSERT INTO
  `next_of_kin` (
    `id`,
    `patient_id`,
    `title`,
    `firstName`,
    `lastName`,
    `phone_num`,
    `houseNum_or_name`,
    `street`,
    `city_and_state`,
    `country`,
    `email`,
    `relationship`
  )
VALUES
  (
    1,
    '24/2512/GOH',
    'Mr.',
    'Atanda',
    'Ayeni',
    '09876543210',
    '',
    '',
    '',
    '',
    NULL,
    ''
  );
INSERT INTO
  `next_of_kin` (
    `id`,
    `patient_id`,
    `title`,
    `firstName`,
    `lastName`,
    `phone_num`,
    `houseNum_or_name`,
    `street`,
    `city_and_state`,
    `country`,
    `email`,
    `relationship`
  )
VALUES
  (
    2,
    '25/2512/GOH',
    'Mr.',
    'Akanji',
    'Olowolagba',
    '09876543211',
    '',
    '',
    '',
    '',
    NULL,
    'Father'
  );
INSERT INTO
  `next_of_kin` (
    `id`,
    `patient_id`,
    `title`,
    `firstName`,
    `lastName`,
    `phone_num`,
    `houseNum_or_name`,
    `street`,
    `city_and_state`,
    `country`,
    `email`,
    `relationship`
  )
VALUES
  (
    3,
    '26/2601/GOH',
    'Engr',
    '',
    'Awodele',
    '09012345678',
    '',
    '',
    '',
    '',
    NULL,
    ''
  );

# ------------------------------------------------------------
# DATA DUMP FOR TABLE: patient_communicable_conditions
# ------------------------------------------------------------

INSERT INTO
  `patient_communicable_conditions` (
    `id`,
    `patient_id`,
    `label`,
    `status`,
    `status_note`,
    `created_at`,
    `updated_at`
  )
VALUES
  (
    12,
    '22/2508/GOH',
    'RVS',
    'negative',
    NULL,
    '2025-12-09 17:35:15',
    NULL
  );
INSERT INTO
  `patient_communicable_conditions` (
    `id`,
    `patient_id`,
    `label`,
    `status`,
    `status_note`,
    `created_at`,
    `updated_at`
  )
VALUES
  (
    19,
    '13/2507/GOH',
    'RVS',
    'positive',
    NULL,
    '2025-12-25 23:14:02',
    NULL
  );
INSERT INTO
  `patient_communicable_conditions` (
    `id`,
    `patient_id`,
    `label`,
    `status`,
    `status_note`,
    `created_at`,
    `updated_at`
  )
VALUES
  (
    20,
    '13/2507/GOH',
    'Diabetic',
    'others',
    'Type 1',
    '2025-12-25 23:14:02',
    NULL
  );
INSERT INTO
  `patient_communicable_conditions` (
    `id`,
    `patient_id`,
    `label`,
    `status`,
    `status_note`,
    `created_at`,
    `updated_at`
  )
VALUES
  (
    21,
    '13/2507/GOH',
    'TB',
    'others',
    'NON- REACTIVE',
    '2025-12-25 23:14:02',
    NULL
  );
INSERT INTO
  `patient_communicable_conditions` (
    `id`,
    `patient_id`,
    `label`,
    `status`,
    `status_note`,
    `created_at`,
    `updated_at`
  )
VALUES
  (
    22,
    '13/2507/GOH',
    'Hepatitis',
    'negative',
    NULL,
    '2025-12-25 23:14:02',
    NULL
  );
INSERT INTO
  `patient_communicable_conditions` (
    `id`,
    `patient_id`,
    `label`,
    `status`,
    `status_note`,
    `created_at`,
    `updated_at`
  )
VALUES
  (
    23,
    '24/2512/GOH',
    'Hepatitis',
    'positive',
    NULL,
    '2025-12-26 22:14:47',
    NULL
  );

# ------------------------------------------------------------
# DATA DUMP FOR TABLE: patient_lifestyle_allergies
# ------------------------------------------------------------

INSERT INTO
  `patient_lifestyle_allergies` (
    `id`,
    `patient_id`,
    `smoking`,
    `alcohol`,
    `clubbing`,
    `allergies_text`,
    `created_at`,
    `updated_at`,
    `communicable_terminal_ailment`,
    `communicable_status`,
    `communicable_status_note`
  )
VALUES
  (
    1,
    '21/2508/GOH',
    0,
    0,
    0,
    'chloroquine',
    '2025-11-09 08:03:34',
    '2025-12-09 13:09:59',
    'RVS, Hepatitis',
    'others',
    'Non-Reactive'
  );
INSERT INTO
  `patient_lifestyle_allergies` (
    `id`,
    `patient_id`,
    `smoking`,
    `alcohol`,
    `clubbing`,
    `allergies_text`,
    `created_at`,
    `updated_at`,
    `communicable_terminal_ailment`,
    `communicable_status`,
    `communicable_status_note`
  )
VALUES
  (
    2,
    '19/2507/GOH',
    0,
    0,
    0,
    'cq, cotrim',
    '2025-11-09 08:43:42',
    '2025-11-14 13:22:14',
    NULL,
    'negative',
    NULL
  );
INSERT INTO
  `patient_lifestyle_allergies` (
    `id`,
    `patient_id`,
    `smoking`,
    `alcohol`,
    `clubbing`,
    `allergies_text`,
    `created_at`,
    `updated_at`,
    `communicable_terminal_ailment`,
    `communicable_status`,
    `communicable_status_note`
  )
VALUES
  (
    3,
    '23/2510/GOH',
    0,
    0,
    0,
    'cotrim',
    '2025-11-26 15:54:01',
    NULL,
    NULL,
    'negative',
    NULL
  );
INSERT INTO
  `patient_lifestyle_allergies` (
    `id`,
    `patient_id`,
    `smoking`,
    `alcohol`,
    `clubbing`,
    `allergies_text`,
    `created_at`,
    `updated_at`,
    `communicable_terminal_ailment`,
    `communicable_status`,
    `communicable_status_note`
  )
VALUES
  (
    4,
    '22/2508/GOH',
    0,
    0,
    0,
    NULL,
    '2025-12-09 10:22:16',
    '2025-12-09 17:35:15',
    'RVS, Tuberculosis',
    'others',
    'REACTIVE'
  );
INSERT INTO
  `patient_lifestyle_allergies` (
    `id`,
    `patient_id`,
    `smoking`,
    `alcohol`,
    `clubbing`,
    `allergies_text`,
    `created_at`,
    `updated_at`,
    `communicable_terminal_ailment`,
    `communicable_status`,
    `communicable_status_note`
  )
VALUES
  (
    5,
    '13/2507/GOH',
    1,
    0,
    0,
    'cotrim',
    '2025-12-25 20:46:25',
    '2025-12-25 23:14:02',
    NULL,
    'negative',
    NULL
  );
INSERT INTO
  `patient_lifestyle_allergies` (
    `id`,
    `patient_id`,
    `smoking`,
    `alcohol`,
    `clubbing`,
    `allergies_text`,
    `created_at`,
    `updated_at`,
    `communicable_terminal_ailment`,
    `communicable_status`,
    `communicable_status_note`
  )
VALUES
  (
    6,
    '24/2512/GOH',
    1,
    0,
    0,
    'cold',
    '2025-12-26 22:14:47',
    NULL,
    NULL,
    'negative',
    NULL
  );

# ------------------------------------------------------------
# DATA DUMP FOR TABLE: patient_wallet_tx
# ------------------------------------------------------------


# ------------------------------------------------------------
# DATA DUMP FOR TABLE: patient_wallet_txn
# ------------------------------------------------------------

INSERT INTO
  `patient_wallet_txn` (
    `id`,
    `patient_id`,
    `transaction_type`,
    `amount`,
    `balance_before`,
    `balance_after`,
    `purpose`,
    `tx_ref`,
    `payment_channel`,
    `updated_by`,
    `date_time`
  )
VALUES
  (
    1,
    '8/2507/GOH',
    'credit',
    3000.00,
    0.00,
    3000.00,
    'accumulated_bill_partPayment',
    'N/A',
    'cash',
    'Dele Fadairo',
    '2025-07-08 16:11:07'
  );
INSERT INTO
  `patient_wallet_txn` (
    `id`,
    `patient_id`,
    `transaction_type`,
    `amount`,
    `balance_before`,
    `balance_after`,
    `purpose`,
    `tx_ref`,
    `payment_channel`,
    `updated_by`,
    `date_time`
  )
VALUES
  (
    2,
    '8/2507/GOH',
    'credit',
    2000.00,
    3000.00,
    5000.00,
    'fund_wallet',
    'N/A',
    'cash',
    'Dele Fadairo',
    '2025-07-09 10:43:59'
  );
INSERT INTO
  `patient_wallet_txn` (
    `id`,
    `patient_id`,
    `transaction_type`,
    `amount`,
    `balance_before`,
    `balance_after`,
    `purpose`,
    `tx_ref`,
    `payment_channel`,
    `updated_by`,
    `date_time`
  )
VALUES
  (
    3,
    '11/2507/GOH',
    'credit',
    500.00,
    0.00,
    500.00,
    'fund_wallet',
    'N/A',
    'bank_transfer',
    'Dele Fadairo',
    '2025-07-09 10:48:04'
  );
INSERT INTO
  `patient_wallet_txn` (
    `id`,
    `patient_id`,
    `transaction_type`,
    `amount`,
    `balance_before`,
    `balance_after`,
    `purpose`,
    `tx_ref`,
    `payment_channel`,
    `updated_by`,
    `date_time`
  )
VALUES
  (
    4,
    '8/2507/GOH',
    'debit',
    2000.00,
    5000.00,
    3000.00,
    'itemized billing',
    'p3k9p.1752077617158',
    'wallet',
    'Nurse Abebi Konsu',
    '2025-07-09 17:23:08'
  );
INSERT INTO
  `patient_wallet_txn` (
    `id`,
    `patient_id`,
    `transaction_type`,
    `amount`,
    `balance_before`,
    `balance_after`,
    `purpose`,
    `tx_ref`,
    `payment_channel`,
    `updated_by`,
    `date_time`
  )
VALUES
  (
    5,
    '10/2507/GOH',
    'credit',
    5000.00,
    0.00,
    5000.00,
    'fund_wallet',
    'N/A',
    'cash',
    'Dele Fadairo',
    '2025-07-09 18:11:23'
  );
INSERT INTO
  `patient_wallet_txn` (
    `id`,
    `patient_id`,
    `transaction_type`,
    `amount`,
    `balance_before`,
    `balance_after`,
    `purpose`,
    `tx_ref`,
    `payment_channel`,
    `updated_by`,
    `date_time`
  )
VALUES
  (
    6,
    '6/2504/GOH',
    'credit',
    2000.00,
    -3000.00,
    -1000.00,
    'accumulated_bill_partPayment',
    'deposit-1752161784927',
    'bank_transfer',
    'Dele Fadairo',
    '2025-07-10 16:36:24'
  );
INSERT INTO
  `patient_wallet_txn` (
    `id`,
    `patient_id`,
    `transaction_type`,
    `amount`,
    `balance_before`,
    `balance_after`,
    `purpose`,
    `tx_ref`,
    `payment_channel`,
    `updated_by`,
    `date_time`
  )
VALUES
  (
    7,
    '3/2504/GOH',
    'credit',
    15000.00,
    -9500.00,
    5500.00,
    'all_accumulated_bill',
    'deposit-1752163103549',
    'bank_transfer',
    'Dele Fadairo',
    '2025-07-10 16:58:23'
  );
INSERT INTO
  `patient_wallet_txn` (
    `id`,
    `patient_id`,
    `transaction_type`,
    `amount`,
    `balance_before`,
    `balance_after`,
    `purpose`,
    `tx_ref`,
    `payment_channel`,
    `updated_by`,
    `date_time`
  )
VALUES
  (
    8,
    '3/2504/GOH',
    'debit',
    19500.00,
    5500.00,
    -14000.00,
    'itemized billing',
    '9ful1.1752163617229',
    'wallet',
    'Nurse Abebi Konsu',
    '2025-07-10 17:09:28'
  );
INSERT INTO
  `patient_wallet_txn` (
    `id`,
    `patient_id`,
    `transaction_type`,
    `amount`,
    `balance_before`,
    `balance_after`,
    `purpose`,
    `tx_ref`,
    `payment_channel`,
    `updated_by`,
    `date_time`
  )
VALUES
  (
    9,
    '2/2504/GOH',
    'debit',
    21500.00,
    -5700.00,
    -27200.00,
    'itemized billing',
    'ejy9y.1752163646430',
    'wallet',
    'Nurse Abebi Konsu',
    '2025-07-10 17:10:09'
  );
INSERT INTO
  `patient_wallet_txn` (
    `id`,
    `patient_id`,
    `transaction_type`,
    `amount`,
    `balance_before`,
    `balance_after`,
    `purpose`,
    `tx_ref`,
    `payment_channel`,
    `updated_by`,
    `date_time`
  )
VALUES
  (
    10,
    '3/2504/GOH',
    'debit',
    12000.00,
    -14000.00,
    -26000.00,
    'itemized billing',
    'ae17m.1752163681067',
    'wallet',
    'Nurse Abebi Konsu',
    '2025-07-10 17:10:40'
  );
INSERT INTO
  `patient_wallet_txn` (
    `id`,
    `patient_id`,
    `transaction_type`,
    `amount`,
    `balance_before`,
    `balance_after`,
    `purpose`,
    `tx_ref`,
    `payment_channel`,
    `updated_by`,
    `date_time`
  )
VALUES
  (
    11,
    '7/2505/GOH',
    'debit',
    2522.00,
    3016.00,
    494.00,
    'itemized billing',
    'k75y4.1752174453405',
    'wallet',
    'Nurse Abebi Konsu',
    '2025-07-10 20:09:21'
  );
INSERT INTO
  `patient_wallet_txn` (
    `id`,
    `patient_id`,
    `transaction_type`,
    `amount`,
    `balance_before`,
    `balance_after`,
    `purpose`,
    `tx_ref`,
    `payment_channel`,
    `updated_by`,
    `date_time`
  )
VALUES
  (
    12,
    '2/2504/GOH',
    'debit',
    6500.00,
    -27200.00,
    -33700.00,
    'itemized billing',
    'gf5ha.1752180260299',
    'wallet',
    'Nurse Abebi Konsu',
    '2025-07-10 22:28:14'
  );
INSERT INTO
  `patient_wallet_txn` (
    `id`,
    `patient_id`,
    `transaction_type`,
    `amount`,
    `balance_before`,
    `balance_after`,
    `purpose`,
    `tx_ref`,
    `payment_channel`,
    `updated_by`,
    `date_time`
  )
VALUES
  (
    13,
    '2/2504/GOH',
    'debit',
    6500.00,
    -36700.00,
    -43200.00,
    'itemized billing',
    'ac9y6.1752180270158',
    'wallet',
    'Nurse Abebi Konsu',
    '2025-07-10 23:56:36'
  );
INSERT INTO
  `patient_wallet_txn` (
    `id`,
    `patient_id`,
    `transaction_type`,
    `amount`,
    `balance_before`,
    `balance_after`,
    `purpose`,
    `tx_ref`,
    `payment_channel`,
    `updated_by`,
    `date_time`
  )
VALUES
  (
    14,
    '3/2504/GOH',
    'credit',
    12000.00,
    -26000.00,
    -14000.00,
    'accumulated_bill_partPayment',
    'deposit-1752236573460',
    'bank_transfer',
    'Abebi Konsu',
    '2025-07-11 13:22:53'
  );
INSERT INTO
  `patient_wallet_txn` (
    `id`,
    `patient_id`,
    `transaction_type`,
    `amount`,
    `balance_before`,
    `balance_after`,
    `purpose`,
    `tx_ref`,
    `payment_channel`,
    `updated_by`,
    `date_time`
  )
VALUES
  (
    15,
    '11/2507/GOH',
    'debit',
    2000.00,
    500.00,
    -1500.00,
    'itemized billing',
    'scqzl.1753044318748',
    'wallet',
    'Doctor Dele Fadairo',
    '2025-07-20 21:57:07'
  );
INSERT INTO
  `patient_wallet_txn` (
    `id`,
    `patient_id`,
    `transaction_type`,
    `amount`,
    `balance_before`,
    `balance_after`,
    `purpose`,
    `tx_ref`,
    `payment_channel`,
    `updated_by`,
    `date_time`
  )
VALUES
  (
    16,
    '11/2507/GOH',
    'credit',
    1000.00,
    -1500.00,
    -500.00,
    'accumulated_bill_partPayment',
    'deposit-1753188034571',
    'bank_transfer',
    'Dele Fadairo',
    '2025-07-22 13:40:34'
  );
INSERT INTO
  `patient_wallet_txn` (
    `id`,
    `patient_id`,
    `transaction_type`,
    `amount`,
    `balance_before`,
    `balance_after`,
    `purpose`,
    `tx_ref`,
    `payment_channel`,
    `updated_by`,
    `date_time`
  )
VALUES
  (
    17,
    '2/2504/GOH',
    'credit',
    20000.00,
    -47700.00,
    -27700.00,
    'accumulated_bill_partPayment',
    'deposit-1753372140674',
    'bank_transfer',
    'Dele Fadairo',
    '2025-07-24 16:49:00'
  );
INSERT INTO
  `patient_wallet_txn` (
    `id`,
    `patient_id`,
    `transaction_type`,
    `amount`,
    `balance_before`,
    `balance_after`,
    `purpose`,
    `tx_ref`,
    `payment_channel`,
    `updated_by`,
    `date_time`
  )
VALUES
  (
    18,
    '2/2504/GOH',
    'credit',
    10000.00,
    -27700.00,
    -17700.00,
    'accumulated_bill_partPayment',
    'deposit-1753436639659',
    'p.o.s_machine',
    'Dele Fadairo',
    '2025-07-25 10:43:59'
  );
INSERT INTO
  `patient_wallet_txn` (
    `id`,
    `patient_id`,
    `transaction_type`,
    `amount`,
    `balance_before`,
    `balance_after`,
    `purpose`,
    `tx_ref`,
    `payment_channel`,
    `updated_by`,
    `date_time`
  )
VALUES
  (
    19,
    '17/2507/GOH',
    'credit',
    1500.00,
    -6500.00,
    -5000.00,
    'accumulated_bill_partPayment',
    'deposit-1754022339047',
    'cash',
    'Abiodun Salako',
    '2025-08-01 05:25:39'
  );
INSERT INTO
  `patient_wallet_txn` (
    `id`,
    `patient_id`,
    `transaction_type`,
    `amount`,
    `balance_before`,
    `balance_after`,
    `purpose`,
    `tx_ref`,
    `payment_channel`,
    `updated_by`,
    `date_time`
  )
VALUES
  (
    20,
    '20/2508/GOH',
    'credit',
    1000.00,
    0.00,
    1000.00,
    'fund_wallet',
    'deposit-1754244556118',
    'bank_transfer',
    'Abiodun Salako',
    '2025-08-03 19:09:16'
  );
INSERT INTO
  `patient_wallet_txn` (
    `id`,
    `patient_id`,
    `transaction_type`,
    `amount`,
    `balance_before`,
    `balance_after`,
    `purpose`,
    `tx_ref`,
    `payment_channel`,
    `updated_by`,
    `date_time`
  )
VALUES
  (
    21,
    '20/2508/GOH',
    'credit',
    1000.00,
    1000.00,
    2000.00,
    'fund_wallet',
    'deposit-1755453665963',
    'cash',
    'Abiodun Salako',
    '2025-08-17 19:01:05'
  );
INSERT INTO
  `patient_wallet_txn` (
    `id`,
    `patient_id`,
    `transaction_type`,
    `amount`,
    `balance_before`,
    `balance_after`,
    `purpose`,
    `tx_ref`,
    `payment_channel`,
    `updated_by`,
    `date_time`
  )
VALUES
  (
    22,
    '20/2508/GOH',
    'credit',
    1000.00,
    2000.00,
    3000.00,
    'fund_wallet',
    'deposit-1755453808726',
    'bank_transfer',
    'Abiodun Salako',
    '2025-08-17 19:03:28'
  );
INSERT INTO
  `patient_wallet_txn` (
    `id`,
    `patient_id`,
    `transaction_type`,
    `amount`,
    `balance_before`,
    `balance_after`,
    `purpose`,
    `tx_ref`,
    `payment_channel`,
    `updated_by`,
    `date_time`
  )
VALUES
  (
    23,
    '19/2507/GOH',
    'credit',
    2500.00,
    0.00,
    2500.00,
    'fund_wallet',
    'deposit-1755454566823',
    'p.o.s_machine',
    'Abiodun Salako',
    '2025-08-17 19:16:06'
  );
INSERT INTO
  `patient_wallet_txn` (
    `id`,
    `patient_id`,
    `transaction_type`,
    `amount`,
    `balance_before`,
    `balance_after`,
    `purpose`,
    `tx_ref`,
    `payment_channel`,
    `updated_by`,
    `date_time`
  )
VALUES
  (
    24,
    '17/2507/GOH',
    'credit',
    1500.00,
    -5000.00,
    -3500.00,
    'accumulated_bill_partPayment',
    'deposit-1755454601813',
    'bank_transfer',
    'Abiodun Salako',
    '2025-08-17 19:16:41'
  );
INSERT INTO
  `patient_wallet_txn` (
    `id`,
    `patient_id`,
    `transaction_type`,
    `amount`,
    `balance_before`,
    `balance_after`,
    `purpose`,
    `tx_ref`,
    `payment_channel`,
    `updated_by`,
    `date_time`
  )
VALUES
  (
    25,
    '12/2507/GOH',
    'debit',
    2000.00,
    0.00,
    -2000.00,
    'itemized billing',
    'sales.1755874350345',
    'wallet',
    'Doctor Abiodun Salako',
    '2025-08-22 15:52:38'
  );
INSERT INTO
  `patient_wallet_txn` (
    `id`,
    `patient_id`,
    `transaction_type`,
    `amount`,
    `balance_before`,
    `balance_after`,
    `purpose`,
    `tx_ref`,
    `payment_channel`,
    `updated_by`,
    `date_time`
  )
VALUES
  (
    26,
    'customer',
    'debit',
    5000.00,
    0.00,
    -5000.00,
    'itemized billing',
    'sales.1755874443261',
    'wallet',
    'Doctor Abiodun Salako',
    '2025-08-22 15:54:05'
  );
INSERT INTO
  `patient_wallet_txn` (
    `id`,
    `patient_id`,
    `transaction_type`,
    `amount`,
    `balance_before`,
    `balance_after`,
    `purpose`,
    `tx_ref`,
    `payment_channel`,
    `updated_by`,
    `date_time`
  )
VALUES
  (
    27,
    'customer',
    'debit',
    2000.00,
    0.00,
    -2000.00,
    'itemized billing',
    'sales.1755874886233',
    'wallet',
    'Doctor Abiodun Salako',
    '2025-08-22 16:01:28'
  );
INSERT INTO
  `patient_wallet_txn` (
    `id`,
    `patient_id`,
    `transaction_type`,
    `amount`,
    `balance_before`,
    `balance_after`,
    `purpose`,
    `tx_ref`,
    `payment_channel`,
    `updated_by`,
    `date_time`
  )
VALUES
  (
    28,
    'customer',
    'debit',
    2000.00,
    0.00,
    -2000.00,
    'itemized billing',
    'sales.1755875062026',
    'wallet',
    'Doctor Abiodun Salako',
    '2025-08-22 16:04:24'
  );
INSERT INTO
  `patient_wallet_txn` (
    `id`,
    `patient_id`,
    `transaction_type`,
    `amount`,
    `balance_before`,
    `balance_after`,
    `purpose`,
    `tx_ref`,
    `payment_channel`,
    `updated_by`,
    `date_time`
  )
VALUES
  (
    29,
    'customer',
    'debit',
    2000.00,
    0.00,
    -2000.00,
    'itemized billing',
    'sales.1755875302573',
    'wallet',
    'Doctor Abiodun Salako',
    '2025-08-22 16:08:24'
  );
INSERT INTO
  `patient_wallet_txn` (
    `id`,
    `patient_id`,
    `transaction_type`,
    `amount`,
    `balance_before`,
    `balance_after`,
    `purpose`,
    `tx_ref`,
    `payment_channel`,
    `updated_by`,
    `date_time`
  )
VALUES
  (
    30,
    '17/2507/GOH',
    'credit',
    1000.00,
    -3500.00,
    -2500.00,
    'accumulated_bill_partPayment',
    'deposit-1755958995318',
    'bank (trf or card)',
    'Abiodun Salako',
    '2025-08-23 15:23:15'
  );
INSERT INTO
  `patient_wallet_txn` (
    `id`,
    `patient_id`,
    `transaction_type`,
    `amount`,
    `balance_before`,
    `balance_after`,
    `purpose`,
    `tx_ref`,
    `payment_channel`,
    `updated_by`,
    `date_time`
  )
VALUES
  (
    31,
    '20/2508/GOH',
    'credit',
    5000.00,
    3000.00,
    8000.00,
    'accumulated_bill_partPayment',
    'deposit-1755960628238',
    'bank (trf or card) to MoniePoint MFB',
    'Abiodun Salako',
    '2025-08-23 15:50:28'
  );
INSERT INTO
  `patient_wallet_txn` (
    `id`,
    `patient_id`,
    `transaction_type`,
    `amount`,
    `balance_before`,
    `balance_after`,
    `purpose`,
    `tx_ref`,
    `payment_channel`,
    `updated_by`,
    `date_time`
  )
VALUES
  (
    32,
    '21/2508/GOH',
    'credit',
    5000.00,
    0.00,
    5000.00,
    'fund_wallet',
    'deposit-1756041377229',
    'bank (trf or card) to MoniePoint MFB',
    'Abiodun Salako',
    '2025-08-24 14:16:17'
  );
INSERT INTO
  `patient_wallet_txn` (
    `id`,
    `patient_id`,
    `transaction_type`,
    `amount`,
    `balance_before`,
    `balance_after`,
    `purpose`,
    `tx_ref`,
    `payment_channel`,
    `updated_by`,
    `date_time`
  )
VALUES
  (
    33,
    '17/2507/GOH',
    'credit',
    1000.00,
    -2500.00,
    -1500.00,
    'accumulated_bill_partPayment',
    'deposit-1756647746228',
    'bank (trf or card) to FirstBank',
    'Abiodun Salako',
    '2025-08-31 14:42:26'
  );
INSERT INTO
  `patient_wallet_txn` (
    `id`,
    `patient_id`,
    `transaction_type`,
    `amount`,
    `balance_before`,
    `balance_after`,
    `purpose`,
    `tx_ref`,
    `payment_channel`,
    `updated_by`,
    `date_time`
  )
VALUES
  (
    34,
    '21/2508/GOH',
    'debit',
    2600.00,
    5000.00,
    2400.00,
    'itemized billing',
    'sn125.1756731169422',
    'wallet',
    'Doctor Abiodun Salako',
    '2025-09-21 09:56:08'
  );
INSERT INTO
  `patient_wallet_txn` (
    `id`,
    `patient_id`,
    `transaction_type`,
    `amount`,
    `balance_before`,
    `balance_after`,
    `purpose`,
    `tx_ref`,
    `payment_channel`,
    `updated_by`,
    `date_time`
  )
VALUES
  (
    35,
    '21/2508/GOH',
    'debit',
    2000.00,
    -1200.00,
    -3200.00,
    'treatment billing',
    '2',
    'wallet',
    'Doctor Abiodun Salako',
    '2025-09-25 18:35:06'
  );
INSERT INTO
  `patient_wallet_txn` (
    `id`,
    `patient_id`,
    `transaction_type`,
    `amount`,
    `balance_before`,
    `balance_after`,
    `purpose`,
    `tx_ref`,
    `payment_channel`,
    `updated_by`,
    `date_time`
  )
VALUES
  (
    36,
    '22/2508/GOH',
    'debit',
    2000.00,
    0.00,
    -2000.00,
    'treatment billing',
    '1',
    'wallet',
    'Doctor Abiodun Salako',
    '2025-10-02 18:12:36'
  );
INSERT INTO
  `patient_wallet_txn` (
    `id`,
    `patient_id`,
    `transaction_type`,
    `amount`,
    `balance_before`,
    `balance_after`,
    `purpose`,
    `tx_ref`,
    `payment_channel`,
    `updated_by`,
    `date_time`
  )
VALUES
  (
    37,
    '19/2507/GOH',
    'credit',
    7500.00,
    -12500.00,
    -5000.00,
    'accumulated_bill_partPayment',
    'deposit-1759425382607',
    'cash',
    'Abiodun Salako',
    '2025-10-02 18:16:22'
  );
INSERT INTO
  `patient_wallet_txn` (
    `id`,
    `patient_id`,
    `transaction_type`,
    `amount`,
    `balance_before`,
    `balance_after`,
    `purpose`,
    `tx_ref`,
    `payment_channel`,
    `updated_by`,
    `date_time`
  )
VALUES
  (
    38,
    '7/2505/GOH',
    'debit',
    0.00,
    494.00,
    0.00,
    'treatment billing',
    '0su2m.1759482868397',
    'wallet',
    'Doctor Abiodun Salako',
    '2025-10-03 10:23:56'
  );
INSERT INTO
  `patient_wallet_txn` (
    `id`,
    `patient_id`,
    `transaction_type`,
    `amount`,
    `balance_before`,
    `balance_after`,
    `purpose`,
    `tx_ref`,
    `payment_channel`,
    `updated_by`,
    `date_time`
  )
VALUES
  (
    39,
    '7/2505/GOH',
    'debit',
    0.00,
    -5800.00,
    0.00,
    'treatment billing',
    '5',
    'wallet',
    'Doctor Abiodun Salako',
    '2025-10-03 11:01:32'
  );
INSERT INTO
  `patient_wallet_txn` (
    `id`,
    `patient_id`,
    `transaction_type`,
    `amount`,
    `balance_before`,
    `balance_after`,
    `purpose`,
    `tx_ref`,
    `payment_channel`,
    `updated_by`,
    `date_time`
  )
VALUES
  (
    40,
    '22/2508/GOH',
    'debit',
    2000.00,
    -2000.00,
    -4000.00,
    'treatment billing',
    '4',
    'wallet',
    'Doctor Abiodun Salako',
    '2025-10-03 11:48:12'
  );
INSERT INTO
  `patient_wallet_txn` (
    `id`,
    `patient_id`,
    `transaction_type`,
    `amount`,
    `balance_before`,
    `balance_after`,
    `purpose`,
    `tx_ref`,
    `payment_channel`,
    `updated_by`,
    `date_time`
  )
VALUES
  (
    41,
    '6/2504/GOH',
    'debit',
    9737.50,
    -1000.00,
    -10737.50,
    'treatment billing',
    '6',
    'wallet',
    'Doctor Abiodun Salako',
    '2025-10-03 16:28:34'
  );
INSERT INTO
  `patient_wallet_txn` (
    `id`,
    `patient_id`,
    `transaction_type`,
    `amount`,
    `balance_before`,
    `balance_after`,
    `purpose`,
    `tx_ref`,
    `payment_channel`,
    `updated_by`,
    `date_time`
  )
VALUES
  (
    42,
    '22/2508/GOH',
    'debit',
    5375.00,
    -4000.00,
    -9375.00,
    'treatment billing',
    'zn4pr.1759418103400',
    'wallet',
    'Doctor Abiodun Salako',
    '2025-10-03 16:31:13'
  );
INSERT INTO
  `patient_wallet_txn` (
    `id`,
    `patient_id`,
    `transaction_type`,
    `amount`,
    `balance_before`,
    `balance_after`,
    `purpose`,
    `tx_ref`,
    `payment_channel`,
    `updated_by`,
    `date_time`
  )
VALUES
  (
    43,
    '9/2507/GOH',
    'debit',
    5526.57,
    0.00,
    -5526.57,
    'treatment billing',
    '1dlbz.1759505999985',
    'wallet',
    'Doctor Abiodun Salako',
    '2025-10-03 16:42:31'
  );
INSERT INTO
  `patient_wallet_txn` (
    `id`,
    `patient_id`,
    `transaction_type`,
    `amount`,
    `balance_before`,
    `balance_after`,
    `purpose`,
    `tx_ref`,
    `payment_channel`,
    `updated_by`,
    `date_time`
  )
VALUES
  (
    44,
    '9/2507/GOH',
    'debit',
    8062.50,
    -5526.57,
    -13589.07,
    'treatment billing',
    '7',
    'wallet',
    'Doctor Abiodun Salako',
    '2025-10-03 16:47:59'
  );
INSERT INTO
  `patient_wallet_txn` (
    `id`,
    `patient_id`,
    `transaction_type`,
    `amount`,
    `balance_before`,
    `balance_after`,
    `purpose`,
    `tx_ref`,
    `payment_channel`,
    `updated_by`,
    `date_time`
  )
VALUES
  (
    45,
    '22/2508/GOH',
    'credit',
    7000.00,
    -9375.00,
    -2375.00,
    'accumulated_bill_partPayment',
    'deposit-1759506640482',
    'cash',
    'Abiodun Salako',
    '2025-10-03 16:50:40'
  );
INSERT INTO
  `patient_wallet_txn` (
    `id`,
    `patient_id`,
    `transaction_type`,
    `amount`,
    `balance_before`,
    `balance_after`,
    `purpose`,
    `tx_ref`,
    `payment_channel`,
    `updated_by`,
    `date_time`
  )
VALUES
  (
    46,
    '9/2507/GOH',
    'credit',
    10000.00,
    -13589.07,
    -3589.07,
    'accumulated_bill_partPayment',
    'deposit-1759507098733',
    'bank (trf or card) to Access Bank',
    'Abiodun Salako',
    '2025-10-03 16:58:18'
  );
INSERT INTO
  `patient_wallet_txn` (
    `id`,
    `patient_id`,
    `transaction_type`,
    `amount`,
    `balance_before`,
    `balance_after`,
    `purpose`,
    `tx_ref`,
    `payment_channel`,
    `updated_by`,
    `date_time`
  )
VALUES
  (
    47,
    '9/2507/GOH',
    'debit',
    1612.50,
    -3589.07,
    -5201.57,
    'treatment billing',
    '1dlbz.1759505999985',
    'wallet',
    'Doctor Abiodun Salako',
    '2025-10-03 18:24:28'
  );
INSERT INTO
  `patient_wallet_txn` (
    `id`,
    `patient_id`,
    `transaction_type`,
    `amount`,
    `balance_before`,
    `balance_after`,
    `purpose`,
    `tx_ref`,
    `payment_channel`,
    `updated_by`,
    `date_time`
  )
VALUES
  (
    48,
    '4/2504/GOH',
    'debit',
    1960.80,
    0.00,
    -1960.80,
    'treatment billing',
    'vbuke.1759558396759',
    'wallet',
    'Doctor Abiodun Salako',
    '2025-10-04 07:14:47'
  );
INSERT INTO
  `patient_wallet_txn` (
    `id`,
    `patient_id`,
    `transaction_type`,
    `amount`,
    `balance_before`,
    `balance_after`,
    `purpose`,
    `tx_ref`,
    `payment_channel`,
    `updated_by`,
    `date_time`
  )
VALUES
  (
    49,
    '4/2504/GOH',
    'debit',
    903.00,
    -1960.80,
    -2863.80,
    'treatment billing',
    'vbuke.1759558396759',
    'wallet',
    'Doctor Abiodun Salako',
    '2025-10-04 07:20:00'
  );
INSERT INTO
  `patient_wallet_txn` (
    `id`,
    `patient_id`,
    `transaction_type`,
    `amount`,
    `balance_before`,
    `balance_after`,
    `purpose`,
    `tx_ref`,
    `payment_channel`,
    `updated_by`,
    `date_time`
  )
VALUES
  (
    50,
    '4/2504/GOH',
    'credit',
    2000.00,
    -2863.80,
    -863.80,
    'accumulated_bill_partPayment',
    'deposit-1759560294472',
    'cash',
    'Abiodun Salako',
    '2025-10-04 07:44:54'
  );
INSERT INTO
  `patient_wallet_txn` (
    `id`,
    `patient_id`,
    `transaction_type`,
    `amount`,
    `balance_before`,
    `balance_after`,
    `purpose`,
    `tx_ref`,
    `payment_channel`,
    `updated_by`,
    `date_time`
  )
VALUES
  (
    51,
    '12/2507/GOH',
    'debit',
    5626.55,
    -2000.00,
    -7626.55,
    'treatment billing',
    'v2uoz.1759561442965',
    'wallet',
    'Doctor Abiodun Salako',
    '2025-10-04 08:08:19'
  );
INSERT INTO
  `patient_wallet_txn` (
    `id`,
    `patient_id`,
    `transaction_type`,
    `amount`,
    `balance_before`,
    `balance_after`,
    `purpose`,
    `tx_ref`,
    `payment_channel`,
    `updated_by`,
    `date_time`
  )
VALUES
  (
    52,
    '19/2507/GOH',
    'debit',
    2000.00,
    -5000.00,
    -7000.00,
    'treatment billing',
    '10',
    'wallet',
    'Doctor Abiodun Salako',
    '2025-11-25 10:04:52'
  );
INSERT INTO
  `patient_wallet_txn` (
    `id`,
    `patient_id`,
    `transaction_type`,
    `amount`,
    `balance_before`,
    `balance_after`,
    `purpose`,
    `tx_ref`,
    `payment_channel`,
    `updated_by`,
    `date_time`
  )
VALUES
  (
    53,
    '2/2504/GOH',
    'credit',
    8000.00,
    -17700.00,
    -9700.00,
    'accumulated_bill_partPayment',
    'deposit-1764576096394',
    'cash',
    'Abiodun Salako',
    '2025-12-01 09:01:36'
  );
INSERT INTO
  `patient_wallet_txn` (
    `id`,
    `patient_id`,
    `transaction_type`,
    `amount`,
    `balance_before`,
    `balance_after`,
    `purpose`,
    `tx_ref`,
    `payment_channel`,
    `updated_by`,
    `date_time`
  )
VALUES
  (
    54,
    '23/2510/GOH',
    'debit',
    7500.00,
    0.00,
    -7500.00,
    'treatment billing',
    '15',
    'wallet',
    'Doctor Abiodun Salako',
    '2025-12-25 08:43:44'
  );
INSERT INTO
  `patient_wallet_txn` (
    `id`,
    `patient_id`,
    `transaction_type`,
    `amount`,
    `balance_before`,
    `balance_after`,
    `purpose`,
    `tx_ref`,
    `payment_channel`,
    `updated_by`,
    `date_time`
  )
VALUES
  (
    55,
    '23/2510/GOH',
    'credit',
    5000.00,
    -7500.00,
    -2500.00,
    'accumulated_bill_partPayment',
    'deposit-1766648699419',
    'cash',
    'Abiodun Salako',
    '2025-12-25 08:44:59'
  );
INSERT INTO
  `patient_wallet_txn` (
    `id`,
    `patient_id`,
    `transaction_type`,
    `amount`,
    `balance_before`,
    `balance_after`,
    `purpose`,
    `tx_ref`,
    `payment_channel`,
    `updated_by`,
    `date_time`
  )
VALUES
  (
    56,
    '18/2507/GOH',
    'credit',
    3000.00,
    0.00,
    3000.00,
    'fund_wallet',
    'deposit-1766650115760',
    'cash',
    'Abiodun Salako',
    '2025-12-25 09:08:35'
  );
INSERT INTO
  `patient_wallet_txn` (
    `id`,
    `patient_id`,
    `transaction_type`,
    `amount`,
    `balance_before`,
    `balance_after`,
    `purpose`,
    `tx_ref`,
    `payment_channel`,
    `updated_by`,
    `date_time`
  )
VALUES
  (
    57,
    '23/2510/GOH',
    'credit',
    1000.00,
    -2500.00,
    -1500.00,
    'accumulated_bill_partPayment',
    'deposit-1766652163821',
    'cash',
    'Abiodun Salako',
    '2025-12-25 09:42:43'
  );
INSERT INTO
  `patient_wallet_txn` (
    `id`,
    `patient_id`,
    `transaction_type`,
    `amount`,
    `balance_before`,
    `balance_after`,
    `purpose`,
    `tx_ref`,
    `payment_channel`,
    `updated_by`,
    `date_time`
  )
VALUES
  (
    58,
    '23/2510/GOH',
    'debit',
    2000.00,
    -1500.00,
    -3500.00,
    'treatment billing',
    '16',
    'wallet',
    'Doctor Abiodun Salako',
    '2025-12-25 15:17:01'
  );
INSERT INTO
  `patient_wallet_txn` (
    `id`,
    `patient_id`,
    `transaction_type`,
    `amount`,
    `balance_before`,
    `balance_after`,
    `purpose`,
    `tx_ref`,
    `payment_channel`,
    `updated_by`,
    `date_time`
  )
VALUES
  (
    59,
    '23/2510/GOH',
    'debit',
    234.00,
    -3500.00,
    -3734.00,
    'treatment billing',
    'tzesl.1766672134843',
    'wallet',
    'Doctor Abiodun Salako',
    '2025-12-25 15:27:13'
  );
INSERT INTO
  `patient_wallet_txn` (
    `id`,
    `patient_id`,
    `transaction_type`,
    `amount`,
    `balance_before`,
    `balance_after`,
    `purpose`,
    `tx_ref`,
    `payment_channel`,
    `updated_by`,
    `date_time`
  )
VALUES
  (
    60,
    '23/2510/GOH',
    'credit',
    5000.00,
    -3734.00,
    1266.00,
    'all_accumulated_bill',
    'deposit-1766672897259',
    'cash',
    'Abiodun Salako',
    '2025-12-25 15:28:17'
  );
INSERT INTO
  `patient_wallet_txn` (
    `id`,
    `patient_id`,
    `transaction_type`,
    `amount`,
    `balance_before`,
    `balance_after`,
    `purpose`,
    `tx_ref`,
    `payment_channel`,
    `updated_by`,
    `date_time`
  )
VALUES
  (
    61,
    '23/2510/GOH',
    'credit',
    5000.00,
    1266.00,
    6266.00,
    'all_accumulated_bill',
    'deposit-1766678948088',
    'cash',
    'Abiodun Salako',
    '2025-12-25 17:09:08'
  );
INSERT INTO
  `patient_wallet_txn` (
    `id`,
    `patient_id`,
    `transaction_type`,
    `amount`,
    `balance_before`,
    `balance_after`,
    `purpose`,
    `tx_ref`,
    `payment_channel`,
    `updated_by`,
    `date_time`
  )
VALUES
  (
    62,
    '13/2507/GOH',
    'credit',
    1000.00,
    -3500.00,
    -2500.00,
    'accumulated_bill_partPayment',
    'deposit-1766694358320',
    'cash',
    'Abiodun Salako',
    '2025-12-25 21:25:58'
  );
INSERT INTO
  `patient_wallet_txn` (
    `id`,
    `patient_id`,
    `transaction_type`,
    `amount`,
    `balance_before`,
    `balance_after`,
    `purpose`,
    `tx_ref`,
    `payment_channel`,
    `updated_by`,
    `date_time`
  )
VALUES
  (
    63,
    '7/2505/GOH',
    'debit',
    2324.00,
    0.00,
    -2324.00,
    'treatment billing',
    '7zx93.1767545969441',
    'wallet',
    'Doctor Abiodun Salako',
    '2026-01-04 18:00:29'
  );
INSERT INTO
  `patient_wallet_txn` (
    `id`,
    `patient_id`,
    `transaction_type`,
    `amount`,
    `balance_before`,
    `balance_after`,
    `purpose`,
    `tx_ref`,
    `payment_channel`,
    `updated_by`,
    `date_time`
  )
VALUES
  (
    64,
    '7/2505/GOH',
    'credit',
    5000.00,
    -2324.00,
    2676.00,
    'fund_wallet',
    'deposit-1767546146060',
    'bank (trf or card) to MoniePoint MFB',
    'Abiodun Salako',
    '2026-01-04 18:02:26'
  );
INSERT INTO
  `patient_wallet_txn` (
    `id`,
    `patient_id`,
    `transaction_type`,
    `amount`,
    `balance_before`,
    `balance_after`,
    `purpose`,
    `tx_ref`,
    `payment_channel`,
    `updated_by`,
    `date_time`
  )
VALUES
  (
    65,
    '7/2505/GOH',
    'credit',
    1000.00,
    2676.00,
    3676.00,
    'fund_wallet',
    'deposit-1767632360645',
    'cash',
    'Abiodun Salako',
    '2026-01-05 17:59:20'
  );
INSERT INTO
  `patient_wallet_txn` (
    `id`,
    `patient_id`,
    `transaction_type`,
    `amount`,
    `balance_before`,
    `balance_after`,
    `purpose`,
    `tx_ref`,
    `payment_channel`,
    `updated_by`,
    `date_time`
  )
VALUES
  (
    66,
    '9/2507/GOH',
    'credit',
    2000.00,
    -5201.57,
    -3201.57,
    'accumulated_bill_partPayment',
    'deposit-1767632686690',
    'cash',
    'Abiodun Salako',
    '2026-01-05 18:04:46'
  );
INSERT INTO
  `patient_wallet_txn` (
    `id`,
    `patient_id`,
    `transaction_type`,
    `amount`,
    `balance_before`,
    `balance_after`,
    `purpose`,
    `tx_ref`,
    `payment_channel`,
    `updated_by`,
    `date_time`
  )
VALUES
  (
    67,
    '9/2507/GOH',
    'credit',
    200.00,
    -3201.57,
    -3001.57,
    'accumulated_bill_partPayment',
    'deposit-1767632770674',
    'cash',
    'Abiodun Salako',
    '2026-01-05 18:06:10'
  );
INSERT INTO
  `patient_wallet_txn` (
    `id`,
    `patient_id`,
    `transaction_type`,
    `amount`,
    `balance_before`,
    `balance_after`,
    `purpose`,
    `tx_ref`,
    `payment_channel`,
    `updated_by`,
    `date_time`
  )
VALUES
  (
    68,
    '9/2507/GOH',
    'credit',
    1000.00,
    -3001.57,
    -2001.57,
    'accumulated_bill_partPayment',
    'deposit-1767633102445',
    'bank (trf or card) to MoniePoint MFB',
    'Abiodun Salako',
    '2026-01-05 18:11:42'
  );
INSERT INTO
  `patient_wallet_txn` (
    `id`,
    `patient_id`,
    `transaction_type`,
    `amount`,
    `balance_before`,
    `balance_after`,
    `purpose`,
    `tx_ref`,
    `payment_channel`,
    `updated_by`,
    `date_time`
  )
VALUES
  (
    69,
    '9/2507/GOH',
    'credit',
    400.00,
    -2001.57,
    -1601.57,
    'fund_wallet',
    'deposit-1767633209963',
    'cash',
    'Abiodun Salako',
    '2026-01-05 18:13:29'
  );
INSERT INTO
  `patient_wallet_txn` (
    `id`,
    `patient_id`,
    `transaction_type`,
    `amount`,
    `balance_before`,
    `balance_after`,
    `purpose`,
    `tx_ref`,
    `payment_channel`,
    `updated_by`,
    `date_time`
  )
VALUES
  (
    70,
    '9/2507/GOH',
    'credit',
    575.00,
    -1601.57,
    -1026.57,
    'fund_wallet',
    'deposit-1767633307099',
    'bank (trf or card) to Zenith Bank',
    'Abiodun Salako',
    '2026-01-05 18:15:07'
  );
INSERT INTO
  `patient_wallet_txn` (
    `id`,
    `patient_id`,
    `transaction_type`,
    `amount`,
    `balance_before`,
    `balance_after`,
    `purpose`,
    `tx_ref`,
    `payment_channel`,
    `updated_by`,
    `date_time`
  )
VALUES
  (
    71,
    '26/2601/GOH',
    'debit',
    5234.00,
    0.00,
    -5234.00,
    'treatment billing',
    'dydvm.1767634322927',
    'wallet',
    'Doctor Abiodun Salako',
    '2026-01-05 18:33:03'
  );
INSERT INTO
  `patient_wallet_txn` (
    `id`,
    `patient_id`,
    `transaction_type`,
    `amount`,
    `balance_before`,
    `balance_after`,
    `purpose`,
    `tx_ref`,
    `payment_channel`,
    `updated_by`,
    `date_time`
  )
VALUES
  (
    72,
    '26/2601/GOH',
    'credit',
    2000.00,
    -5234.00,
    -3234.00,
    'accumulated_bill_partPayment',
    'deposit-1767634434877',
    'bank (trf or card) to Opay',
    'Abiodun Salako',
    '2026-01-05 18:33:54'
  );
INSERT INTO
  `patient_wallet_txn` (
    `id`,
    `patient_id`,
    `transaction_type`,
    `amount`,
    `balance_before`,
    `balance_after`,
    `purpose`,
    `tx_ref`,
    `payment_channel`,
    `updated_by`,
    `date_time`
  )
VALUES
  (
    73,
    '7/2505/GOH',
    'credit',
    500.00,
    3676.00,
    4176.00,
    'accumulated_bill_partPayment',
    'deposit-1767634580667',
    'cash',
    'Abiodun Salako',
    '2026-01-05 18:36:20'
  );
INSERT INTO
  `patient_wallet_txn` (
    `id`,
    `patient_id`,
    `transaction_type`,
    `amount`,
    `balance_before`,
    `balance_after`,
    `purpose`,
    `tx_ref`,
    `payment_channel`,
    `updated_by`,
    `date_time`
  )
VALUES
  (
    74,
    '26/2601/GOH',
    'credit',
    1000.00,
    -3234.00,
    -2234.00,
    'accumulated_bill_partPayment',
    'deposit-1767635420969',
    'bank (trf or card) to GTBank',
    'Abiodun Salako',
    '2026-01-05 18:50:20'
  );

# ------------------------------------------------------------
# DATA DUMP FOR TABLE: patients
# ------------------------------------------------------------

INSERT INTO
  `patients` (
    `id`,
    `title`,
    `firstName`,
    `lastName`,
    `Address`,
    `phone_num`,
    `houseNum_or_name`,
    `street`,
    `city_and_state`,
    `country`,
    `email`,
    `gender`,
    `age`,
    `religion`,
    `hmo`,
    `family_or_group`,
    `outstanding_balance`,
    `hmo_wallet`,
    `patient_id`,
    `nok_id`,
    `nok_num`,
    `date_time`,
    `date_of_birth`,
    `revision`,
    `origin_device_id`,
    `deleted_at`,
    `sync_status`,
    `last_modified`
  )
VALUES
  (
    1,
    'Mr.',
    'Olakunke',
    'Ajasin',
    'new house road, city',
    '08012345678',
    NULL,
    NULL,
    NULL,
    NULL,
    NULL,
    'M',
    '45',
    'Christianity',
    'Nil',
    NULL,
    1000.00,
    NULL,
    '1/2504/GOH',
    1,
    '09012345678',
    '2025-04-01 22:28:12',
    NULL,
    1,
    NULL,
    NULL,
    0,
    '2025-11-08 13:38:48'
  );
INSERT INTO
  `patients` (
    `id`,
    `title`,
    `firstName`,
    `lastName`,
    `Address`,
    `phone_num`,
    `houseNum_or_name`,
    `street`,
    `city_and_state`,
    `country`,
    `email`,
    `gender`,
    `age`,
    `religion`,
    `hmo`,
    `family_or_group`,
    `outstanding_balance`,
    `hmo_wallet`,
    `patient_id`,
    `nok_id`,
    `nok_num`,
    `date_time`,
    `date_of_birth`,
    `revision`,
    `origin_device_id`,
    `deleted_at`,
    `sync_status`,
    `last_modified`
  )
VALUES
  (
    2,
    'Comrade',
    'Jide',
    'Soyoole',
    'address won, oke ohun',
    '07012345678',
    NULL,
    NULL,
    NULL,
    NULL,
    NULL,
    'M',
    '34',
    'Christianity',
    'Nil',
    NULL,
    -9700.00,
    NULL,
    '2/2504/GOH',
    0,
    'nil',
    '2025-04-01 22:34:19',
    NULL,
    1,
    NULL,
    NULL,
    0,
    '2025-11-08 13:38:48'
  );
INSERT INTO
  `patients` (
    `id`,
    `title`,
    `firstName`,
    `lastName`,
    `Address`,
    `phone_num`,
    `houseNum_or_name`,
    `street`,
    `city_and_state`,
    `country`,
    `email`,
    `gender`,
    `age`,
    `religion`,
    `hmo`,
    `family_or_group`,
    `outstanding_balance`,
    `hmo_wallet`,
    `patient_id`,
    `nok_id`,
    `nok_num`,
    `date_time`,
    `date_of_birth`,
    `revision`,
    `origin_device_id`,
    `deleted_at`,
    `sync_status`,
    `last_modified`
  )
VALUES
  (
    3,
    'Miss',
    'Alawada',
    'Kerikeri',
    'Ibi tohungbe, Ilu, Ilu state',
    NULL,
    NULL,
    NULL,
    NULL,
    NULL,
    'awada@gmail.com',
    'F',
    '35',
    'Traditionalist',
    'Nil',
    NULL,
    -14000.00,
    6500.00,
    '3/2504/GOH',
    0,
    'nil',
    '2025-04-01 22:48:08',
    NULL,
    1,
    NULL,
    NULL,
    0,
    '2025-11-08 13:38:48'
  );
INSERT INTO
  `patients` (
    `id`,
    `title`,
    `firstName`,
    `lastName`,
    `Address`,
    `phone_num`,
    `houseNum_or_name`,
    `street`,
    `city_and_state`,
    `country`,
    `email`,
    `gender`,
    `age`,
    `religion`,
    `hmo`,
    `family_or_group`,
    `outstanding_balance`,
    `hmo_wallet`,
    `patient_id`,
    `nok_id`,
    `nok_num`,
    `date_time`,
    `date_of_birth`,
    `revision`,
    `origin_device_id`,
    `deleted_at`,
    `sync_status`,
    `last_modified`
  )
VALUES
  (
    4,
    NULL,
    'Ayoka',
    'Ailara',
    'Odo-oba, Iwo',
    '090987654321',
    NULL,
    NULL,
    NULL,
    NULL,
    'ayoka@mail.com',
    'F',
    '0',
    'Islam',
    'SDF',
    NULL,
    -863.80,
    NULL,
    '4/2504/GOH',
    2,
    '090123456789',
    '2025-04-04 15:22:17',
    NULL,
    1,
    NULL,
    NULL,
    0,
    '2025-11-08 13:38:48'
  );
INSERT INTO
  `patients` (
    `id`,
    `title`,
    `firstName`,
    `lastName`,
    `Address`,
    `phone_num`,
    `houseNum_or_name`,
    `street`,
    `city_and_state`,
    `country`,
    `email`,
    `gender`,
    `age`,
    `religion`,
    `hmo`,
    `family_or_group`,
    `outstanding_balance`,
    `hmo_wallet`,
    `patient_id`,
    `nok_id`,
    `nok_num`,
    `date_time`,
    `date_of_birth`,
    `revision`,
    `origin_device_id`,
    `deleted_at`,
    `sync_status`,
    `last_modified`
  )
VALUES
  (
    5,
    NULL,
    'Tawakalt',
    'Lateef',
    'Koso area, Oyo',
    NULL,
    NULL,
    NULL,
    NULL,
    NULL,
    NULL,
    'F',
    '0',
    'Islam',
    'SDF',
    NULL,
    0.00,
    NULL,
    '5/2504/GOH',
    3,
    '09012345678',
    '2025-04-04 16:02:12',
    '2010-02-10',
    1,
    NULL,
    NULL,
    0,
    '2025-11-08 13:38:48'
  );
INSERT INTO
  `patients` (
    `id`,
    `title`,
    `firstName`,
    `lastName`,
    `Address`,
    `phone_num`,
    `houseNum_or_name`,
    `street`,
    `city_and_state`,
    `country`,
    `email`,
    `gender`,
    `age`,
    `religion`,
    `hmo`,
    `family_or_group`,
    `outstanding_balance`,
    `hmo_wallet`,
    `patient_id`,
    `nok_id`,
    `nok_num`,
    `date_time`,
    `date_of_birth`,
    `revision`,
    `origin_device_id`,
    `deleted_at`,
    `sync_status`,
    `last_modified`
  )
VALUES
  (
    6,
    NULL,
    'Daniel',
    'Okpara',
    'Abanba,Ibadan',
    '08022345678',
    NULL,
    NULL,
    NULL,
    NULL,
    NULL,
    'M',
    '44',
    'Christianity',
    'OSHIA',
    NULL,
    -10737.50,
    2000.00,
    '6/2504/GOH',
    4,
    '09012345678',
    '2025-04-24 14:53:20',
    '2000-01-28',
    1,
    NULL,
    NULL,
    0,
    '2025-11-08 13:38:48'
  );
INSERT INTO
  `patients` (
    `id`,
    `title`,
    `firstName`,
    `lastName`,
    `Address`,
    `phone_num`,
    `houseNum_or_name`,
    `street`,
    `city_and_state`,
    `country`,
    `email`,
    `gender`,
    `age`,
    `religion`,
    `hmo`,
    `family_or_group`,
    `outstanding_balance`,
    `hmo_wallet`,
    `patient_id`,
    `nok_id`,
    `nok_num`,
    `date_time`,
    `date_of_birth`,
    `revision`,
    `origin_device_id`,
    `deleted_at`,
    `sync_status`,
    `last_modified`
  )
VALUES
  (
    7,
    'Mr.',
    'Kayode',
    'Ajani',
    'Oloyo village, Akanran Ibadan',
    '09112345678',
    NULL,
    NULL,
    NULL,
    NULL,
    NULL,
    'M',
    '33',
    'Christianity',
    'Nil',
    NULL,
    4176.00,
    13000.00,
    '7/2505/GOH',
    5,
    '09012345678',
    '2025-05-28 13:04:59',
    NULL,
    1,
    NULL,
    NULL,
    0,
    '2025-11-08 13:38:48'
  );
INSERT INTO
  `patients` (
    `id`,
    `title`,
    `firstName`,
    `lastName`,
    `Address`,
    `phone_num`,
    `houseNum_or_name`,
    `street`,
    `city_and_state`,
    `country`,
    `email`,
    `gender`,
    `age`,
    `religion`,
    `hmo`,
    `family_or_group`,
    `outstanding_balance`,
    `hmo_wallet`,
    `patient_id`,
    `nok_id`,
    `nok_num`,
    `date_time`,
    `date_of_birth`,
    `revision`,
    `origin_device_id`,
    `deleted_at`,
    `sync_status`,
    `last_modified`
  )
VALUES
  (
    8,
    'Miss',
    'Omo',
    'Tuntun',
    'ile wa Nile wa str ,Ilu tuntun ,Nigeria',
    NULL,
    'ile wa',
    'Nile wa str',
    'Ilu tuntun',
    'Nigeria',
    NULL,
    'F',
    '0',
    'Traditionalist',
    'Nil',
    'Chief Alani family',
    3000.00,
    NULL,
    '8/2507/GOH',
    6,
    '0911234567',
    '2025-07-07 18:08:06',
    '2025-07-03',
    1,
    NULL,
    NULL,
    0,
    '2025-11-08 13:38:48'
  );
INSERT INTO
  `patients` (
    `id`,
    `title`,
    `firstName`,
    `lastName`,
    `Address`,
    `phone_num`,
    `houseNum_or_name`,
    `street`,
    `city_and_state`,
    `country`,
    `email`,
    `gender`,
    `age`,
    `religion`,
    `hmo`,
    `family_or_group`,
    `outstanding_balance`,
    `hmo_wallet`,
    `patient_id`,
    `nok_id`,
    `nok_num`,
    `date_time`,
    `date_of_birth`,
    `revision`,
    `origin_device_id`,
    `deleted_at`,
    `sync_status`,
    `last_modified`
  )
VALUES
  (
    9,
    'Mrs.',
    'Alani',
    'Caroline',
    '24, Oseni str, Alakia, Ibadan, Oyo state Nigeria',
    '09012345678',
    '24',
    'Oseni str, Alakia',
    'Ibadan, Oyo state',
    'Nigeria',
    NULL,
    'F',
    '16',
    'Christianity',
    'OHIS',
    'Single/Personal',
    -1026.57,
    NULL,
    '9/2507/GOH',
    7,
    '09012345678',
    '2025-07-07 20:59:24',
    '2009-05-14',
    1,
    NULL,
    NULL,
    0,
    '2025-11-08 13:38:48'
  );
INSERT INTO
  `patients` (
    `id`,
    `title`,
    `firstName`,
    `lastName`,
    `Address`,
    `phone_num`,
    `houseNum_or_name`,
    `street`,
    `city_and_state`,
    `country`,
    `email`,
    `gender`,
    `age`,
    `religion`,
    `hmo`,
    `family_or_group`,
    `outstanding_balance`,
    `hmo_wallet`,
    `patient_id`,
    `nok_id`,
    `nok_num`,
    `date_time`,
    `date_of_birth`,
    `revision`,
    `origin_device_id`,
    `deleted_at`,
    `sync_status`,
    `last_modified`
  )
VALUES
  (
    10,
    'Mrs.',
    'Haddar',
    'Aggalla',
    '40, Alekuwowo, Ilorin, Kwara state ',
    NULL,
    '40',
    'Alekuwowo',
    'Ilorin, Kwara state',
    '',
    NULL,
    'F',
    '21',
    '',
    'Nil',
    'Chief Alani family',
    5000.00,
    NULL,
    '10/2507/GOH',
    8,
    '09112345678',
    '2025-07-08 16:50:15',
    '2004-03-12',
    1,
    NULL,
    NULL,
    0,
    '2025-11-08 13:38:48'
  );
INSERT INTO
  `patients` (
    `id`,
    `title`,
    `firstName`,
    `lastName`,
    `Address`,
    `phone_num`,
    `houseNum_or_name`,
    `street`,
    `city_and_state`,
    `country`,
    `email`,
    `gender`,
    `age`,
    `religion`,
    `hmo`,
    `family_or_group`,
    `outstanding_balance`,
    `hmo_wallet`,
    `patient_id`,
    `nok_id`,
    `nok_num`,
    `date_time`,
    `date_of_birth`,
    `revision`,
    `origin_device_id`,
    `deleted_at`,
    `sync_status`,
    `last_modified`
  )
VALUES
  (
    11,
    NULL,
    'Arada',
    'Awolo',
    '20, strtsrtsrt, Ibadan, Oyo state Nigeria',
    NULL,
    '20',
    'strtsrtsrt',
    'Ibadan, Oyo state',
    'Nigeria',
    NULL,
    'F',
    '16',
    '',
    '',
    'Loyola Farms',
    -500.00,
    NULL,
    '11/2507/GOH',
    9,
    '0912345678',
    '2025-07-09 06:44:05',
    '2009-03-07',
    1,
    NULL,
    NULL,
    0,
    '2025-11-08 13:38:48'
  );
INSERT INTO
  `patients` (
    `id`,
    `title`,
    `firstName`,
    `lastName`,
    `Address`,
    `phone_num`,
    `houseNum_or_name`,
    `street`,
    `city_and_state`,
    `country`,
    `email`,
    `gender`,
    `age`,
    `religion`,
    `hmo`,
    `family_or_group`,
    `outstanding_balance`,
    `hmo_wallet`,
    `patient_id`,
    `nok_id`,
    `nok_num`,
    `date_time`,
    `date_of_birth`,
    `revision`,
    `origin_device_id`,
    `deleted_at`,
    `sync_status`,
    `last_modified`
  )
VALUES
  (
    12,
    NULL,
    'Olalekan',
    'Olakusibe',
    '12, strt strtss str, Asogo, Oyo, Oyo state Nigeria',
    NULL,
    '12',
    'strt strtss str, Asogo',
    'Oyo, Oyo state',
    'Nigeria',
    NULL,
    'M',
    '25',
    '',
    '',
    'Loyola Farms',
    -7626.55,
    NULL,
    '12/2507/GOH',
    10,
    '09112345678',
    '2025-07-09 06:49:25',
    '2000-03-15',
    1,
    NULL,
    NULL,
    0,
    '2025-11-08 13:38:48'
  );
INSERT INTO
  `patients` (
    `id`,
    `title`,
    `firstName`,
    `lastName`,
    `Address`,
    `phone_num`,
    `houseNum_or_name`,
    `street`,
    `city_and_state`,
    `country`,
    `email`,
    `gender`,
    `age`,
    `religion`,
    `hmo`,
    `family_or_group`,
    `outstanding_balance`,
    `hmo_wallet`,
    `patient_id`,
    `nok_id`,
    `nok_num`,
    `date_time`,
    `date_of_birth`,
    `revision`,
    `origin_device_id`,
    `deleted_at`,
    `sync_status`,
    `last_modified`
  )
VALUES
  (
    13,
    'Mr.',
    'New',
    'Patient',
    '22, str str str, city and state leavein Nigeria',
    NULL,
    '22',
    'str str str',
    'city and state leavein',
    'Nigeria',
    NULL,
    'M',
    '2',
    'Islam',
    'Nil',
    'Single/Personal',
    -2500.00,
    NULL,
    '13/2507/GOH',
    11,
    '09012345678',
    '2025-07-11 07:33:34',
    '2023-03-08',
    1,
    NULL,
    NULL,
    0,
    '2025-11-08 13:38:48'
  );
INSERT INTO
  `patients` (
    `id`,
    `title`,
    `firstName`,
    `lastName`,
    `Address`,
    `phone_num`,
    `houseNum_or_name`,
    `street`,
    `city_and_state`,
    `country`,
    `email`,
    `gender`,
    `age`,
    `religion`,
    `hmo`,
    `family_or_group`,
    `outstanding_balance`,
    `hmo_wallet`,
    `patient_id`,
    `nok_id`,
    `nok_num`,
    `date_time`,
    `date_of_birth`,
    `revision`,
    `origin_device_id`,
    `deleted_at`,
    `sync_status`,
    `last_modified`
  )
VALUES
  (
    14,
    'Mrs.',
    'New 2',
    'Patients',
    '22, str, city adress Nigeria',
    NULL,
    '22',
    'str',
    'city adress',
    'Nigeria',
    NULL,
    'F',
    '31',
    '',
    'OSHIA',
    'Single/Personal',
    0.00,
    NULL,
    '14/2507/GOH',
    12,
    '09012345678',
    '2025-07-11 07:35:44',
    '1994-01-14',
    1,
    NULL,
    NULL,
    0,
    '2025-11-08 13:38:48'
  );
INSERT INTO
  `patients` (
    `id`,
    `title`,
    `firstName`,
    `lastName`,
    `Address`,
    `phone_num`,
    `houseNum_or_name`,
    `street`,
    `city_and_state`,
    `country`,
    `email`,
    `gender`,
    `age`,
    `religion`,
    `hmo`,
    `family_or_group`,
    `outstanding_balance`,
    `hmo_wallet`,
    `patient_id`,
    `nok_id`,
    `nok_num`,
    `date_time`,
    `date_of_birth`,
    `revision`,
    `origin_device_id`,
    `deleted_at`,
    `sync_status`,
    `last_modified`
  )
VALUES
  (
    17,
    NULL,
    'Omo',
    'Wa',
    'no 14, ilawa str, Ibadan, Oyo state Nigeria',
    NULL,
    'no 14',
    'ilawa str',
    'Ibadan, Oyo state',
    'Nigeria',
    NULL,
    'F',
    '5 days',
    '',
    '',
    '',
    -1500.00,
    NULL,
    '17/2507/GOH',
    13,
    '080123456789',
    '2025-07-15 10:28:18',
    '2025-07-10',
    1,
    NULL,
    NULL,
    0,
    '2025-11-08 13:38:48'
  );
INSERT INTO
  `patients` (
    `id`,
    `title`,
    `firstName`,
    `lastName`,
    `Address`,
    `phone_num`,
    `houseNum_or_name`,
    `street`,
    `city_and_state`,
    `country`,
    `email`,
    `gender`,
    `age`,
    `religion`,
    `hmo`,
    `family_or_group`,
    `outstanding_balance`,
    `hmo_wallet`,
    `patient_id`,
    `nok_id`,
    `nok_num`,
    `date_time`,
    `date_of_birth`,
    `revision`,
    `origin_device_id`,
    `deleted_at`,
    `sync_status`,
    `last_modified`
  )
VALUES
  (
    18,
    'Mr.',
    'Akanni',
    'Daud',
    '9, Atoyebi str, Ibadan, Oyo state Nigeria',
    NULL,
    '9',
    'Atoyebi str',
    'Ibadan, Oyo state',
    'Nigeria',
    NULL,
    'M',
    '22 years',
    'Islam',
    'OSHIA',
    'Engr Awodele Family',
    3000.00,
    NULL,
    '18/2507/GOH',
    14,
    '0908765543321',
    '2025-07-20 21:33:07',
    '2003-03-14',
    1,
    NULL,
    NULL,
    0,
    '2025-11-08 13:38:48'
  );
INSERT INTO
  `patients` (
    `id`,
    `title`,
    `firstName`,
    `lastName`,
    `Address`,
    `phone_num`,
    `houseNum_or_name`,
    `street`,
    `city_and_state`,
    `country`,
    `email`,
    `gender`,
    `age`,
    `religion`,
    `hmo`,
    `family_or_group`,
    `outstanding_balance`,
    `hmo_wallet`,
    `patient_id`,
    `nok_id`,
    `nok_num`,
    `date_time`,
    `date_of_birth`,
    `revision`,
    `origin_device_id`,
    `deleted_at`,
    `sync_status`,
    `last_modified`
  )
VALUES
  (
    19,
    'Mrs.',
    'Tawalkat',
    'Lateef',
    '4, Mainstrt, Ayegun, Ogbomoso Nigeria',
    '09012345679',
    '4',
    'Mainstrt',
    'Ayegun, Ogbomoso',
    'Nigeria',
    NULL,
    'F',
    '25 years',
    'Islam',
    'Nil',
    'Chief Alani family',
    -7000.00,
    NULL,
    '19/2507/GOH',
    15,
    '09087654322',
    '2025-07-30 15:18:05',
    '2000-05-10',
    1,
    NULL,
    NULL,
    0,
    '2025-11-08 13:38:48'
  );
INSERT INTO
  `patients` (
    `id`,
    `title`,
    `firstName`,
    `lastName`,
    `Address`,
    `phone_num`,
    `houseNum_or_name`,
    `street`,
    `city_and_state`,
    `country`,
    `email`,
    `gender`,
    `age`,
    `religion`,
    `hmo`,
    `family_or_group`,
    `outstanding_balance`,
    `hmo_wallet`,
    `patient_id`,
    `nok_id`,
    `nok_num`,
    `date_time`,
    `date_of_birth`,
    `revision`,
    `origin_device_id`,
    `deleted_at`,
    `sync_status`,
    `last_modified`
  )
VALUES
  (
    20,
    'Mrs.',
    'Ayinde',
    'Ajoke',
    '2, address wa, Iluwa Nigeria',
    NULL,
    '2',
    'address wa',
    'Iluwa',
    'Nigeria',
    NULL,
    'F',
    '28 years',
    'Christianity',
    'Nil',
    'Engr Awodele Family',
    8000.00,
    NULL,
    '20/2508/GOH',
    16,
    '09012345678',
    '2025-08-03 18:37:02',
    '1997-02-05',
    1,
    NULL,
    NULL,
    0,
    '2025-11-08 13:38:48'
  );
INSERT INTO
  `patients` (
    `id`,
    `title`,
    `firstName`,
    `lastName`,
    `Address`,
    `phone_num`,
    `houseNum_or_name`,
    `street`,
    `city_and_state`,
    `country`,
    `email`,
    `gender`,
    `age`,
    `religion`,
    `hmo`,
    `family_or_group`,
    `outstanding_balance`,
    `hmo_wallet`,
    `patient_id`,
    `nok_id`,
    `nok_num`,
    `date_time`,
    `date_of_birth`,
    `revision`,
    `origin_device_id`,
    `deleted_at`,
    `sync_status`,
    `last_modified`
  )
VALUES
  (
    21,
    'Pastor',
    'Kola',
    'Adeyemo',
    'ile Kitipi, Isale oja, Ijeru, Ogbomoso, Oyo state Nigeria',
    '080987654321',
    'ile Kitipi',
    'Isale oja, Ijeru',
    'Ogbomoso, Oyo state',
    'Nigeria',
    NULL,
    'M',
    '40 years',
    'Christianity',
    'OHIS',
    'Chief Alani family',
    -5200.00,
    NULL,
    '21/2508/GOH',
    17,
    '090987654321',
    '2025-08-24 12:27:49',
    '1985-04-13',
    1,
    NULL,
    NULL,
    0,
    '2025-11-08 13:38:48'
  );
INSERT INTO
  `patients` (
    `id`,
    `title`,
    `firstName`,
    `lastName`,
    `Address`,
    `phone_num`,
    `houseNum_or_name`,
    `street`,
    `city_and_state`,
    `country`,
    `email`,
    `gender`,
    `age`,
    `religion`,
    `hmo`,
    `family_or_group`,
    `outstanding_balance`,
    `hmo_wallet`,
    `patient_id`,
    `nok_id`,
    `nok_num`,
    `date_time`,
    `date_of_birth`,
    `revision`,
    `origin_device_id`,
    `deleted_at`,
    `sync_status`,
    `last_modified`
  )
VALUES
  (
    22,
    NULL,
    'Alakori',
    'Alakowe',
    'Ile mopin, Isale Osi, Mopepe Area, Ogbomoso Oyo state Nigeria',
    '09102345678',
    'Ile mopin, Isale Osi',
    'Mopepe Area',
    'Ogbomoso Oyo state',
    'Nigeria',
    NULL,
    'M',
    '42 years',
    'Traditionalist',
    'Nil',
    'Loyola Farms',
    -8375.00,
    NULL,
    '22/2508/GOH',
    18,
    '090987654432',
    '2025-08-31 15:36:47',
    '1983-06-16',
    1,
    NULL,
    NULL,
    0,
    '2025-11-08 13:38:48'
  );
INSERT INTO
  `patients` (
    `id`,
    `title`,
    `firstName`,
    `lastName`,
    `Address`,
    `phone_num`,
    `houseNum_or_name`,
    `street`,
    `city_and_state`,
    `country`,
    `email`,
    `gender`,
    `age`,
    `religion`,
    `hmo`,
    `family_or_group`,
    `outstanding_balance`,
    `hmo_wallet`,
    `patient_id`,
    `nok_id`,
    `nok_num`,
    `date_time`,
    `date_of_birth`,
    `revision`,
    `origin_device_id`,
    `deleted_at`,
    `sync_status`,
    `last_modified`
  )
VALUES
  (
    23,
    'Mrs.',
    'Rofiat',
    'Olaniyan',
    'no2, Alagbetajo, oyo Nigeria',
    '08100064935',
    'no2',
    'Alagbetajo',
    'oyo',
    'Nigeria',
    NULL,
    'F',
    '75 years',
    'Islam',
    'Nil',
    'Single/Personal',
    6266.00,
    NULL,
    '23/2510/GOH',
    19,
    '08133667861',
    '2025-10-12 16:43:46',
    '1950-01-01',
    1,
    NULL,
    NULL,
    0,
    '2025-11-08 13:38:48'
  );
INSERT INTO
  `patients` (
    `id`,
    `title`,
    `firstName`,
    `lastName`,
    `Address`,
    `phone_num`,
    `houseNum_or_name`,
    `street`,
    `city_and_state`,
    `country`,
    `email`,
    `gender`,
    `age`,
    `religion`,
    `hmo`,
    `family_or_group`,
    `outstanding_balance`,
    `hmo_wallet`,
    `patient_id`,
    `nok_id`,
    `nok_num`,
    `date_time`,
    `date_of_birth`,
    `revision`,
    `origin_device_id`,
    `deleted_at`,
    `sync_status`,
    `last_modified`
  )
VALUES
  (
    24,
    'Mrs.',
    'Adufe',
    'Ayeni',
    '12, Ajaka str, Akinmorin, Oyo, Oyo state Nigeria',
    '01234567899',
    '12',
    'Ajaka str',
    'Akinmorin, Oyo, Oyo state',
    'Nigeria',
    NULL,
    'F',
    '37 years',
    'Christianity',
    'HYGIA',
    'Mr Atanda Family',
    0.00,
    NULL,
    '24/2512/GOH',
    1,
    '09876543210',
    '2025-12-26 21:57:35',
    '1988-01-21',
    1,
    NULL,
    NULL,
    0,
    '2025-12-26 21:57:35'
  );
INSERT INTO
  `patients` (
    `id`,
    `title`,
    `firstName`,
    `lastName`,
    `Address`,
    `phone_num`,
    `houseNum_or_name`,
    `street`,
    `city_and_state`,
    `country`,
    `email`,
    `gender`,
    `age`,
    `religion`,
    `hmo`,
    `family_or_group`,
    `outstanding_balance`,
    `hmo_wallet`,
    `patient_id`,
    `nok_id`,
    `nok_num`,
    `date_time`,
    `date_of_birth`,
    `revision`,
    `origin_device_id`,
    `deleted_at`,
    `sync_status`,
    `last_modified`
  )
VALUES
  (
    25,
    'Comrade',
    'Ajasa',
    'Olowolagba',
    '13, fadeyi str, Awoyaya, Ibadan, Oyo state Nigeria',
    NULL,
    '13',
    'fadeyi str, Awoyaya',
    'Ibadan, Oyo state',
    'Nigeria',
    NULL,
    'M',
    '34 years',
    'Islam',
    'Nil',
    'Single/Personal',
    0.00,
    NULL,
    '25/2512/GOH',
    2,
    '09876543211',
    '2025-12-26 22:09:15',
    '1991-05-15',
    1,
    NULL,
    NULL,
    0,
    '2025-12-26 22:09:15'
  );
INSERT INTO
  `patients` (
    `id`,
    `title`,
    `firstName`,
    `lastName`,
    `Address`,
    `phone_num`,
    `houseNum_or_name`,
    `street`,
    `city_and_state`,
    `country`,
    `email`,
    `gender`,
    `age`,
    `religion`,
    `hmo`,
    `family_or_group`,
    `outstanding_balance`,
    `hmo_wallet`,
    `patient_id`,
    `nok_id`,
    `nok_num`,
    `date_time`,
    `date_of_birth`,
    `revision`,
    `origin_device_id`,
    `deleted_at`,
    `sync_status`,
    `last_modified`
  )
VALUES
  (
    26,
    'Comrade',
    'Adisa',
    'Gbolagade',
    '12, Kaasumu str, Akala express, Ibadan, Oyo state Nigeria',
    '09099112233',
    '12',
    'Kaasumu str, Akala express',
    'Ibadan, Oyo state',
    'Nigeria',
    NULL,
    'F',
    '37 years',
    'Traditionalist',
    'OSHIA',
    'Engr Awodele Family',
    -2234.00,
    NULL,
    '26/2601/GOH',
    3,
    '09012345678',
    '2026-01-05 18:26:26',
    '1988-01-13',
    1,
    NULL,
    NULL,
    0,
    '2026-01-05 18:26:26'
  );

# ------------------------------------------------------------
# DATA DUMP FOR TABLE: payments
# ------------------------------------------------------------

INSERT INTO
  `payments` (
    `id`,
    `patient_id`,
    `rx_time`,
    `amount_paid`,
    `paid_for`,
    `bill_reference`,
    `payment_method`,
    `bank_name`,
    `payer_type`,
    `confirmed_by`,
    `date_time`,
    `rx_session`,
    `wallet_txn_ref`,
    `branch_id`
  )
VALUES
  (
    58,
    '17/2507/GOH',
    '2025-07-30 15:31:06',
    1500.00,
    'treatment',
    NULL,
    'wallet',
    'N/A',
    'patient',
    'Abiodun Salako',
    '2025-08-01 05:25:39',
    'g5pvz.1753885866833',
    'deposit-1754022339047',
    NULL
  );
INSERT INTO
  `payments` (
    `id`,
    `patient_id`,
    `rx_time`,
    `amount_paid`,
    `paid_for`,
    `bill_reference`,
    `payment_method`,
    `bank_name`,
    `payer_type`,
    `confirmed_by`,
    `date_time`,
    `rx_session`,
    `wallet_txn_ref`,
    `branch_id`
  )
VALUES
  (
    59,
    '17/2507/GOH',
    '2025-07-30 15:31:06',
    1500.00,
    'treatment',
    NULL,
    'wallet',
    'N/A',
    'patient',
    'Abiodun Salako',
    '2025-08-17 19:16:41',
    'g5pvz.1753885866833',
    'deposit-1755454601813',
    NULL
  );
INSERT INTO
  `payments` (
    `id`,
    `patient_id`,
    `rx_time`,
    `amount_paid`,
    `paid_for`,
    `bill_reference`,
    `payment_method`,
    `bank_name`,
    `payer_type`,
    `confirmed_by`,
    `date_time`,
    `rx_session`,
    `wallet_txn_ref`,
    `branch_id`
  )
VALUES
  (
    60,
    '12/2507/GOH',
    '2025-08-22 09:51:14',
    25000.00,
    'treatment',
    NULL,
    'wallet',
    'N/A',
    'family/group',
    'Abiodun Salako',
    '2025-08-22 16:40:54',
    '0sbrl.1755852674905',
    'deposit-1755877254912',
    NULL
  );
INSERT INTO
  `payments` (
    `id`,
    `patient_id`,
    `rx_time`,
    `amount_paid`,
    `paid_for`,
    `bill_reference`,
    `payment_method`,
    `bank_name`,
    `payer_type`,
    `confirmed_by`,
    `date_time`,
    `rx_session`,
    `wallet_txn_ref`,
    `branch_id`
  )
VALUES
  (
    61,
    'customer',
    '2025-08-23 09:54:21',
    2000.00,
    'Outpatient sales',
    NULL,
    'cash',
    'N/A',
    'patient',
    'Doctor Abiodun Salako',
    '2025-08-23 09:54:27',
    'sales.1755939261857',
    NULL,
    NULL
  );
INSERT INTO
  `payments` (
    `id`,
    `patient_id`,
    `rx_time`,
    `amount_paid`,
    `paid_for`,
    `bill_reference`,
    `payment_method`,
    `bank_name`,
    `payer_type`,
    `confirmed_by`,
    `date_time`,
    `rx_session`,
    `wallet_txn_ref`,
    `branch_id`
  )
VALUES
  (
    62,
    'customer',
    '2025-08-23 14:26:40',
    7000.00,
    'Outpatient sales',
    NULL,
    'bank (trf or card) to Zenith Bank',
    'N/A',
    'customer',
    'Doctor Abiodun Salako',
    '2025-08-23 14:26:42',
    'sales.1755955600045',
    NULL,
    NULL
  );
INSERT INTO
  `payments` (
    `id`,
    `patient_id`,
    `rx_time`,
    `amount_paid`,
    `paid_for`,
    `bill_reference`,
    `payment_method`,
    `bank_name`,
    `payer_type`,
    `confirmed_by`,
    `date_time`,
    `rx_session`,
    `wallet_txn_ref`,
    `branch_id`
  )
VALUES
  (
    63,
    '17/2507/GOH',
    '2025-07-30 15:31:06',
    1000.00,
    'treatment',
    NULL,
    'wallet',
    'N/A',
    'patient',
    'Abiodun Salako',
    '2025-08-23 15:23:15',
    'g5pvz.1753885866833',
    'deposit-1755958995318',
    NULL
  );
INSERT INTO
  `payments` (
    `id`,
    `patient_id`,
    `rx_time`,
    `amount_paid`,
    `paid_for`,
    `bill_reference`,
    `payment_method`,
    `bank_name`,
    `payer_type`,
    `confirmed_by`,
    `date_time`,
    `rx_session`,
    `wallet_txn_ref`,
    `branch_id`
  )
VALUES
  (
    64,
    'customer',
    '2025-08-25 09:41:29',
    2000.00,
    'Outpatient sales',
    NULL,
    'bank (trf or card) to GTBank',
    'N/A',
    'customer',
    'Doctor Abiodun Salako',
    '2025-08-25 09:41:40',
    'sales.1756111289851',
    NULL,
    NULL
  );
INSERT INTO
  `payments` (
    `id`,
    `patient_id`,
    `rx_time`,
    `amount_paid`,
    `paid_for`,
    `bill_reference`,
    `payment_method`,
    `bank_name`,
    `payer_type`,
    `confirmed_by`,
    `date_time`,
    `rx_session`,
    `wallet_txn_ref`,
    `branch_id`
  )
VALUES
  (
    65,
    'customer',
    '2025-08-31 14:41:33',
    2000.00,
    'Outpatient sales',
    NULL,
    'bank (trf or card) to GTBank',
    'N/A',
    'customer',
    'Doctor Abiodun Salako',
    '2025-08-31 14:41:41',
    'sales.1756647693321',
    NULL,
    NULL
  );
INSERT INTO
  `payments` (
    `id`,
    `patient_id`,
    `rx_time`,
    `amount_paid`,
    `paid_for`,
    `bill_reference`,
    `payment_method`,
    `bank_name`,
    `payer_type`,
    `confirmed_by`,
    `date_time`,
    `rx_session`,
    `wallet_txn_ref`,
    `branch_id`
  )
VALUES
  (
    66,
    '17/2507/GOH',
    '2025-07-30 15:31:06',
    1000.00,
    'treatment',
    NULL,
    'wallet',
    'N/A',
    'patient',
    'Abiodun Salako',
    '2025-08-31 14:42:26',
    'g5pvz.1753885866833',
    'deposit-1756647746228',
    NULL
  );
INSERT INTO
  `payments` (
    `id`,
    `patient_id`,
    `rx_time`,
    `amount_paid`,
    `paid_for`,
    `bill_reference`,
    `payment_method`,
    `bank_name`,
    `payer_type`,
    `confirmed_by`,
    `date_time`,
    `rx_session`,
    `wallet_txn_ref`,
    `branch_id`
  )
VALUES
  (
    67,
    'customer',
    '2025-09-06 15:04:20',
    4000.00,
    'Outpatient sales',
    NULL,
    'bank (trf or card) to GTBank',
    'N/A',
    'customer',
    'Doctor Abiodun Salako',
    '2025-09-06 15:04:29',
    'sales.1757167460258',
    NULL,
    NULL
  );
INSERT INTO
  `payments` (
    `id`,
    `patient_id`,
    `rx_time`,
    `amount_paid`,
    `paid_for`,
    `bill_reference`,
    `payment_method`,
    `bank_name`,
    `payer_type`,
    `confirmed_by`,
    `date_time`,
    `rx_session`,
    `wallet_txn_ref`,
    `branch_id`
  )
VALUES
  (
    68,
    '21/2508/GOH',
    '2025-09-20 12:52:46',
    2600.00,
    'treatment',
    NULL,
    'Wallet',
    'N/A',
    'patient',
    'Doctor Abiodun Salako',
    '2025-09-21 09:56:08',
    'sn125.1756731169422',
    NULL,
    NULL
  );
INSERT INTO
  `payments` (
    `id`,
    `patient_id`,
    `rx_time`,
    `amount_paid`,
    `paid_for`,
    `bill_reference`,
    `payment_method`,
    `bank_name`,
    `payer_type`,
    `confirmed_by`,
    `date_time`,
    `rx_session`,
    `wallet_txn_ref`,
    `branch_id`
  )
VALUES
  (
    69,
    '21/2508/GOH',
    '2025-09-20 12:52:46',
    2400.00,
    'rx_bill',
    NULL,
    'Wallet',
    'N/A',
    'patient',
    'Abiodun Salako',
    '2025-09-21 10:03:03',
    'sn125.1756731169422',
    NULL,
    NULL
  );
INSERT INTO
  `payments` (
    `id`,
    `patient_id`,
    `rx_time`,
    `amount_paid`,
    `paid_for`,
    `bill_reference`,
    `payment_method`,
    `bank_name`,
    `payer_type`,
    `confirmed_by`,
    `date_time`,
    `rx_session`,
    `wallet_txn_ref`,
    `branch_id`
  )
VALUES
  (
    70,
    '19/2507/GOH',
    '2025-08-31 12:33:03',
    2500.00,
    'rx_bill',
    NULL,
    'Wallet',
    'N/A',
    'patient',
    'Abiodun Salako',
    '2025-10-01 09:37:21',
    'vsauj.1756639983223',
    NULL,
    NULL
  );
INSERT INTO
  `payments` (
    `id`,
    `patient_id`,
    `rx_time`,
    `amount_paid`,
    `paid_for`,
    `bill_reference`,
    `payment_method`,
    `bank_name`,
    `payer_type`,
    `confirmed_by`,
    `date_time`,
    `rx_session`,
    `wallet_txn_ref`,
    `branch_id`
  )
VALUES
  (
    71,
    '19/2507/GOH',
    '2025-08-31 12:33:03',
    7500.00,
    'treatment',
    NULL,
    'wallet',
    'N/A',
    'patient',
    'Abiodun Salako',
    '2025-10-02 18:16:22',
    'vsauj.1756639983223',
    'deposit-1759425382607',
    NULL
  );
INSERT INTO
  `payments` (
    `id`,
    `patient_id`,
    `rx_time`,
    `amount_paid`,
    `paid_for`,
    `bill_reference`,
    `payment_method`,
    `bank_name`,
    `payer_type`,
    `confirmed_by`,
    `date_time`,
    `rx_session`,
    `wallet_txn_ref`,
    `branch_id`
  )
VALUES
  (
    72,
    '7/2505/GOH',
    '2025-10-03 10:14:28',
    0.00,
    'treatment',
    NULL,
    'Wallet',
    'N/A',
    'patient',
    'Doctor Abiodun Salako',
    '2025-10-03 10:23:56',
    '0su2m.1759482868397',
    NULL,
    NULL
  );
INSERT INTO
  `payments` (
    `id`,
    `patient_id`,
    `rx_time`,
    `amount_paid`,
    `paid_for`,
    `bill_reference`,
    `payment_method`,
    `bank_name`,
    `payer_type`,
    `confirmed_by`,
    `date_time`,
    `rx_session`,
    `wallet_txn_ref`,
    `branch_id`
  )
VALUES
  (
    73,
    '22/2508/GOH',
    '2025-10-03 16:30:24',
    5375.00,
    'treatment',
    NULL,
    'wallet',
    'N/A',
    'patient',
    'Abiodun Salako',
    '2025-10-03 16:50:40',
    'zn4pr.1759418103400',
    'deposit-1759506640482',
    NULL
  );
INSERT INTO
  `payments` (
    `id`,
    `patient_id`,
    `rx_time`,
    `amount_paid`,
    `paid_for`,
    `bill_reference`,
    `payment_method`,
    `bank_name`,
    `payer_type`,
    `confirmed_by`,
    `date_time`,
    `rx_session`,
    `wallet_txn_ref`,
    `branch_id`
  )
VALUES
  (
    74,
    '9/2507/GOH',
    '2025-10-03 16:39:59',
    5526.57,
    'treatment',
    NULL,
    'wallet',
    'N/A',
    'patient',
    'Abiodun Salako',
    '2025-10-03 16:58:18',
    '1dlbz.1759505999985',
    'deposit-1759507098733',
    NULL
  );
INSERT INTO
  `payments` (
    `id`,
    `patient_id`,
    `rx_time`,
    `amount_paid`,
    `paid_for`,
    `bill_reference`,
    `payment_method`,
    `bank_name`,
    `payer_type`,
    `confirmed_by`,
    `date_time`,
    `rx_session`,
    `wallet_txn_ref`,
    `branch_id`
  )
VALUES
  (
    75,
    '4/2504/GOH',
    '2025-10-04 07:13:16',
    1960.80,
    'treatment',
    NULL,
    'wallet',
    'N/A',
    'patient',
    'Abiodun Salako',
    '2025-10-04 07:44:54',
    'vbuke.1759558396759',
    'deposit-1759560294472',
    NULL
  );
INSERT INTO
  `payments` (
    `id`,
    `patient_id`,
    `rx_time`,
    `amount_paid`,
    `paid_for`,
    `bill_reference`,
    `payment_method`,
    `bank_name`,
    `payer_type`,
    `confirmed_by`,
    `date_time`,
    `rx_session`,
    `wallet_txn_ref`,
    `branch_id`
  )
VALUES
  (
    76,
    '4/2504/GOH',
    '2025-10-04 07:18:14',
    39.20,
    'treatment',
    NULL,
    'wallet',
    'N/A',
    'patient',
    'Abiodun Salako',
    '2025-10-04 07:44:54',
    'vbuke.1759558396759',
    'deposit-1759560294472',
    NULL
  );
INSERT INTO
  `payments` (
    `id`,
    `patient_id`,
    `rx_time`,
    `amount_paid`,
    `paid_for`,
    `bill_reference`,
    `payment_method`,
    `bank_name`,
    `payer_type`,
    `confirmed_by`,
    `date_time`,
    `rx_session`,
    `wallet_txn_ref`,
    `branch_id`
  )
VALUES
  (
    77,
    '12/2507/GOH',
    '2025-10-04 08:12:09',
    2956.25,
    'treatment',
    NULL,
    'wallet',
    'N/A',
    'family/group',
    'Abiodun Salako',
    '2025-10-04 08:28:18',
    'v2uoz.1759561442965',
    'deposit-1759562898623',
    NULL
  );
INSERT INTO
  `payments` (
    `id`,
    `patient_id`,
    `rx_time`,
    `amount_paid`,
    `paid_for`,
    `bill_reference`,
    `payment_method`,
    `bank_name`,
    `payer_type`,
    `confirmed_by`,
    `date_time`,
    `rx_session`,
    `wallet_txn_ref`,
    `branch_id`
  )
VALUES
  (
    78,
    '12/2507/GOH',
    '2025-10-04 08:16:20',
    4043.75,
    'treatment',
    NULL,
    'wallet',
    'N/A',
    'family/group',
    'Abiodun Salako',
    '2025-10-04 08:28:18',
    'v2uoz.1759561442965',
    'deposit-1759562898623',
    NULL
  );
INSERT INTO
  `payments` (
    `id`,
    `patient_id`,
    `rx_time`,
    `amount_paid`,
    `paid_for`,
    `bill_reference`,
    `payment_method`,
    `bank_name`,
    `payer_type`,
    `confirmed_by`,
    `date_time`,
    `rx_session`,
    `wallet_txn_ref`,
    `branch_id`
  )
VALUES
  (
    79,
    '23/2510/GOH',
    '2025-12-25 08:41:49',
    1000.00,
    'treatment',
    NULL,
    'wallet',
    'N/A',
    'patient',
    'Abiodun Salako',
    '2025-12-25 09:42:43',
    '15',
    'deposit-1766652163821',
    NULL
  );
INSERT INTO
  `payments` (
    `id`,
    `patient_id`,
    `rx_time`,
    `amount_paid`,
    `paid_for`,
    `bill_reference`,
    `payment_method`,
    `bank_name`,
    `payer_type`,
    `confirmed_by`,
    `date_time`,
    `rx_session`,
    `wallet_txn_ref`,
    `branch_id`
  )
VALUES
  (
    80,
    '23/2510/GOH',
    '2025-12-25 08:41:49',
    5000.00,
    'treatment',
    NULL,
    'wallet',
    'N/A',
    'patient',
    'Abiodun Salako',
    '2025-12-25 15:28:17',
    '15',
    'deposit-1766672897259',
    NULL
  );
INSERT INTO
  `payments` (
    `id`,
    `patient_id`,
    `rx_time`,
    `amount_paid`,
    `paid_for`,
    `bill_reference`,
    `payment_method`,
    `bank_name`,
    `payer_type`,
    `confirmed_by`,
    `date_time`,
    `rx_session`,
    `wallet_txn_ref`,
    `branch_id`
  )
VALUES
  (
    81,
    '23/2510/GOH',
    '2025-12-25 15:15:34',
    234.00,
    'treatment',
    NULL,
    'wallet',
    'N/A',
    'patient',
    'Abiodun Salako',
    '2025-12-25 17:09:08',
    'tzesl.1766672134843',
    'deposit-1766678948088',
    NULL
  );
INSERT INTO
  `payments` (
    `id`,
    `patient_id`,
    `rx_time`,
    `amount_paid`,
    `paid_for`,
    `bill_reference`,
    `payment_method`,
    `bank_name`,
    `payer_type`,
    `confirmed_by`,
    `date_time`,
    `rx_session`,
    `wallet_txn_ref`,
    `branch_id`
  )
VALUES
  (
    82,
    '23/2510/GOH',
    '2025-12-25 08:41:49',
    1500.00,
    'treatment',
    NULL,
    'wallet',
    'N/A',
    'patient',
    'Abiodun Salako',
    '2025-12-25 17:09:08',
    '15',
    'deposit-1766678948088',
    NULL
  );
INSERT INTO
  `payments` (
    `id`,
    `patient_id`,
    `rx_time`,
    `amount_paid`,
    `paid_for`,
    `bill_reference`,
    `payment_method`,
    `bank_name`,
    `payer_type`,
    `confirmed_by`,
    `date_time`,
    `rx_session`,
    `wallet_txn_ref`,
    `branch_id`
  )
VALUES
  (
    83,
    '23/2510/GOH',
    '2025-12-25 15:12:39',
    2000.00,
    'treatment',
    NULL,
    'wallet',
    'N/A',
    'patient',
    'Abiodun Salako',
    '2025-12-25 17:09:08',
    '16',
    'deposit-1766678948088',
    NULL
  );
INSERT INTO
  `payments` (
    `id`,
    `patient_id`,
    `rx_time`,
    `amount_paid`,
    `paid_for`,
    `bill_reference`,
    `payment_method`,
    `bank_name`,
    `payer_type`,
    `confirmed_by`,
    `date_time`,
    `rx_session`,
    `wallet_txn_ref`,
    `branch_id`
  )
VALUES
  (
    84,
    '13/2507/GOH',
    '2025-12-25 21:23:28',
    1000.00,
    'treatment',
    NULL,
    'wallet',
    'N/A',
    'patient',
    'Abiodun Salako',
    '2025-12-25 21:25:58',
    'tyd9i.1766694208260',
    'deposit-1766694358320',
    NULL
  );
INSERT INTO
  `payments` (
    `id`,
    `patient_id`,
    `rx_time`,
    `amount_paid`,
    `paid_for`,
    `bill_reference`,
    `payment_method`,
    `bank_name`,
    `payer_type`,
    `confirmed_by`,
    `date_time`,
    `rx_session`,
    `wallet_txn_ref`,
    `branch_id`
  )
VALUES
  (
    85,
    '12/2507/GOH',
    '2025-10-04 08:16:20',
    1331.25,
    'treatment',
    NULL,
    'wallet',
    'N/A',
    'family/group',
    'Abiodun Salako',
    '2025-12-26 12:23:02',
    'v2uoz.1759561442965',
    'deposit-1766748182956',
    NULL
  );
INSERT INTO
  `payments` (
    `id`,
    `patient_id`,
    `rx_time`,
    `amount_paid`,
    `paid_for`,
    `bill_reference`,
    `payment_method`,
    `bank_name`,
    `payer_type`,
    `confirmed_by`,
    `date_time`,
    `rx_session`,
    `wallet_txn_ref`,
    `branch_id`
  )
VALUES
  (
    86,
    '22/2508/GOH',
    '2025-12-26 11:45:31',
    4000.00,
    'treatment',
    NULL,
    'wallet',
    'N/A',
    'family/group',
    'Abiodun Salako',
    '2025-12-26 12:23:02',
    'h5otn.1766744913963',
    'deposit-1766748182956',
    NULL
  );
INSERT INTO
  `payments` (
    `id`,
    `patient_id`,
    `rx_time`,
    `amount_paid`,
    `paid_for`,
    `bill_reference`,
    `payment_method`,
    `bank_name`,
    `payer_type`,
    `confirmed_by`,
    `date_time`,
    `rx_session`,
    `wallet_txn_ref`,
    `branch_id`
  )
VALUES
  (
    87,
    '7/2505/GOH',
    '2025-10-03 10:14:28',
    5000.00,
    'treatment',
    NULL,
    'wallet',
    'N/A',
    'patient',
    'Abiodun Salako',
    '2026-01-04 18:02:26',
    '0su2m.1759482868397',
    'deposit-1767546146060',
    NULL
  );
INSERT INTO
  `payments` (
    `id`,
    `patient_id`,
    `rx_time`,
    `amount_paid`,
    `paid_for`,
    `bill_reference`,
    `payment_method`,
    `bank_name`,
    `payer_type`,
    `confirmed_by`,
    `date_time`,
    `rx_session`,
    `wallet_txn_ref`,
    `branch_id`
  )
VALUES
  (
    88,
    '7/2505/GOH',
    '2025-10-03 10:14:28',
    800.00,
    'treatment',
    NULL,
    'wallet',
    'N/A',
    'patient',
    'Abiodun Salako',
    '2026-01-05 17:59:20',
    '0su2m.1759482868397',
    'deposit-1767632360645',
    NULL
  );
INSERT INTO
  `payments` (
    `id`,
    `patient_id`,
    `rx_time`,
    `amount_paid`,
    `paid_for`,
    `bill_reference`,
    `payment_method`,
    `bank_name`,
    `payer_type`,
    `confirmed_by`,
    `date_time`,
    `rx_session`,
    `wallet_txn_ref`,
    `branch_id`
  )
VALUES
  (
    89,
    '7/2505/GOH',
    '2026-01-04 17:59:29',
    200.00,
    'treatment',
    NULL,
    'wallet',
    'N/A',
    'patient',
    'Abiodun Salako',
    '2026-01-05 17:59:20',
    '7zx93.1767545969441',
    'deposit-1767632360645',
    NULL
  );
INSERT INTO
  `payments` (
    `id`,
    `patient_id`,
    `rx_time`,
    `amount_paid`,
    `paid_for`,
    `bill_reference`,
    `payment_method`,
    `bank_name`,
    `payer_type`,
    `confirmed_by`,
    `date_time`,
    `rx_session`,
    `wallet_txn_ref`,
    `branch_id`
  )
VALUES
  (
    90,
    '9/2507/GOH',
    '2025-10-03 18:23:03',
    1612.50,
    'treatment',
    NULL,
    'wallet',
    'N/A',
    'patient',
    'Abiodun Salako',
    '2026-01-05 18:04:46',
    '1dlbz.1759505999985',
    'deposit-1767632686690',
    NULL
  );
INSERT INTO
  `payments` (
    `id`,
    `patient_id`,
    `rx_time`,
    `amount_paid`,
    `paid_for`,
    `bill_reference`,
    `payment_method`,
    `bank_name`,
    `payer_type`,
    `confirmed_by`,
    `date_time`,
    `rx_session`,
    `wallet_txn_ref`,
    `branch_id`
  )
VALUES
  (
    91,
    '9/2507/GOH',
    '2025-10-03 16:37:32',
    387.50,
    'treatment',
    NULL,
    'wallet',
    'N/A',
    'patient',
    'Abiodun Salako',
    '2026-01-05 18:04:46',
    '7',
    'deposit-1767632686690',
    NULL
  );
INSERT INTO
  `payments` (
    `id`,
    `patient_id`,
    `rx_time`,
    `amount_paid`,
    `paid_for`,
    `bill_reference`,
    `payment_method`,
    `bank_name`,
    `payer_type`,
    `confirmed_by`,
    `date_time`,
    `rx_session`,
    `wallet_txn_ref`,
    `branch_id`
  )
VALUES
  (
    92,
    '9/2507/GOH',
    '2025-10-03 16:37:32',
    200.00,
    'treatment',
    NULL,
    'wallet',
    'N/A',
    'patient',
    'Abiodun Salako',
    '2026-01-05 18:06:10',
    '7',
    'deposit-1767632770674',
    NULL
  );
INSERT INTO
  `payments` (
    `id`,
    `patient_id`,
    `rx_time`,
    `amount_paid`,
    `paid_for`,
    `bill_reference`,
    `payment_method`,
    `bank_name`,
    `payer_type`,
    `confirmed_by`,
    `date_time`,
    `rx_session`,
    `wallet_txn_ref`,
    `branch_id`
  )
VALUES
  (
    93,
    '9/2507/GOH',
    '2025-10-03 16:37:32',
    1000.00,
    'treatment',
    NULL,
    'wallet',
    'N/A',
    'patient',
    'Abiodun Salako',
    '2026-01-05 18:11:42',
    '7',
    'deposit-1767633102445',
    NULL
  );
INSERT INTO
  `payments` (
    `id`,
    `patient_id`,
    `rx_time`,
    `amount_paid`,
    `paid_for`,
    `bill_reference`,
    `payment_method`,
    `bank_name`,
    `payer_type`,
    `confirmed_by`,
    `date_time`,
    `rx_session`,
    `wallet_txn_ref`,
    `branch_id`
  )
VALUES
  (
    94,
    '9/2507/GOH',
    '2025-10-03 16:37:32',
    400.00,
    'treatment',
    NULL,
    'wallet',
    'N/A',
    'patient',
    'Abiodun Salako',
    '2026-01-05 18:13:29',
    '7',
    'deposit-1767633209963',
    NULL
  );
INSERT INTO
  `payments` (
    `id`,
    `patient_id`,
    `rx_time`,
    `amount_paid`,
    `paid_for`,
    `bill_reference`,
    `payment_method`,
    `bank_name`,
    `payer_type`,
    `confirmed_by`,
    `date_time`,
    `rx_session`,
    `wallet_txn_ref`,
    `branch_id`
  )
VALUES
  (
    95,
    '9/2507/GOH',
    '2025-10-03 16:37:32',
    575.00,
    'treatment',
    NULL,
    'wallet',
    'N/A',
    'patient',
    'Abiodun Salako',
    '2026-01-05 18:15:07',
    '7',
    'deposit-1767633307099',
    NULL
  );
INSERT INTO
  `payments` (
    `id`,
    `patient_id`,
    `rx_time`,
    `amount_paid`,
    `paid_for`,
    `bill_reference`,
    `payment_method`,
    `bank_name`,
    `payer_type`,
    `confirmed_by`,
    `date_time`,
    `rx_session`,
    `wallet_txn_ref`,
    `branch_id`
  )
VALUES
  (
    96,
    '26/2601/GOH',
    '2026-01-05 18:32:02',
    2000.00,
    'treatment',
    NULL,
    'wallet',
    'N/A',
    'patient',
    'Abiodun Salako',
    '2026-01-05 18:33:54',
    'dydvm.1767634322927',
    'deposit-1767634434877',
    NULL
  );
INSERT INTO
  `payments` (
    `id`,
    `patient_id`,
    `rx_time`,
    `amount_paid`,
    `paid_for`,
    `bill_reference`,
    `payment_method`,
    `bank_name`,
    `payer_type`,
    `confirmed_by`,
    `date_time`,
    `rx_session`,
    `wallet_txn_ref`,
    `branch_id`
  )
VALUES
  (
    97,
    '7/2505/GOH',
    '2026-01-04 17:59:29',
    500.00,
    'treatment',
    NULL,
    'wallet',
    'N/A',
    'patient',
    'Abiodun Salako',
    '2026-01-05 18:36:20',
    '7zx93.1767545969441',
    'deposit-1767634580667',
    NULL
  );
INSERT INTO
  `payments` (
    `id`,
    `patient_id`,
    `rx_time`,
    `amount_paid`,
    `paid_for`,
    `bill_reference`,
    `payment_method`,
    `bank_name`,
    `payer_type`,
    `confirmed_by`,
    `date_time`,
    `rx_session`,
    `wallet_txn_ref`,
    `branch_id`
  )
VALUES
  (
    98,
    '26/2601/GOH',
    '2026-01-05 18:32:02',
    1000.00,
    'treatment',
    NULL,
    'wallet',
    'N/A',
    'patient',
    'Abiodun Salako',
    '2026-01-05 18:50:20',
    'dydvm.1767634322927',
    'deposit-1767635420969',
    NULL
  );

# ------------------------------------------------------------
# DATA DUMP FOR TABLE: report_generation_queue
# ------------------------------------------------------------


# ------------------------------------------------------------
# DATA DUMP FOR TABLE: report_preferences
# ------------------------------------------------------------

INSERT INTO
  `report_preferences` (
    `id`,
    `user_id`,
    `user_email`,
    `user_phone`,
    `user_name`,
    `frequency`,
    `report_type`,
    `delivery_method`,
    `scheduled_time`,
    `scheduled_day`,
    `is_active`,
    `last_generated_at`,
    `next_generation_at`,
    `created_at`,
    `updated_at`
  )
VALUES
  (
    1,
    1,
    'ayoatiola@gmail.com',
    '',
    'Dev Ola',
    'daily',
    'comprehensive',
    'email',
    '08:00:00',
    1,
    1,
    NULL,
    '2026-01-14 07:00:00',
    '2026-01-13 08:15:53',
    '2026-01-13 09:34:33'
  );

# ------------------------------------------------------------
# DATA DUMP FOR TABLE: services_catalog
# ------------------------------------------------------------

INSERT INTO
  `services_catalog` (
    `id`,
    `name`,
    `price`,
    `description`,
    `created_at`,
    `updated_at`,
    `updated_by`
  )
VALUES
  (
    8,
    'PCV',
    2000.00,
    'lab test',
    '2025-08-12 09:44:22',
    '2025-10-08 11:02:44',
    'Doctor Abiodun Salako'
  );
INSERT INTO
  `services_catalog` (
    `id`,
    `name`,
    `price`,
    `description`,
    `created_at`,
    `updated_at`,
    `updated_by`
  )
VALUES
  (
    9,
    'MO Consultation',
    2000.00,
    'one on one session with medical officer',
    '2025-08-12 09:45:25',
    '2025-08-12 09:45:25',
    NULL
  );
INSERT INTO
  `services_catalog` (
    `id`,
    `name`,
    `price`,
    `description`,
    `created_at`,
    `updated_at`,
    `updated_by`
  )
VALUES
  (
    10,
    'MD Consultation',
    5000.00,
    'one on one session with medical director',
    '2025-08-12 09:45:58',
    '2025-08-12 09:45:58',
    NULL
  );
INSERT INTO
  `services_catalog` (
    `id`,
    `name`,
    `price`,
    `description`,
    `created_at`,
    `updated_at`,
    `updated_by`
  )
VALUES
  (
    11,
    'widal test',
    7500.00,
    'lab investigation',
    '2025-09-26 06:28:21',
    '2025-09-26 06:28:21',
    NULL
  );
INSERT INTO
  `services_catalog` (
    `id`,
    `name`,
    `price`,
    `description`,
    `created_at`,
    `updated_at`,
    `updated_by`
  )
VALUES
  (
    12,
    'personal reg. fee',
    1500.00,
    '',
    '2025-12-21 15:43:39',
    '2025-12-21 15:43:39',
    NULL
  );
INSERT INTO
  `services_catalog` (
    `id`,
    `name`,
    `price`,
    `description`,
    `created_at`,
    `updated_at`,
    `updated_by`
  )
VALUES
  (
    13,
    'Group reg. fee',
    5000.00,
    '',
    '2025-12-21 15:44:22',
    '2025-12-21 15:44:22',
    NULL
  );

# ------------------------------------------------------------
# DATA DUMP FOR TABLE: subscription_plans
# ------------------------------------------------------------


# ------------------------------------------------------------
# DATA DUMP FOR TABLE: suggested_complaints
# ------------------------------------------------------------

INSERT INTO
  `suggested_complaints` (`id`, `complaint`)
VALUES
  (4, 'Abdominal Pain');
INSERT INTO
  `suggested_complaints` (`id`, `complaint`)
VALUES
  (179, 'Abnormal body odor');
INSERT INTO
  `suggested_complaints` (`id`, `complaint`)
VALUES
  (133, 'Anxiety');
INSERT INTO
  `suggested_complaints` (`id`, `complaint`)
VALUES
  (9, 'Back Pain');
INSERT INTO
  `suggested_complaints` (`id`, `complaint`)
VALUES
  (177, 'Black stool');
INSERT INTO
  `suggested_complaints` (`id`, `complaint`)
VALUES
  (168, 'Blood in sputum');
INSERT INTO
  `suggested_complaints` (`id`, `complaint`)
VALUES
  (147, 'Blood in stool');
INSERT INTO
  `suggested_complaints` (`id`, `complaint`)
VALUES
  (122, 'Blood in urine');
INSERT INTO
  `suggested_complaints` (`id`, `complaint`)
VALUES
  (114, 'Blurred vision');
INSERT INTO
  `suggested_complaints` (`id`, `complaint`)
VALUES
  (193, 'Body pain');
INSERT INTO
  `suggested_complaints` (`id`, `complaint`)
VALUES
  (160, 'Brittle nails');
INSERT INTO
  `suggested_complaints` (`id`, `complaint`)
VALUES
  (191, 'Burning sensation in feet');
INSERT INTO
  `suggested_complaints` (`id`, `complaint`)
VALUES
  (107, 'Burning urination');
INSERT INTO
  `suggested_complaints` (`id`, `complaint`)
VALUES
  (5, 'Chest Pain');
INSERT INTO
  `suggested_complaints` (`id`, `complaint`)
VALUES
  (121, 'Chest tightness');
INSERT INTO
  `suggested_complaints` (`id`, `complaint`)
VALUES
  (171, 'Chills');
INSERT INTO
  `suggested_complaints` (`id`, `complaint`)
VALUES
  (137, 'Cold intolerance');
INSERT INTO
  `suggested_complaints` (`id`, `complaint`)
VALUES
  (134, 'Constipation');
INSERT INTO
  `suggested_complaints` (`id`, `complaint`)
VALUES
  (194, 'convulsion');
INSERT INTO
  `suggested_complaints` (`id`, `complaint`)
VALUES
  (1, 'Cough');
INSERT INTO
  `suggested_complaints` (`id`, `complaint`)
VALUES
  (186, 'Cracked lips');
INSERT INTO
  `suggested_complaints` (`id`, `complaint`)
VALUES
  (136, 'Dark urine');
INSERT INTO
  `suggested_complaints` (`id`, `complaint`)
VALUES
  (8, 'Diarrhea');
INSERT INTO
  `suggested_complaints` (`id`, `complaint`)
VALUES
  (174, 'Difficulty breathing at night');
INSERT INTO
  `suggested_complaints` (`id`, `complaint`)
VALUES
  (154, 'Difficulty sleeping');
INSERT INTO
  `suggested_complaints` (`id`, `complaint`)
VALUES
  (127, 'Difficulty swallowing');
INSERT INTO
  `suggested_complaints` (`id`, `complaint`)
VALUES
  (146, 'Difficulty urinating');
INSERT INTO
  `suggested_complaints` (`id`, `complaint`)
VALUES
  (184, 'Disorientation');
INSERT INTO
  `suggested_complaints` (`id`, `complaint`)
VALUES
  (102, 'Dizziness');
INSERT INTO
  `suggested_complaints` (`id`, `complaint`)
VALUES
  (165, 'Double vision');
INSERT INTO
  `suggested_complaints` (`id`, `complaint`)
VALUES
  (183, 'Drooling');
INSERT INTO
  `suggested_complaints` (`id`, `complaint`)
VALUES
  (163, 'Drooping eyelid');
INSERT INTO
  `suggested_complaints` (`id`, `complaint`)
VALUES
  (135, 'Dry mouth');
INSERT INTO
  `suggested_complaints` (`id`, `complaint`)
VALUES
  (153, 'Dry skin');
INSERT INTO
  `suggested_complaints` (`id`, `complaint`)
VALUES
  (123, 'Ear discharge');
INSERT INTO
  `suggested_complaints` (`id`, `complaint`)
VALUES
  (176, 'Excessive gas');
INSERT INTO
  `suggested_complaints` (`id`, `complaint`)
VALUES
  (173, 'Excessive hunger');
INSERT INTO
  `suggested_complaints` (`id`, `complaint`)
VALUES
  (132, 'Excessive sweating');
INSERT INTO
  `suggested_complaints` (`id`, `complaint`)
VALUES
  (182, 'Excessive tearing');
INSERT INTO
  `suggested_complaints` (`id`, `complaint`)
VALUES
  (125, 'Excessive thirst');
INSERT INTO
  `suggested_complaints` (`id`, `complaint`)
VALUES
  (161, 'Eye pain');
INSERT INTO
  `suggested_complaints` (`id`, `complaint`)
VALUES
  (142, 'Fainting');
INSERT INTO
  `suggested_complaints` (`id`, `complaint`)
VALUES
  (10, 'Fatigue');
INSERT INTO
  `suggested_complaints` (`id`, `complaint`)
VALUES
  (169, 'Feeling cold');
INSERT INTO
  `suggested_complaints` (`id`, `complaint`)
VALUES
  (2, 'Fever');
INSERT INTO
  `suggested_complaints` (`id`, `complaint`)
VALUES
  (158, 'Frequent infections');
INSERT INTO
  `suggested_complaints` (`id`, `complaint`)
VALUES
  (141, 'Frequent nosebleeds');
INSERT INTO
  `suggested_complaints` (`id`, `complaint`)
VALUES
  (110, 'Frequent urination');
INSERT INTO
  `suggested_complaints` (`id`, `complaint`)
VALUES
  (187, 'Frequent yawning');
INSERT INTO
  `suggested_complaints` (`id`, `complaint`)
VALUES
  (138, 'Hair loss');
INSERT INTO
  `suggested_complaints` (`id`, `complaint`)
VALUES
  (156, 'Hallucinations');
INSERT INTO
  `suggested_complaints` (`id`, `complaint`)
VALUES
  (3, 'Headache');
INSERT INTO
  `suggested_complaints` (`id`, `complaint`)
VALUES
  (143, 'Hearing loss');
INSERT INTO
  `suggested_complaints` (`id`, `complaint`)
VALUES
  (175, 'Hiccups');
INSERT INTO
  `suggested_complaints` (`id`, `complaint`)
VALUES
  (144, 'Hoarseness');
INSERT INTO
  `suggested_complaints` (`id`, `complaint`)
VALUES
  (150, 'Hot flashes');
INSERT INTO
  `suggested_complaints` (`id`, `complaint`)
VALUES
  (131, 'Irregular heartbeat');
INSERT INTO
  `suggested_complaints` (`id`, `complaint`)
VALUES
  (120, 'Itchy skin');
INSERT INTO
  `suggested_complaints` (`id`, `complaint`)
VALUES
  (105, 'Joint pain');
INSERT INTO
  `suggested_complaints` (`id`, `complaint`)
VALUES
  (172, 'Leg cramps');
INSERT INTO
  `suggested_complaints` (`id`, `complaint`)
VALUES
  (162, 'Light sensitivity');
INSERT INTO
  `suggested_complaints` (`id`, `complaint`)
VALUES
  (111, 'Loss of appetite');
INSERT INTO
  `suggested_complaints` (`id`, `complaint`)
VALUES
  (155, 'Loss of balance');
INSERT INTO
  `suggested_complaints` (`id`, `complaint`)
VALUES
  (188, 'Loss of smell');
INSERT INTO
  `suggested_complaints` (`id`, `complaint`)
VALUES
  (189, 'Loss of taste');
INSERT INTO
  `suggested_complaints` (`id`, `complaint`)
VALUES
  (126, 'Lump in breast');
INSERT INTO
  `suggested_complaints` (`id`, `complaint`)
VALUES
  (140, 'Memory loss');
INSERT INTO
  `suggested_complaints` (`id`, `complaint`)
VALUES
  (129, 'Mood swings');
INSERT INTO
  `suggested_complaints` (`id`, `complaint`)
VALUES
  (106, 'Muscle ache');
INSERT INTO
  `suggested_complaints` (`id`, `complaint`)
VALUES
  (190, 'Muscle twitching');
INSERT INTO
  `suggested_complaints` (`id`, `complaint`)
VALUES
  (164, 'Muscle weakness');
INSERT INTO
  `suggested_complaints` (`id`, `complaint`)
VALUES
  (104, 'Nausea');
INSERT INTO
  `suggested_complaints` (`id`, `complaint`)
VALUES
  (124, 'Neck stiffness');
INSERT INTO
  `suggested_complaints` (`id`, `complaint`)
VALUES
  (115, 'Night sweats');
INSERT INTO
  `suggested_complaints` (`id`, `complaint`)
VALUES
  (116, 'Numbness in limbs');
INSERT INTO
  `suggested_complaints` (`id`, `complaint`)
VALUES
  (167, 'Painful defecation');
INSERT INTO
  `suggested_complaints` (`id`, `complaint`)
VALUES
  (130, 'Painful intercourse');
INSERT INTO
  `suggested_complaints` (`id`, `complaint`)
VALUES
  (119, 'Painful periods');
INSERT INTO
  `suggested_complaints` (`id`, `complaint`)
VALUES
  (145, 'Painful swallowing');
INSERT INTO
  `suggested_complaints` (`id`, `complaint`)
VALUES
  (113, 'Palpitations');
INSERT INTO
  `suggested_complaints` (`id`, `complaint`)
VALUES
  (117, 'Persistent cough');
INSERT INTO
  `suggested_complaints` (`id`, `complaint`)
VALUES
  (178, 'Persistent vomiting');
INSERT INTO
  `suggested_complaints` (`id`, `complaint`)
VALUES
  (152, 'Rapid breathing');
INSERT INTO
  `suggested_complaints` (`id`, `complaint`)
VALUES
  (170, 'Rapid weight gain');
INSERT INTO
  `suggested_complaints` (`id`, `complaint`)
VALUES
  (128, 'Seizures');
INSERT INTO
  `suggested_complaints` (`id`, `complaint`)
VALUES
  (185, 'Shaky hands');
INSERT INTO
  `suggested_complaints` (`id`, `complaint`)
VALUES
  (6, 'Shortness of Breath');
INSERT INTO
  `suggested_complaints` (`id`, `complaint`)
VALUES
  (108, 'Skin rash');
INSERT INTO
  `suggested_complaints` (`id`, `complaint`)
VALUES
  (151, 'Slow heartbeat');
INSERT INTO
  `suggested_complaints` (`id`, `complaint`)
VALUES
  (157, 'Slurred speech');
INSERT INTO
  `suggested_complaints` (`id`, `complaint`)
VALUES
  (103, 'Sore throat');
INSERT INTO
  `suggested_complaints` (`id`, `complaint`)
VALUES
  (181, 'Swelling around eyes');
INSERT INTO
  `suggested_complaints` (`id`, `complaint`)
VALUES
  (148, 'Swelling in abdomen');
INSERT INTO
  `suggested_complaints` (`id`, `complaint`)
VALUES
  (166, 'Swelling in hands');
INSERT INTO
  `suggested_complaints` (`id`, `complaint`)
VALUES
  (109, 'Swelling in leg');
INSERT INTO
  `suggested_complaints` (`id`, `complaint`)
VALUES
  (139, 'Swollen lymph nodes');
INSERT INTO
  `suggested_complaints` (`id`, `complaint`)
VALUES
  (159, 'Tingling sensation');
INSERT INTO
  `suggested_complaints` (`id`, `complaint`)
VALUES
  (149, 'Tremors');
INSERT INTO
  `suggested_complaints` (`id`, `complaint`)
VALUES
  (7, 'Vomiting');
INSERT INTO
  `suggested_complaints` (`id`, `complaint`)
VALUES
  (192, 'vomiting blood');
INSERT INTO
  `suggested_complaints` (`id`, `complaint`)
VALUES
  (180, 'Weak pulse');
INSERT INTO
  `suggested_complaints` (`id`, `complaint`)
VALUES
  (112, 'Weight loss');
INSERT INTO
  `suggested_complaints` (`id`, `complaint`)
VALUES
  (118, 'Yellow eyes');

# ------------------------------------------------------------
# DATA DUMP FOR TABLE: suggested_diagnosis
# ------------------------------------------------------------

INSERT INTO
  `suggested_diagnosis` (
    `id`,
    `complaint_id`,
    `diagnosis_name`,
    `icd10_code`
  )
VALUES
  (1, 1, 'Tuberculosis', NULL);
INSERT INTO
  `suggested_diagnosis` (
    `id`,
    `complaint_id`,
    `diagnosis_name`,
    `icd10_code`
  )
VALUES
  (2, 1, 'Bronchitis', NULL);
INSERT INTO
  `suggested_diagnosis` (
    `id`,
    `complaint_id`,
    `diagnosis_name`,
    `icd10_code`
  )
VALUES
  (3, 1, 'COVID-19', NULL);
INSERT INTO
  `suggested_diagnosis` (
    `id`,
    `complaint_id`,
    `diagnosis_name`,
    `icd10_code`
  )
VALUES
  (4, 2, 'Malaria', NULL);
INSERT INTO
  `suggested_diagnosis` (
    `id`,
    `complaint_id`,
    `diagnosis_name`,
    `icd10_code`
  )
VALUES
  (5, 2, 'UTI', NULL);
INSERT INTO
  `suggested_diagnosis` (
    `id`,
    `complaint_id`,
    `diagnosis_name`,
    `icd10_code`
  )
VALUES
  (6, 2, 'Sepsis', NULL);
INSERT INTO
  `suggested_diagnosis` (
    `id`,
    `complaint_id`,
    `diagnosis_name`,
    `icd10_code`
  )
VALUES
  (7, 3, 'Migraine', NULL);
INSERT INTO
  `suggested_diagnosis` (
    `id`,
    `complaint_id`,
    `diagnosis_name`,
    `icd10_code`
  )
VALUES
  (8, 3, 'Hypertension', NULL);
INSERT INTO
  `suggested_diagnosis` (
    `id`,
    `complaint_id`,
    `diagnosis_name`,
    `icd10_code`
  )
VALUES
  (9, 3, 'Tension Headache', NULL);
INSERT INTO
  `suggested_diagnosis` (
    `id`,
    `complaint_id`,
    `diagnosis_name`,
    `icd10_code`
  )
VALUES
  (10, 4, 'Peptic Ulcer Disease', NULL);
INSERT INTO
  `suggested_diagnosis` (
    `id`,
    `complaint_id`,
    `diagnosis_name`,
    `icd10_code`
  )
VALUES
  (11, 4, 'Appendicitis', NULL);
INSERT INTO
  `suggested_diagnosis` (
    `id`,
    `complaint_id`,
    `diagnosis_name`,
    `icd10_code`
  )
VALUES
  (12, 4, 'Gastritis', NULL);
INSERT INTO
  `suggested_diagnosis` (
    `id`,
    `complaint_id`,
    `diagnosis_name`,
    `icd10_code`
  )
VALUES
  (13, 5, 'Angina', NULL);
INSERT INTO
  `suggested_diagnosis` (
    `id`,
    `complaint_id`,
    `diagnosis_name`,
    `icd10_code`
  )
VALUES
  (14, 5, 'Myocardial Infarction', NULL);
INSERT INTO
  `suggested_diagnosis` (
    `id`,
    `complaint_id`,
    `diagnosis_name`,
    `icd10_code`
  )
VALUES
  (15, 5, 'GERD', NULL);
INSERT INTO
  `suggested_diagnosis` (
    `id`,
    `complaint_id`,
    `diagnosis_name`,
    `icd10_code`
  )
VALUES
  (16, 6, 'Asthma', NULL);
INSERT INTO
  `suggested_diagnosis` (
    `id`,
    `complaint_id`,
    `diagnosis_name`,
    `icd10_code`
  )
VALUES
  (17, 6, 'COPD', NULL);
INSERT INTO
  `suggested_diagnosis` (
    `id`,
    `complaint_id`,
    `diagnosis_name`,
    `icd10_code`
  )
VALUES
  (18, 6, 'Pneumonia', NULL);
INSERT INTO
  `suggested_diagnosis` (
    `id`,
    `complaint_id`,
    `diagnosis_name`,
    `icd10_code`
  )
VALUES
  (19, 7, 'Hepatitis', NULL);
INSERT INTO
  `suggested_diagnosis` (
    `id`,
    `complaint_id`,
    `diagnosis_name`,
    `icd10_code`
  )
VALUES
  (20, 7, 'Food Poisoning', NULL);
INSERT INTO
  `suggested_diagnosis` (
    `id`,
    `complaint_id`,
    `diagnosis_name`,
    `icd10_code`
  )
VALUES
  (21, 7, 'Gastroenteritis', NULL);
INSERT INTO
  `suggested_diagnosis` (
    `id`,
    `complaint_id`,
    `diagnosis_name`,
    `icd10_code`
  )
VALUES
  (22, 8, 'Dysentery', NULL);
INSERT INTO
  `suggested_diagnosis` (
    `id`,
    `complaint_id`,
    `diagnosis_name`,
    `icd10_code`
  )
VALUES
  (23, 8, 'Cholera', NULL);
INSERT INTO
  `suggested_diagnosis` (
    `id`,
    `complaint_id`,
    `diagnosis_name`,
    `icd10_code`
  )
VALUES
  (24, 8, 'Giardiasis', NULL);
INSERT INTO
  `suggested_diagnosis` (
    `id`,
    `complaint_id`,
    `diagnosis_name`,
    `icd10_code`
  )
VALUES
  (25, 9, 'Lumbar Strain', NULL);
INSERT INTO
  `suggested_diagnosis` (
    `id`,
    `complaint_id`,
    `diagnosis_name`,
    `icd10_code`
  )
VALUES
  (26, 9, 'Sciatica', NULL);
INSERT INTO
  `suggested_diagnosis` (
    `id`,
    `complaint_id`,
    `diagnosis_name`,
    `icd10_code`
  )
VALUES
  (27, 9, 'Kidney Stones', NULL);
INSERT INTO
  `suggested_diagnosis` (
    `id`,
    `complaint_id`,
    `diagnosis_name`,
    `icd10_code`
  )
VALUES
  (28, 10, 'Hypothyroidism', NULL);
INSERT INTO
  `suggested_diagnosis` (
    `id`,
    `complaint_id`,
    `diagnosis_name`,
    `icd10_code`
  )
VALUES
  (29, 10, 'Anemia', NULL);
INSERT INTO
  `suggested_diagnosis` (
    `id`,
    `complaint_id`,
    `diagnosis_name`,
    `icd10_code`
  )
VALUES
  (30, 10, 'Diabetes', NULL);
INSERT INTO
  `suggested_diagnosis` (
    `id`,
    `complaint_id`,
    `diagnosis_name`,
    `icd10_code`
  )
VALUES
  (81, NULL, 'Essential Hypertension', 'I10');
INSERT INTO
  `suggested_diagnosis` (
    `id`,
    `complaint_id`,
    `diagnosis_name`,
    `icd10_code`
  )
VALUES
  (82, NULL, 'Type 2 Diabetes Mellitus', 'E11');
INSERT INTO
  `suggested_diagnosis` (
    `id`,
    `complaint_id`,
    `diagnosis_name`,
    `icd10_code`
  )
VALUES
  (83, NULL, 'Asthma', 'J45');
INSERT INTO
  `suggested_diagnosis` (
    `id`,
    `complaint_id`,
    `diagnosis_name`,
    `icd10_code`
  )
VALUES
  (
    84,
    NULL,
    'Chronic Obstructive Pulmonary Disease (COPD)',
    'J44'
  );
INSERT INTO
  `suggested_diagnosis` (
    `id`,
    `complaint_id`,
    `diagnosis_name`,
    `icd10_code`
  )
VALUES
  (85, NULL, 'Pneumonia', 'J18');
INSERT INTO
  `suggested_diagnosis` (
    `id`,
    `complaint_id`,
    `diagnosis_name`,
    `icd10_code`
  )
VALUES
  (86, NULL, 'Tuberculosis', 'A16');
INSERT INTO
  `suggested_diagnosis` (
    `id`,
    `complaint_id`,
    `diagnosis_name`,
    `icd10_code`
  )
VALUES
  (87, NULL, 'Malaria', 'B50');
INSERT INTO
  `suggested_diagnosis` (
    `id`,
    `complaint_id`,
    `diagnosis_name`,
    `icd10_code`
  )
VALUES
  (88, NULL, 'HIV Disease', 'B20');
INSERT INTO
  `suggested_diagnosis` (
    `id`,
    `complaint_id`,
    `diagnosis_name`,
    `icd10_code`
  )
VALUES
  (89, NULL, 'Peptic Ulcer Disease', 'K27');
INSERT INTO
  `suggested_diagnosis` (
    `id`,
    `complaint_id`,
    `diagnosis_name`,
    `icd10_code`
  )
VALUES
  (90, NULL, 'Gastroenteritis', 'A09');
INSERT INTO
  `suggested_diagnosis` (
    `id`,
    `complaint_id`,
    `diagnosis_name`,
    `icd10_code`
  )
VALUES
  (91, NULL, 'Acute Appendicitis', 'K35');
INSERT INTO
  `suggested_diagnosis` (
    `id`,
    `complaint_id`,
    `diagnosis_name`,
    `icd10_code`
  )
VALUES
  (92, NULL, 'Cholelithiasis (Gallstones)', 'K80');
INSERT INTO
  `suggested_diagnosis` (
    `id`,
    `complaint_id`,
    `diagnosis_name`,
    `icd10_code`
  )
VALUES
  (93, NULL, 'Chronic Kidney Disease', 'N18');
INSERT INTO
  `suggested_diagnosis` (
    `id`,
    `complaint_id`,
    `diagnosis_name`,
    `icd10_code`
  )
VALUES
  (94, NULL, 'Urinary Tract Infection', 'N39.0');
INSERT INTO
  `suggested_diagnosis` (
    `id`,
    `complaint_id`,
    `diagnosis_name`,
    `icd10_code`
  )
VALUES
  (95, NULL, 'Benign Prostatic Hyperplasia', 'N40');
INSERT INTO
  `suggested_diagnosis` (
    `id`,
    `complaint_id`,
    `diagnosis_name`,
    `icd10_code`
  )
VALUES
  (96, NULL, 'Iron Deficiency Anemia', 'D50');
INSERT INTO
  `suggested_diagnosis` (
    `id`,
    `complaint_id`,
    `diagnosis_name`,
    `icd10_code`
  )
VALUES
  (97, NULL, 'Sickle Cell Disease', 'D57');
INSERT INTO
  `suggested_diagnosis` (
    `id`,
    `complaint_id`,
    `diagnosis_name`,
    `icd10_code`
  )
VALUES
  (98, NULL, 'Migraine', 'G43');
INSERT INTO
  `suggested_diagnosis` (
    `id`,
    `complaint_id`,
    `diagnosis_name`,
    `icd10_code`
  )
VALUES
  (99, NULL, 'Epilepsy', 'G40');
INSERT INTO
  `suggested_diagnosis` (
    `id`,
    `complaint_id`,
    `diagnosis_name`,
    `icd10_code`
  )
VALUES
  (100, NULL, 'Cerebral Infarction (Stroke)', 'I63');
INSERT INTO
  `suggested_diagnosis` (
    `id`,
    `complaint_id`,
    `diagnosis_name`,
    `icd10_code`
  )
VALUES
  (101, NULL, 'Heart Failure', 'I50');
INSERT INTO
  `suggested_diagnosis` (
    `id`,
    `complaint_id`,
    `diagnosis_name`,
    `icd10_code`
  )
VALUES
  (102, NULL, 'Ischemic Heart Disease', 'I25');
INSERT INTO
  `suggested_diagnosis` (
    `id`,
    `complaint_id`,
    `diagnosis_name`,
    `icd10_code`
  )
VALUES
  (103, NULL, 'Rheumatic Heart Disease', 'I09');
INSERT INTO
  `suggested_diagnosis` (
    `id`,
    `complaint_id`,
    `diagnosis_name`,
    `icd10_code`
  )
VALUES
  (104, NULL, 'Otitis Media', 'H66');
INSERT INTO
  `suggested_diagnosis` (
    `id`,
    `complaint_id`,
    `diagnosis_name`,
    `icd10_code`
  )
VALUES
  (105, NULL, 'Tonsillitis', 'J03');
INSERT INTO
  `suggested_diagnosis` (
    `id`,
    `complaint_id`,
    `diagnosis_name`,
    `icd10_code`
  )
VALUES
  (106, NULL, 'Pharyngitis', 'J02');
INSERT INTO
  `suggested_diagnosis` (
    `id`,
    `complaint_id`,
    `diagnosis_name`,
    `icd10_code`
  )
VALUES
  (107, NULL, 'Acute Bronchitis', 'J20');
INSERT INTO
  `suggested_diagnosis` (
    `id`,
    `complaint_id`,
    `diagnosis_name`,
    `icd10_code`
  )
VALUES
  (108, NULL, 'COVID-19 Infection', 'U07.1');
INSERT INTO
  `suggested_diagnosis` (
    `id`,
    `complaint_id`,
    `diagnosis_name`,
    `icd10_code`
  )
VALUES
  (109, NULL, 'Hepatitis B', 'B18.1');
INSERT INTO
  `suggested_diagnosis` (
    `id`,
    `complaint_id`,
    `diagnosis_name`,
    `icd10_code`
  )
VALUES
  (110, NULL, 'Hepatitis C', 'B18.2');
INSERT INTO
  `suggested_diagnosis` (
    `id`,
    `complaint_id`,
    `diagnosis_name`,
    `icd10_code`
  )
VALUES
  (111, NULL, 'Typhoid Fever', 'A01.0');
INSERT INTO
  `suggested_diagnosis` (
    `id`,
    `complaint_id`,
    `diagnosis_name`,
    `icd10_code`
  )
VALUES
  (112, NULL, 'Measles', 'B05');
INSERT INTO
  `suggested_diagnosis` (
    `id`,
    `complaint_id`,
    `diagnosis_name`,
    `icd10_code`
  )
VALUES
  (113, NULL, 'Varicella (Chickenpox)', 'B01');
INSERT INTO
  `suggested_diagnosis` (
    `id`,
    `complaint_id`,
    `diagnosis_name`,
    `icd10_code`
  )
VALUES
  (114, NULL, 'Hypertensive Heart Disease', 'I11');
INSERT INTO
  `suggested_diagnosis` (
    `id`,
    `complaint_id`,
    `diagnosis_name`,
    `icd10_code`
  )
VALUES
  (115, NULL, 'Gout', 'M10');
INSERT INTO
  `suggested_diagnosis` (
    `id`,
    `complaint_id`,
    `diagnosis_name`,
    `icd10_code`
  )
VALUES
  (116, NULL, 'Osteoarthritis', 'M15');
INSERT INTO
  `suggested_diagnosis` (
    `id`,
    `complaint_id`,
    `diagnosis_name`,
    `icd10_code`
  )
VALUES
  (117, NULL, 'Rheumatoid Arthritis', 'M06');
INSERT INTO
  `suggested_diagnosis` (
    `id`,
    `complaint_id`,
    `diagnosis_name`,
    `icd10_code`
  )
VALUES
  (118, NULL, 'Low Back Pain', 'M54');
INSERT INTO
  `suggested_diagnosis` (
    `id`,
    `complaint_id`,
    `diagnosis_name`,
    `icd10_code`
  )
VALUES
  (119, NULL, 'Fracture of Femur', 'S72');
INSERT INTO
  `suggested_diagnosis` (
    `id`,
    `complaint_id`,
    `diagnosis_name`,
    `icd10_code`
  )
VALUES
  (120, NULL, 'Fracture of Radius/Ulna', 'S52');
INSERT INTO
  `suggested_diagnosis` (
    `id`,
    `complaint_id`,
    `diagnosis_name`,
    `icd10_code`
  )
VALUES
  (121, NULL, 'Burn Injury', 'T30');
INSERT INTO
  `suggested_diagnosis` (
    `id`,
    `complaint_id`,
    `diagnosis_name`,
    `icd10_code`
  )
VALUES
  (122, NULL, 'Obesity', 'E66');
INSERT INTO
  `suggested_diagnosis` (
    `id`,
    `complaint_id`,
    `diagnosis_name`,
    `icd10_code`
  )
VALUES
  (123, NULL, 'Depressive Disorder', 'F32');
INSERT INTO
  `suggested_diagnosis` (
    `id`,
    `complaint_id`,
    `diagnosis_name`,
    `icd10_code`
  )
VALUES
  (124, NULL, 'Anxiety Disorder', 'F41');
INSERT INTO
  `suggested_diagnosis` (
    `id`,
    `complaint_id`,
    `diagnosis_name`,
    `icd10_code`
  )
VALUES
  (125, NULL, 'Schizophrenia', 'F20');
INSERT INTO
  `suggested_diagnosis` (
    `id`,
    `complaint_id`,
    `diagnosis_name`,
    `icd10_code`
  )
VALUES
  (126, NULL, 'Cataract', 'H25');
INSERT INTO
  `suggested_diagnosis` (
    `id`,
    `complaint_id`,
    `diagnosis_name`,
    `icd10_code`
  )
VALUES
  (127, NULL, 'Glaucoma', 'H40');
INSERT INTO
  `suggested_diagnosis` (
    `id`,
    `complaint_id`,
    `diagnosis_name`,
    `icd10_code`
  )
VALUES
  (128, NULL, 'Conjunctivitis', 'H10');
INSERT INTO
  `suggested_diagnosis` (
    `id`,
    `complaint_id`,
    `diagnosis_name`,
    `icd10_code`
  )
VALUES
  (129, NULL, 'Dermatitis (Eczema)', 'L30');
INSERT INTO
  `suggested_diagnosis` (
    `id`,
    `complaint_id`,
    `diagnosis_name`,
    `icd10_code`
  )
VALUES
  (130, NULL, 'Scabies', 'B86');
INSERT INTO
  `suggested_diagnosis` (
    `id`,
    `complaint_id`,
    `diagnosis_name`,
    `icd10_code`
  )
VALUES
  (131, NULL, 'Gastritis', 'K29');
INSERT INTO
  `suggested_diagnosis` (
    `id`,
    `complaint_id`,
    `diagnosis_name`,
    `icd10_code`
  )
VALUES
  (132, NULL, 'Liver Cirrhosis', 'K74');
INSERT INTO
  `suggested_diagnosis` (
    `id`,
    `complaint_id`,
    `diagnosis_name`,
    `icd10_code`
  )
VALUES
  (133, NULL, 'Cholecystitis', 'K81');
INSERT INTO
  `suggested_diagnosis` (
    `id`,
    `complaint_id`,
    `diagnosis_name`,
    `icd10_code`
  )
VALUES
  (
    134,
    NULL,
    'Gastrointestinal Hemorrhage, unspecified',
    'K92.2'
  );
INSERT INTO
  `suggested_diagnosis` (
    `id`,
    `complaint_id`,
    `diagnosis_name`,
    `icd10_code`
  )
VALUES
  (135, NULL, 'Hypothyroidism', 'E03');
INSERT INTO
  `suggested_diagnosis` (
    `id`,
    `complaint_id`,
    `diagnosis_name`,
    `icd10_code`
  )
VALUES
  (
    136,
    NULL,
    'Hyperthyroidism (Thyrotoxicosis)',
    'E05'
  );
INSERT INTO
  `suggested_diagnosis` (
    `id`,
    `complaint_id`,
    `diagnosis_name`,
    `icd10_code`
  )
VALUES
  (137, NULL, 'Type 1 Diabetes Mellitus', 'E10');
INSERT INTO
  `suggested_diagnosis` (
    `id`,
    `complaint_id`,
    `diagnosis_name`,
    `icd10_code`
  )
VALUES
  (138, NULL, 'Hyperlipidemia', 'E78');
INSERT INTO
  `suggested_diagnosis` (
    `id`,
    `complaint_id`,
    `diagnosis_name`,
    `icd10_code`
  )
VALUES
  (139, NULL, 'Infectious Diarrhea', 'A09.0');
INSERT INTO
  `suggested_diagnosis` (
    `id`,
    `complaint_id`,
    `diagnosis_name`,
    `icd10_code`
  )
VALUES
  (140, NULL, 'Amebiasis', 'A06');
INSERT INTO
  `suggested_diagnosis` (
    `id`,
    `complaint_id`,
    `diagnosis_name`,
    `icd10_code`
  )
VALUES
  (141, NULL, 'Giardiasis', 'A07');
INSERT INTO
  `suggested_diagnosis` (
    `id`,
    `complaint_id`,
    `diagnosis_name`,
    `icd10_code`
  )
VALUES
  (142, NULL, 'Congenital Syphilis', 'A50');
INSERT INTO
  `suggested_diagnosis` (
    `id`,
    `complaint_id`,
    `diagnosis_name`,
    `icd10_code`
  )
VALUES
  (143, NULL, 'Secondary Syphilis', 'A51');
INSERT INTO
  `suggested_diagnosis` (
    `id`,
    `complaint_id`,
    `diagnosis_name`,
    `icd10_code`
  )
VALUES
  (144, NULL, 'Gonococcal Infection', 'A54');
INSERT INTO
  `suggested_diagnosis` (
    `id`,
    `complaint_id`,
    `diagnosis_name`,
    `icd10_code`
  )
VALUES
  (145, NULL, 'Chlamydial Infection', 'A56');
INSERT INTO
  `suggested_diagnosis` (
    `id`,
    `complaint_id`,
    `diagnosis_name`,
    `icd10_code`
  )
VALUES
  (
    146,
    NULL,
    'Acute Viral Hepatitis, Unspecified',
    'B17.9'
  );
INSERT INTO
  `suggested_diagnosis` (
    `id`,
    `complaint_id`,
    `diagnosis_name`,
    `icd10_code`
  )
VALUES
  (147, NULL, 'Unspecified Viral Hepatitis', 'B19.9');
INSERT INTO
  `suggested_diagnosis` (
    `id`,
    `complaint_id`,
    `diagnosis_name`,
    `icd10_code`
  )
VALUES
  (148, NULL, 'Candidiasis', 'B37');
INSERT INTO
  `suggested_diagnosis` (
    `id`,
    `complaint_id`,
    `diagnosis_name`,
    `icd10_code`
  )
VALUES
  (149, NULL, 'Dermatophytosis (Ringworm)', 'B35');
INSERT INTO
  `suggested_diagnosis` (
    `id`,
    `complaint_id`,
    `diagnosis_name`,
    `icd10_code`
  )
VALUES
  (150, NULL, 'Common Cold', 'J00');
INSERT INTO
  `suggested_diagnosis` (
    `id`,
    `complaint_id`,
    `diagnosis_name`,
    `icd10_code`
  )
VALUES
  (151, NULL, 'Influenza (unspecified virus)', 'J11');
INSERT INTO
  `suggested_diagnosis` (
    `id`,
    `complaint_id`,
    `diagnosis_name`,
    `icd10_code`
  )
VALUES
  (152, NULL, 'Allergic Rhinitis', 'J30');
INSERT INTO
  `suggested_diagnosis` (
    `id`,
    `complaint_id`,
    `diagnosis_name`,
    `icd10_code`
  )
VALUES
  (153, NULL, 'Chronic Rhinitis', 'J31');
INSERT INTO
  `suggested_diagnosis` (
    `id`,
    `complaint_id`,
    `diagnosis_name`,
    `icd10_code`
  )
VALUES
  (154, NULL, 'Chronic Sinusitis', 'J32');
INSERT INTO
  `suggested_diagnosis` (
    `id`,
    `complaint_id`,
    `diagnosis_name`,
    `icd10_code`
  )
VALUES
  (155, NULL, 'Bronchiectasis', 'J47');
INSERT INTO
  `suggested_diagnosis` (
    `id`,
    `complaint_id`,
    `diagnosis_name`,
    `icd10_code`
  )
VALUES
  (156, NULL, 'Angina Pectoris', 'I20');
INSERT INTO
  `suggested_diagnosis` (
    `id`,
    `complaint_id`,
    `diagnosis_name`,
    `icd10_code`
  )
VALUES
  (
    157,
    NULL,
    'Acute Myocardial Infarction, Unspecified',
    'I21.9'
  );
INSERT INTO
  `suggested_diagnosis` (
    `id`,
    `complaint_id`,
    `diagnosis_name`,
    `icd10_code`
  )
VALUES
  (158, NULL, 'Atherosclerosis', 'I70');
INSERT INTO
  `suggested_diagnosis` (
    `id`,
    `complaint_id`,
    `diagnosis_name`,
    `icd10_code`
  )
VALUES
  (
    159,
    NULL,
    'Arterial Embolism and Thrombosis',
    'I74'
  );
INSERT INTO
  `suggested_diagnosis` (
    `id`,
    `complaint_id`,
    `diagnosis_name`,
    `icd10_code`
  )
VALUES
  (160, NULL, 'Hypotension', 'I95');
INSERT INTO
  `suggested_diagnosis` (
    `id`,
    `complaint_id`,
    `diagnosis_name`,
    `icd10_code`
  )
VALUES
  (161, NULL, 'Acute Pyelonephritis', 'N10');
INSERT INTO
  `suggested_diagnosis` (
    `id`,
    `complaint_id`,
    `diagnosis_name`,
    `icd10_code`
  )
VALUES
  (162, NULL, 'Kidney Stone', 'N20');
INSERT INTO
  `suggested_diagnosis` (
    `id`,
    `complaint_id`,
    `diagnosis_name`,
    `icd10_code`
  )
VALUES
  (163, NULL, 'Vaginitis and Vulvovaginitis', 'N76');
INSERT INTO
  `suggested_diagnosis` (
    `id`,
    `complaint_id`,
    `diagnosis_name`,
    `icd10_code`
  )
VALUES
  (164, NULL, 'Preeclampsia', 'O14');
INSERT INTO
  `suggested_diagnosis` (
    `id`,
    `complaint_id`,
    `diagnosis_name`,
    `icd10_code`
  )
VALUES
  (165, NULL, 'Postpartum Hemorrhage', 'O72');
INSERT INTO
  `suggested_diagnosis` (
    `id`,
    `complaint_id`,
    `diagnosis_name`,
    `icd10_code`
  )
VALUES
  (166, NULL, 'Normal Delivery', 'O80');
INSERT INTO
  `suggested_diagnosis` (
    `id`,
    `complaint_id`,
    `diagnosis_name`,
    `icd10_code`
  )
VALUES
  (167, NULL, 'Ectopic Pregnancy', 'O00');
INSERT INTO
  `suggested_diagnosis` (
    `id`,
    `complaint_id`,
    `diagnosis_name`,
    `icd10_code`
  )
VALUES
  (
    168,
    NULL,
    'Spontaneous Abortion (Miscarriage)',
    'O03'
  );
INSERT INTO
  `suggested_diagnosis` (
    `id`,
    `complaint_id`,
    `diagnosis_name`,
    `icd10_code`
  )
VALUES
  (169, NULL, 'Prematurity', 'P07');
INSERT INTO
  `suggested_diagnosis` (
    `id`,
    `complaint_id`,
    `diagnosis_name`,
    `icd10_code`
  )
VALUES
  (170, NULL, 'Respiratory Distress of Newborn', 'P22');
INSERT INTO
  `suggested_diagnosis` (
    `id`,
    `complaint_id`,
    `diagnosis_name`,
    `icd10_code`
  )
VALUES
  (171, NULL, 'Fever of Unknown Origin', 'R50');
INSERT INTO
  `suggested_diagnosis` (
    `id`,
    `complaint_id`,
    `diagnosis_name`,
    `icd10_code`
  )
VALUES
  (172, NULL, 'Headache', 'R51');
INSERT INTO
  `suggested_diagnosis` (
    `id`,
    `complaint_id`,
    `diagnosis_name`,
    `icd10_code`
  )
VALUES
  (173, NULL, 'Abdominal Pain', 'R10');
INSERT INTO
  `suggested_diagnosis` (
    `id`,
    `complaint_id`,
    `diagnosis_name`,
    `icd10_code`
  )
VALUES
  (174, NULL, 'Chest Pain', 'R07');
INSERT INTO
  `suggested_diagnosis` (
    `id`,
    `complaint_id`,
    `diagnosis_name`,
    `icd10_code`
  )
VALUES
  (175, NULL, 'Urticaria (Hives)', 'L50');
INSERT INTO
  `suggested_diagnosis` (
    `id`,
    `complaint_id`,
    `diagnosis_name`,
    `icd10_code`
  )
VALUES
  (176, NULL, 'Atopic Dermatitis', 'L20');
INSERT INTO
  `suggested_diagnosis` (
    `id`,
    `complaint_id`,
    `diagnosis_name`,
    `icd10_code`
  )
VALUES
  (177, NULL, 'Seborrheic Dermatitis', 'L21');
INSERT INTO
  `suggested_diagnosis` (
    `id`,
    `complaint_id`,
    `diagnosis_name`,
    `icd10_code`
  )
VALUES
  (178, NULL, 'Postprocedural Complications', 'T81');
INSERT INTO
  `suggested_diagnosis` (
    `id`,
    `complaint_id`,
    `diagnosis_name`,
    `icd10_code`
  )
VALUES
  (179, NULL, 'Intracranial Injury', 'S06');
INSERT INTO
  `suggested_diagnosis` (
    `id`,
    `complaint_id`,
    `diagnosis_name`,
    `icd10_code`
  )
VALUES
  (180, NULL, 'Colon Cancer', 'C18');
INSERT INTO
  `suggested_diagnosis` (
    `id`,
    `complaint_id`,
    `diagnosis_name`,
    `icd10_code`
  )
VALUES
  (181, NULL, 'Breast Cancer', 'C50');
INSERT INTO
  `suggested_diagnosis` (
    `id`,
    `complaint_id`,
    `diagnosis_name`,
    `icd10_code`
  )
VALUES
  (182, NULL, 'Prostate Cancer', 'C61');
INSERT INTO
  `suggested_diagnosis` (
    `id`,
    `complaint_id`,
    `diagnosis_name`,
    `icd10_code`
  )
VALUES
  (183, NULL, 'Lung Cancer', 'C34');
INSERT INTO
  `suggested_diagnosis` (
    `id`,
    `complaint_id`,
    `diagnosis_name`,
    `icd10_code`
  )
VALUES
  (184, NULL, 'Cervical Cancer', 'C53');
INSERT INTO
  `suggested_diagnosis` (
    `id`,
    `complaint_id`,
    `diagnosis_name`,
    `icd10_code`
  )
VALUES
  (185, NULL, 'Stomach Cancer', 'C16');
INSERT INTO
  `suggested_diagnosis` (
    `id`,
    `complaint_id`,
    `diagnosis_name`,
    `icd10_code`
  )
VALUES
  (186, NULL, 'Liver Cancer', 'C22');
INSERT INTO
  `suggested_diagnosis` (
    `id`,
    `complaint_id`,
    `diagnosis_name`,
    `icd10_code`
  )
VALUES
  (187, NULL, 'Kidney Cancer', 'C64');
INSERT INTO
  `suggested_diagnosis` (
    `id`,
    `complaint_id`,
    `diagnosis_name`,
    `icd10_code`
  )
VALUES
  (188, NULL, 'Bladder Cancer', 'C67');
INSERT INTO
  `suggested_diagnosis` (
    `id`,
    `complaint_id`,
    `diagnosis_name`,
    `icd10_code`
  )
VALUES
  (189, NULL, 'Lymphoid Leukemia', 'C91');
INSERT INTO
  `suggested_diagnosis` (
    `id`,
    `complaint_id`,
    `diagnosis_name`,
    `icd10_code`
  )
VALUES
  (190, NULL, 'Myeloid Leukemia', 'C92');
INSERT INTO
  `suggested_diagnosis` (
    `id`,
    `complaint_id`,
    `diagnosis_name`,
    `icd10_code`
  )
VALUES
  (191, NULL, 'Alcohol Dependence', 'F10');
INSERT INTO
  `suggested_diagnosis` (
    `id`,
    `complaint_id`,
    `diagnosis_name`,
    `icd10_code`
  )
VALUES
  (192, NULL, 'Opioid Dependence', 'F11');
INSERT INTO
  `suggested_diagnosis` (
    `id`,
    `complaint_id`,
    `diagnosis_name`,
    `icd10_code`
  )
VALUES
  (193, NULL, 'Nicotine Dependence', 'F17');
INSERT INTO
  `suggested_diagnosis` (
    `id`,
    `complaint_id`,
    `diagnosis_name`,
    `icd10_code`
  )
VALUES
  (194, NULL, 'Bipolar Disorder', 'F31');
INSERT INTO
  `suggested_diagnosis` (
    `id`,
    `complaint_id`,
    `diagnosis_name`,
    `icd10_code`
  )
VALUES
  (195, NULL, 'Recurrent Depression', 'F33');
INSERT INTO
  `suggested_diagnosis` (
    `id`,
    `complaint_id`,
    `diagnosis_name`,
    `icd10_code`
  )
VALUES
  (
    196,
    NULL,
    'Post-Traumatic Stress Disorder (PTSD)',
    'F43.1'
  );
INSERT INTO
  `suggested_diagnosis` (
    `id`,
    `complaint_id`,
    `diagnosis_name`,
    `icd10_code`
  )
VALUES
  (197, NULL, 'Eating Disorder', 'F50');
INSERT INTO
  `suggested_diagnosis` (
    `id`,
    `complaint_id`,
    `diagnosis_name`,
    `icd10_code`
  )
VALUES
  (198, NULL, 'Mild Intellectual Disability', 'F70');
INSERT INTO
  `suggested_diagnosis` (
    `id`,
    `complaint_id`,
    `diagnosis_name`,
    `icd10_code`
  )
VALUES
  (199, NULL, 'Alzheimer\'s Disease', 'G30');
INSERT INTO
  `suggested_diagnosis` (
    `id`,
    `complaint_id`,
    `diagnosis_name`,
    `icd10_code`
  )
VALUES
  (200, NULL, 'Essential Tremor', 'G25');
INSERT INTO
  `suggested_diagnosis` (
    `id`,
    `complaint_id`,
    `diagnosis_name`,
    `icd10_code`
  )
VALUES
  (201, NULL, 'Hereditary Neuropathy', 'G60');
INSERT INTO
  `suggested_diagnosis` (
    `id`,
    `complaint_id`,
    `diagnosis_name`,
    `icd10_code`
  )
VALUES
  (202, NULL, 'Guillain-Barr? Syndrome', 'G61');
INSERT INTO
  `suggested_diagnosis` (
    `id`,
    `complaint_id`,
    `diagnosis_name`,
    `icd10_code`
  )
VALUES
  (203, NULL, 'Blindness', 'H54');
INSERT INTO
  `suggested_diagnosis` (
    `id`,
    `complaint_id`,
    `diagnosis_name`,
    `icd10_code`
  )
VALUES
  (204, NULL, 'Hearing Loss', 'H91');
INSERT INTO
  `suggested_diagnosis` (
    `id`,
    `complaint_id`,
    `diagnosis_name`,
    `icd10_code`
  )
VALUES
  (205, NULL, 'Aortic Aneurysm', 'I71');
INSERT INTO
  `suggested_diagnosis` (
    `id`,
    `complaint_id`,
    `diagnosis_name`,
    `icd10_code`
  )
VALUES
  (206, NULL, 'Peripheral Vascular Disease', 'I73.9');
INSERT INTO
  `suggested_diagnosis` (
    `id`,
    `complaint_id`,
    `diagnosis_name`,
    `icd10_code`
  )
VALUES
  (207, NULL, 'Esophageal Varices', 'I85');
INSERT INTO
  `suggested_diagnosis` (
    `id`,
    `complaint_id`,
    `diagnosis_name`,
    `icd10_code`
  )
VALUES
  (208, NULL, 'Hypotension', 'I95.9');
INSERT INTO
  `suggested_diagnosis` (
    `id`,
    `complaint_id`,
    `diagnosis_name`,
    `icd10_code`
  )
VALUES
  (209, NULL, 'Interstitial Lung Disease', 'J84');
INSERT INTO
  `suggested_diagnosis` (
    `id`,
    `complaint_id`,
    `diagnosis_name`,
    `icd10_code`
  )
VALUES
  (210, NULL, 'Lung Abscess', 'J85');
INSERT INTO
  `suggested_diagnosis` (
    `id`,
    `complaint_id`,
    `diagnosis_name`,
    `icd10_code`
  )
VALUES
  (211, NULL, 'Pleural Effusion', 'J90');
INSERT INTO
  `suggested_diagnosis` (
    `id`,
    `complaint_id`,
    `diagnosis_name`,
    `icd10_code`
  )
VALUES
  (212, NULL, 'Noninfective Gastroenteritis', 'K52');
INSERT INTO
  `suggested_diagnosis` (
    `id`,
    `complaint_id`,
    `diagnosis_name`,
    `icd10_code`
  )
VALUES
  (213, NULL, 'Diverticular Disease', 'K57');
INSERT INTO
  `suggested_diagnosis` (
    `id`,
    `complaint_id`,
    `diagnosis_name`,
    `icd10_code`
  )
VALUES
  (214, NULL, 'Liver Disease (Other)', 'K76');
INSERT INTO
  `suggested_diagnosis` (
    `id`,
    `complaint_id`,
    `diagnosis_name`,
    `icd10_code`
  )
VALUES
  (215, NULL, 'Acute Pancreatitis', 'K85');
INSERT INTO
  `suggested_diagnosis` (
    `id`,
    `complaint_id`,
    `diagnosis_name`,
    `icd10_code`
  )
VALUES
  (216, NULL, 'Chronic Pancreatic Disease', 'K86');
INSERT INTO
  `suggested_diagnosis` (
    `id`,
    `complaint_id`,
    `diagnosis_name`,
    `icd10_code`
  )
VALUES
  (
    217,
    NULL,
    'Rheumatoid Arthritis with Factor',
    'M05'
  );
INSERT INTO
  `suggested_diagnosis` (
    `id`,
    `complaint_id`,
    `diagnosis_name`,
    `icd10_code`
  )
VALUES
  (218, NULL, 'Systemic Lupus Erythematosus', 'M32');
INSERT INTO
  `suggested_diagnosis` (
    `id`,
    `complaint_id`,
    `diagnosis_name`,
    `icd10_code`
  )
VALUES
  (219, NULL, 'Myalgia', 'M79.1');
INSERT INTO
  `suggested_diagnosis` (
    `id`,
    `complaint_id`,
    `diagnosis_name`,
    `icd10_code`
  )
VALUES
  (220, NULL, 'Osteoporosis with Fracture', 'M80');
INSERT INTO
  `suggested_diagnosis` (
    `id`,
    `complaint_id`,
    `diagnosis_name`,
    `icd10_code`
  )
VALUES
  (221, NULL, 'Osteoporosis without Fracture', 'M81');
INSERT INTO
  `suggested_diagnosis` (
    `id`,
    `complaint_id`,
    `diagnosis_name`,
    `icd10_code`
  )
VALUES
  (222, NULL, 'Acute Kidney Failure', 'N17');
INSERT INTO
  `suggested_diagnosis` (
    `id`,
    `complaint_id`,
    `diagnosis_name`,
    `icd10_code`
  )
VALUES
  (223, NULL, 'Renal Tubular Disorders', 'N25');
INSERT INTO
  `suggested_diagnosis` (
    `id`,
    `complaint_id`,
    `diagnosis_name`,
    `icd10_code`
  )
VALUES
  (224, NULL, 'Benign Mammary Dysplasia', 'N60');
INSERT INTO
  `suggested_diagnosis` (
    `id`,
    `complaint_id`,
    `diagnosis_name`,
    `icd10_code`
  )
VALUES
  (225, NULL, 'Menstrual Disorder', 'N92');
INSERT INTO
  `suggested_diagnosis` (
    `id`,
    `complaint_id`,
    `diagnosis_name`,
    `icd10_code`
  )
VALUES
  (226, NULL, 'Premature Rupture of Membranes', 'O42');
INSERT INTO
  `suggested_diagnosis` (
    `id`,
    `complaint_id`,
    `diagnosis_name`,
    `icd10_code`
  )
VALUES
  (227, NULL, 'Neonatal Jaundice', 'P59');
INSERT INTO
  `suggested_diagnosis` (
    `id`,
    `complaint_id`,
    `diagnosis_name`,
    `icd10_code`
  )
VALUES
  (228, NULL, 'spondylosis', NULL);

# ------------------------------------------------------------
# DATA DUMP FOR TABLE: suggested_tests
# ------------------------------------------------------------

INSERT INTO
  `suggested_tests` (`id`, `complaint_id`, `test_name`)
VALUES
  (1, 1, 'Chest X-ray');
INSERT INTO
  `suggested_tests` (`id`, `complaint_id`, `test_name`)
VALUES
  (2, 1, 'Sputum AFB');
INSERT INTO
  `suggested_tests` (`id`, `complaint_id`, `test_name`)
VALUES
  (3, 1, 'COVID-19 Test');
INSERT INTO
  `suggested_tests` (`id`, `complaint_id`, `test_name`)
VALUES
  (4, 2, 'Malaria Test');
INSERT INTO
  `suggested_tests` (`id`, `complaint_id`, `test_name`)
VALUES
  (5, 2, 'Full Blood Count');
INSERT INTO
  `suggested_tests` (`id`, `complaint_id`, `test_name`)
VALUES
  (6, 2, 'Urinalysis');
INSERT INTO
  `suggested_tests` (`id`, `complaint_id`, `test_name`)
VALUES
  (7, 3, 'Brain CT Scan');
INSERT INTO
  `suggested_tests` (`id`, `complaint_id`, `test_name`)
VALUES
  (8, 3, 'Blood Pressure');
INSERT INTO
  `suggested_tests` (`id`, `complaint_id`, `test_name`)
VALUES
  (9, 3, 'Eye Exam');
INSERT INTO
  `suggested_tests` (`id`, `complaint_id`, `test_name`)
VALUES
  (10, 4, 'Abdominal Ultrasound');
INSERT INTO
  `suggested_tests` (`id`, `complaint_id`, `test_name`)
VALUES
  (11, 4, 'Urine Test');
INSERT INTO
  `suggested_tests` (`id`, `complaint_id`, `test_name`)
VALUES
  (12, 4, 'Widal Test');
INSERT INTO
  `suggested_tests` (`id`, `complaint_id`, `test_name`)
VALUES
  (13, 5, 'ECG');
INSERT INTO
  `suggested_tests` (`id`, `complaint_id`, `test_name`)
VALUES
  (14, 5, 'Troponin Test');
INSERT INTO
  `suggested_tests` (`id`, `complaint_id`, `test_name`)
VALUES
  (15, 5, 'Chest X-ray');
INSERT INTO
  `suggested_tests` (`id`, `complaint_id`, `test_name`)
VALUES
  (16, 6, 'Pulse Oximetry');
INSERT INTO
  `suggested_tests` (`id`, `complaint_id`, `test_name`)
VALUES
  (17, 6, 'Chest X-ray');
INSERT INTO
  `suggested_tests` (`id`, `complaint_id`, `test_name`)
VALUES
  (18, 6, 'ABG');
INSERT INTO
  `suggested_tests` (`id`, `complaint_id`, `test_name`)
VALUES
  (19, 7, 'Electrolyte Panel');
INSERT INTO
  `suggested_tests` (`id`, `complaint_id`, `test_name`)
VALUES
  (20, 7, 'Liver Function Test');
INSERT INTO
  `suggested_tests` (`id`, `complaint_id`, `test_name`)
VALUES
  (21, 8, 'Stool MCS');
INSERT INTO
  `suggested_tests` (`id`, `complaint_id`, `test_name`)
VALUES
  (22, 8, 'Electrolyte Panel');
INSERT INTO
  `suggested_tests` (`id`, `complaint_id`, `test_name`)
VALUES
  (23, 8, 'Malaria Test');
INSERT INTO
  `suggested_tests` (`id`, `complaint_id`, `test_name`)
VALUES
  (24, 9, 'Spine X-ray');
INSERT INTO
  `suggested_tests` (`id`, `complaint_id`, `test_name`)
VALUES
  (25, 9, 'MRI');
INSERT INTO
  `suggested_tests` (`id`, `complaint_id`, `test_name`)
VALUES
  (26, 9, 'Urinalysis');
INSERT INTO
  `suggested_tests` (`id`, `complaint_id`, `test_name`)
VALUES
  (27, 10, 'Thyroid Function Test');
INSERT INTO
  `suggested_tests` (`id`, `complaint_id`, `test_name`)
VALUES
  (28, 10, 'FBC');
INSERT INTO
  `suggested_tests` (`id`, `complaint_id`, `test_name`)
VALUES
  (29, 10, 'Fasting Blood Sugar');

# ------------------------------------------------------------
# DATA DUMP FOR TABLE: wallet_transactions
# ------------------------------------------------------------


# ------------------------------------------------------------
# DATA DUMP FOR TABLE: wallets
# ------------------------------------------------------------


# ------------------------------------------------------------
# TRIGGER DUMP FOR: consultation_queue_monthly
# ------------------------------------------------------------

DROP TRIGGER IF EXISTS consultation_queue_monthly;
DELIMITER ;;
      
      -- Only count when status changes from 'waiting' to 'attended'
      IF OLD.status = 'waiting' AND NEW.status = 'attended' THEN
        SET current_month = LOWER(DATE_FORMAT(NOW(), '%b'));

        CASE
          WHEN current_month = 'jan' THEN
            UPDATE monthly_table_counters SET jan = jan + 1 WHERE table_name = 'consultations';
          WHEN current_month = 'feb' THEN
            UPDATE monthly_table_counters SET feb = feb + 1 WHERE table_name = 'consultations';
          WHEN current_month = 'mar' THEN
            UPDATE monthly_table_counters SET mar = mar + 1 WHERE table_name = 'consultations';
          WHEN current_month = 'apr' THEN
            UPDATE monthly_table_counters SET apr = apr + 1 WHERE table_name = 'consultations';
          WHEN current_month = 'may' THEN
            UPDATE monthly_table_counters SET may = may + 1 WHERE table_name = 'consultations';
          WHEN current_month = 'jun' THEN
            UPDATE monthly_table_counters SET jun = jun + 1 WHERE table_name = 'consultations';
          WHEN current_month = 'jul' THEN
            UPDATE monthly_table_counters SET jul = jul + 1 WHERE table_name = 'consultations';
          WHEN current_month = 'aug' THEN
            UPDATE monthly_table_counters SET aug = aug + 1 WHERE table_name = 'consultations';
          WHEN current_month = 'sep' THEN
            UPDATE monthly_table_counters SET sep = sep + 1 WHERE table_name = 'consultations';
          WHEN current_month = 'oct' THEN
            UPDATE monthly_table_counters SET oct = oct + 1 WHERE table_name = 'consultations';
          WHEN current_month = 'nov' THEN
            UPDATE monthly_table_counters SET nov = nov + 1 WHERE table_name = 'consultations';
          WHEN current_month = 'dec' THEN
            UPDATE monthly_table_counters SET decem = decem + 1 WHERE table_name = 'consultations';
        END CASE;
      END IF;
    END;;
DELIMITER ;

# ------------------------------------------------------------
# TRIGGER DUMP FOR: consultation_queue_counter
# ------------------------------------------------------------

DROP TRIGGER IF EXISTS consultation_queue_counter;
DELIMITER ;;
      
      -- Only count when status changes from 'waiting' to 'attended'
      IF OLD.status = 'waiting' AND NEW.status = 'attended' THEN
        SET current_month = DATE_FORMAT(NOW(), '%Y-%m');

        IF EXISTS (
          SELECT 1
          FROM counters
          WHERE table_name = 'consultations' AND month_year = current_month
        ) THEN
          UPDATE counters
          SET total_count = total_count + 1
          WHERE table_name = 'consultations' AND month_year = current_month;
        ELSE
          INSERT INTO counters (table_name, month_year, total_count)
          VALUES ('consultations', current_month, 1);
        END IF;
      END IF;
    END;;
DELIMITER ;

# ------------------------------------------------------------
# TRIGGER DUMP FOR: PT_after_insert
# ------------------------------------------------------------

DROP TRIGGER IF EXISTS PT_after_insert;
DELIMITER ;;
CREATE TRIGGER PT_after_insert 
AFTER INSERT ON patients 
FOR EACH ROW 
BEGIN
    DECLARE current_month VARCHAR(7);
    
    SET current_month = LOWER(DATE_FORMAT(NOW(), '%b'));

    CASE
        WHEN current_month = 'jan' THEN
            UPDATE monthly_table_counters SET jan = jan + 1 WHERE table_name = 'patients';
        WHEN current_month = 'feb' THEN
            UPDATE monthly_table_counters SET feb = feb + 1 WHERE table_name = 'patients';
        WHEN current_month = 'mar' THEN
            UPDATE monthly_table_counters SET mar = mar + 1 WHERE table_name = 'patients';
        WHEN current_month = 'apr' THEN
            UPDATE monthly_table_counters SET apr = apr + 1 WHERE table_name = 'patients';
        WHEN current_month = 'may' THEN
            UPDATE monthly_table_counters SET may = may + 1 WHERE table_name = 'patients';
        WHEN current_month = 'jun' THEN
            UPDATE monthly_table_counters SET jun = jun + 1 WHERE table_name = 'patients';
        WHEN current_month = 'jul' THEN
            UPDATE monthly_table_counters SET jul = jul + 1 WHERE table_name = 'patients';
        WHEN current_month = 'aug' THEN
            UPDATE monthly_table_counters SET aug = aug + 1 WHERE table_name = 'patients';
        WHEN current_month = 'sep' THEN
            UPDATE monthly_table_counters SET sep = sep + 1 WHERE table_name = 'patients';
        WHEN current_month = 'oct' THEN
            UPDATE monthly_table_counters SET oct = oct + 1 WHERE table_name = 'patients';
        WHEN current_month = 'nov' THEN
            UPDATE monthly_table_counters SET nov = nov + 1 WHERE table_name = 'patients';
        WHEN current_month = 'dec' THEN
            UPDATE monthly_table_counters SET decem = decem + 1 WHERE table_name = 'patients';
    END CASE;
END;;
DELIMITER ;

# ------------------------------------------------------------
# TRIGGER DUMP FOR: pt_counter
# ------------------------------------------------------------

DROP TRIGGER IF EXISTS pt_counter;
DELIMITER ;;
CREATE TRIGGER pt_counter 
AFTER INSERT ON patients 
FOR EACH ROW 
BEGIN
    DECLARE current_month VARCHAR(7);
    
    SET current_month = DATE_FORMAT(NOW(), '%Y-%m');

    IF EXISTS (
        SELECT 1
        FROM counters
        WHERE table_name = 'patients' AND month_year = current_month
    ) THEN
        UPDATE counters
        SET total_count = total_count + 1
        WHERE table_name = 'patients' AND month_year = current_month;
    ELSE
        INSERT INTO counters (table_name, month_year, total_count)
        VALUES ('patients', current_month, 1);
    END IF;
END;;
DELIMITER ;

# ------------------------------------------------------------
# TRIGGER DUMP FOR: tx_after_insert
# ------------------------------------------------------------

DROP TRIGGER IF EXISTS tx_after_insert;
DELIMITER ;;
    
    SET current_month = LOWER(DATE_FORMAT(NOW(), '%b'));

    CASE
        WHEN current_month = 'jan' THEN
            UPDATE monthly_table_counters SET jan = jan + 1 WHERE table_name = 'tx';
        WHEN current_month = 'feb' THEN
            UPDATE monthly_table_counters SET feb = feb + 1 WHERE table_name = 'tx';
        WHEN current_month = 'mar' THEN
            UPDATE monthly_table_counters SET mar = mar + 1 WHERE table_name = 'tx';
        WHEN current_month = 'apr' THEN
            UPDATE monthly_table_counters SET apr = apr + 1 WHERE table_name = 'tx';
        WHEN current_month = 'may' THEN
            UPDATE monthly_table_counters SET may = may + 1 WHERE table_name = 'tx';
        WHEN current_month = 'jun' THEN
            UPDATE monthly_table_counters SET jun = jun + 1 WHERE table_name = 'tx';
        WHEN current_month = 'jul' THEN
            UPDATE monthly_table_counters SET jul = jul + 1 WHERE table_name = 'tx';
        WHEN current_month = 'aug' THEN
            UPDATE monthly_table_counters SET aug = aug + 1 WHERE table_name = 'tx';
        WHEN current_month = 'sep' THEN
            UPDATE monthly_table_counters SET sep = sep + 1 WHERE table_name = 'tx';
        WHEN current_month = 'oct' THEN
            UPDATE monthly_table_counters SET oct = oct + 1 WHERE table_name = 'tx';
        WHEN current_month = 'nov' THEN
            UPDATE monthly_table_counters SET nov = nov + 1 WHERE table_name = 'tx';
        WHEN current_month = 'dec' THEN
            UPDATE monthly_table_counters SET decem = decem + 1 WHERE table_name = 'tx';
    END CASE;
END;;
DELIMITER ;

# ------------------------------------------------------------
# TRIGGER DUMP FOR: tx_counter
# ------------------------------------------------------------

DROP TRIGGER IF EXISTS tx_counter;
DELIMITER ;;
    
    SET current_month = DATE_FORMAT(NOW(), '%Y-%m');

    IF EXISTS (
        SELECT 1
        FROM counters
        WHERE table_name = 'tx' AND month_year = current_month
    ) THEN
        UPDATE counters
        SET total_count = total_count + 1
        WHERE table_name = 'tx' AND month_year = current_month;
    ELSE
        INSERT INTO counters (table_name, month_year, total_count)
        VALUES ('tx', current_month, 1);
    END IF;
END;;
DELIMITER ;

